{"id":28717,"date":"2022-05-10T15:07:54","date_gmt":"2022-05-10T18:07:54","guid":{"rendered":"https:\/\/www.editorasolucao.com.br\/blog\/?post_type=concurso&#038;p=28717"},"modified":"2022-05-10T15:12:56","modified_gmt":"2022-05-10T18:12:56","slug":"camara-de-campo-belo-mg","status":"publish","type":"concurso","link":"https:\/\/www.editorasolucao.com.br\/blog\/concurso\/camara-de-campo-belo-mg","title":{"rendered":"Concurso C\u00e2mara de Campo Belo &#8211; MG: Saiu o edital para todos os n\u00edveis!"},"content":{"rendered":"\n<p>Aten\u00e7\u00e3o concurseiros! Saiu o edital do <strong>concurso C\u00e2mara de Campo Belo<\/strong>, no Estado de Minas Gerais, com a oferta de nada menos que <strong>17 vagas imediatas <\/strong>e sal\u00e1rios que podem chegar a <strong>R$ 5,4 mil<\/strong>. <\/p>\n\n\n\n<p>As oportunidades s\u00e3o para candidatos de <strong>todos os n\u00edveis<\/strong> de escolaridade.<\/p>\n\n\n\n<ul><li><a href=\"#inscri\u00e7\u00e3o\">Inscri\u00e7\u00e3o<\/a><\/li><li><a href=\"#cargos-vagas\">Cargos e vagas<\/a><ul><li><a href=\"#requisitos\">Requisitos<\/a><\/li><li><a href=\"#remunera\u00e7\u00e3o\">Remunera\u00e7\u00e3o<\/a><\/li><\/ul><\/li><li><a href=\"#provas\">Provas<\/a><\/li><\/ul>\n\n\n\n<div id=\"ez-toc-container\" class=\"ez-toc-v2_0_69_1 counter-hierarchy ez-toc-counter ez-toc-grey ez-toc-container-direction\">\n<div class=\"ez-toc-title-container\">\n<p class=\"ez-toc-title \" >Menu de navega&ccedil;&atilde;o<\/p>\n<span class=\"ez-toc-title-toggle\"><a href=\"#\" class=\"ez-toc-pull-right ez-toc-btn ez-toc-btn-xs ez-toc-btn-default ez-toc-toggle\" aria-label=\"Toggle Table of Content\"><span class=\"ez-toc-js-icon-con\"><span class=\"\"><span class=\"eztoc-hide\" style=\"display:none;\">Toggle<\/span><span class=\"ez-toc-icon-toggle-span\"><svg style=\"fill: #999;color:#999\" xmlns=\"http:\/\/www.w3.org\/2000\/svg\" class=\"list-377408\" width=\"20px\" height=\"20px\" viewBox=\"0 0 24 24\" fill=\"none\"><path d=\"M6 6H4v2h2V6zm14 0H8v2h12V6zM4 11h2v2H4v-2zm16 0H8v2h12v-2zM4 16h2v2H4v-2zm16 0H8v2h12v-2z\" fill=\"currentColor\"><\/path><\/svg><svg style=\"fill: #999;color:#999\" class=\"arrow-unsorted-368013\" xmlns=\"http:\/\/www.w3.org\/2000\/svg\" width=\"10px\" height=\"10px\" viewBox=\"0 0 24 24\" version=\"1.2\" baseProfile=\"tiny\"><path d=\"M18.2 9.3l-6.2-6.3-6.2 6.3c-.2.2-.3.4-.3.7s.1.5.3.7c.2.2.4.3.7.3h11c.3 0 .5-.1.7-.3.2-.2.3-.5.3-.7s-.1-.5-.3-.7zM5.8 14.7l6.2 6.3 6.2-6.3c.2-.2.3-.5.3-.7s-.1-.5-.3-.7c-.2-.2-.4-.3-.7-.3h-11c-.3 0-.5.1-.7.3-.2.2-.3.5-.3.7s.1.5.3.7z\"\/><\/svg><\/span><\/span><\/span><\/a><\/span><\/div>\n<nav><ul class='ez-toc-list ez-toc-list-level-1 ' ><li class='ez-toc-page-1 ez-toc-heading-level-2'><a class=\"ez-toc-link ez-toc-heading-1\" href=\"https:\/\/www.editorasolucao.com.br\/blog\/concurso\/camara-de-campo-belo-mg\/#Concurso_Camara_de_Campo_Belo-MG_como_fazer_a_inscricao\" title=\"Concurso C\u00e2mara  de Campo Belo-MG: como fazer a inscri\u00e7\u00e3o?\">Concurso C\u00e2mara  de Campo Belo-MG: como fazer a inscri\u00e7\u00e3o?<\/a><\/li><li class='ez-toc-page-1 ez-toc-heading-level-2'><a class=\"ez-toc-link ez-toc-heading-2\" href=\"https:\/\/www.editorasolucao.com.br\/blog\/concurso\/camara-de-campo-belo-mg\/#Concurso_Camara_de_Campo_Belo_cargos_e_vagas\" title=\"Concurso C\u00e2mara de Campo Belo: cargos e vagas\">Concurso C\u00e2mara de Campo Belo: cargos e vagas<\/a><\/li><li class='ez-toc-page-1 ez-toc-heading-level-2'><a class=\"ez-toc-link ez-toc-heading-3\" href=\"https:\/\/www.editorasolucao.com.br\/blog\/concurso\/camara-de-campo-belo-mg\/#Como_serao_as_provas_do_concurso_Camara_de_Campo_Belo-MG\" title=\"Como ser\u00e3o as provas do concurso C\u00e2mara de Campo Belo-MG?\">Como ser\u00e3o as provas do concurso C\u00e2mara de Campo Belo-MG?<\/a><\/li><\/ul><\/nav><\/div>\n<h2 class=\"wp-block-heading\" id=\"inscri\u00e7\u00e3o\"><span class=\"ez-toc-section\" id=\"Concurso_Camara_de_Campo_Belo-MG_como_fazer_a_inscricao\"><\/span>Concurso C\u00e2mara  de Campo Belo-MG: como fazer a inscri\u00e7\u00e3o?<span class=\"ez-toc-section-end\"><\/span><\/h2>\n\n\n\n<p>Os interessados no concurso C\u00e2mara de Campo Belo, em <a href=\"https:\/\/www.editorasolucao.com.br\/blog\/concursos-abertos-mg\">Minas Gerais<\/a>, poder\u00e3o se inscrever<strong> <\/strong>a partir das 8h do dia 04 de julho at\u00e9 \u00e0s 22h do dia 03 de agosto de 2022.<\/p>\n\n\n\n<p>Para isso, ser\u00e1 necess\u00e1rio acessar o site da banca organizadora, <a href=\"https:\/\/www.concursosjcm.com.br\/informacoes\/169\/\" target=\"_blank\" rel=\"noreferrer noopener\">JCM Concursos<\/a>, e preencher os dados cadastrais.<\/p>\n\n\n\n<p>Ap\u00f3s esse processo, o inscrito ainda dever\u00e1 pagar uma <strong>taxa<\/strong>, a fim de efetivar sua participa\u00e7\u00e3o no certame, que poder\u00e1 ter os seguintes valores <strong>de acordo com a escolaridade<\/strong>, sendo de <strong>R$ 60,00 a R$ 140,00<\/strong>.<\/p>\n\n\n\n<p>Haver\u00e1 ainda a possibilidade de solicitar a<strong> isen\u00e7\u00e3o de taxa<\/strong> entre os dias <strong>04 e 06 de julho de 2022<\/strong> para os candidatos de baixa renda, desempregado ou n\u00e3o, que seja capaz de comprovar insufici\u00eancia de recursos, em raz\u00e3o de limita\u00e7\u00f5es de ordem financeira.<\/p>\n\n\n\n<h2 class=\"wp-block-heading\" id=\"cargos-vagas\"><span class=\"ez-toc-section\" id=\"Concurso_Camara_de_Campo_Belo_cargos_e_vagas\"><\/span>Concurso C\u00e2mara de Campo Belo: cargos e vagas<span class=\"ez-toc-section-end\"><\/span><\/h2>\n\n\n\n<p>O concurso de Campo Belo em <a href=\"https:\/\/www.editorasolucao.com.br\/blog\/concursos-previstos-mg\">Minas Gerais<\/a> tem a oferta de <strong>17 vagas imediatas<\/strong> para carreiras de n\u00edvel fundamental, m\u00e9dio e superior. As oportunidades est\u00e3o distribu\u00eddas da seguinte forma:<\/p>\n\n\n\n<p>Assessor de Imprensa (2); Assistente Social (2); <a href=\"https:\/\/www.editorasolucao.com.br\/apostila\/camara-campo-belo-mg-auxiliar-administrativo\">Auxiliar Administrativo<\/a> (1); Auxiliar de Contabilidade (1); <a href=\"https:\/\/www.editorasolucao.com.br\/apostila\/camara-campo-belo-mg-auxiliar-secretaria\">Auxiliar de Secretaria<\/a> (1); Auxiliar de Servi\u00e7os Gerais (2); Contador (1); Motorista (1); Office Boy\/Girl (1); Procurador Jur\u00eddico (3); Recepcionista (1); e Secret\u00e1rio Executivo (1).<\/p>\n\n\n\n<h3 class=\"wp-block-heading\" id=\"requisitos\">Requisitos b\u00e1sicos para investidura nos cargos<\/h3>\n\n\n\n<p>Al\u00e9m da <strong>escolaridade<\/strong>, a C\u00e2mara de Campo Belo requer que seus candidatos cumpram alguns <strong>outros requisitos<\/strong>, conforme disposto no edital:<\/p>\n\n\n\n<ul><li>Ser brasileiro nato ou naturalizado e, em caso de nacionalidade portuguesa, estar amparado pela reciprocidade de direitos advinda da legisla\u00e7\u00e3o espec\u00edfica;<\/li><li>Ter sido aprovado e classificado no concurso, na forma estabelecida neste Edital;<\/li><li>Estar em dia com as obriga\u00e7\u00f5es eleitorais, apresentando documento comprobat\u00f3rio;<\/li><li>Estar em dia com as obriga\u00e7\u00f5es militares, em caso de candidato brasileiro, se do sexo masculino, apresentando documento comprobat\u00f3rio;<\/li><li>Ter a idade m\u00ednima de 18 (dezoito) anos, na data da admiss\u00e3o, apresentando documento comprobat\u00f3rio;<\/li><li>Possuir, no ato da posse, os requisitos para o cargo;<\/li><li>Condi\u00e7\u00f5es de sa\u00fade f\u00edsica e mental, compat\u00edveis com o cargo, de acordo com pr\u00e9via inspe\u00e7\u00e3o m\u00e9dica oficial.<\/li><\/ul>\n\n\n\n<h3 class=\"wp-block-heading\" id=\"remunera\u00e7\u00e3o\">Remunera\u00e7\u00f5es e benef\u00edcios<\/h3>\n\n\n\n<p>Os contratados do concurso ter\u00e3o sal\u00e1rios que variam entre <strong>R$ 1.212,00 e R$ 5.400,00<\/strong>, para jornadas de 30 horas semanais, conforme o edital.<\/p>\n\n\n\n<h2 class=\"wp-block-heading\" id=\"provas\"><span class=\"ez-toc-section\" id=\"Como_serao_as_provas_do_concurso_Camara_de_Campo_Belo-MG\"><\/span>Como ser\u00e3o as provas do concurso C\u00e2mara de Campo Belo-MG?<span class=\"ez-toc-section-end\"><\/span><\/h2>\n\n\n\n<p>O concurso ser\u00e1 composto pelas seguintes <strong>etapas avaliativas<\/strong>, conforme o edital:<\/p>\n\n\n\n<ul><li><strong>Prova Escrita Objetiva<\/strong>, de car\u00e1ter eliminat\u00f3rio e classificat\u00f3rio, da qual participar\u00e3o todos os candidatos inscritos no Concurso P\u00fablico;<\/li><li><strong>Prova de T\u00edtulos<\/strong>, de car\u00e1ter unicamente classificat\u00f3rio, para os cargos de Assessor de Imprensa, Assistente Social, Contador, Procurador Jur\u00eddico e Secret\u00e1rio Executivo.<\/li><\/ul>\n\n\n\n<h3 class=\"wp-block-heading\">Prova Objetiva<\/h3>\n\n\n\n<p>A prova Objetiva est\u00e1 prevista para acontecer no dia<strong> 04 de setembro de 2022<\/strong>. Vale lembrar que os locais de realiza\u00e7\u00e3o das avalia\u00e7\u00f5es estar\u00e3o dispon\u00edveis em data oportuna.<\/p>\n\n\n\n<p>As provas, portanto, compostas por quest\u00f5es de m\u00faltipla escolha constar\u00e3o de <strong>mat\u00e9rias e itens <\/strong>diferentes conforme a escolaridade do cargo concorrido. Por isso, confira as informa\u00e7\u00f5es abaixo:<\/p>\n\n\n\n<ul><li><strong>N\u00edvel fundamental:<\/strong><ul><li>Conhecimentos Espec\u00edficos &#8211; 10 quest\u00f5es<\/li><li>L\u00edngua Portuguesa &#8211; 20 quest\u00f5es<\/li><\/ul><\/li><li><strong>N\u00edvel M\u00e9dio:<\/strong><ul><li>Conhecimentos Espec\u00edficos &#8211; 10 quest\u00f5es<\/li><li>L\u00edngua Portuguesa &#8211; 15 quest\u00f5es<\/li><li>Conhecimentos Gerais e Legisla\u00e7\u00e3o Municipal &#8211; 15 quest\u00f5es<\/li><\/ul><\/li><li><strong>N\u00edvel Superior:<\/strong><ul><li>Conhecimentos Espec\u00edficos &#8211; 10 quest\u00f5es<\/li><\/ul><ul><li>L\u00edngua Portuguesa &#8211; 15 quest\u00f5es<\/li><li>Conhecimentos Gerais e Legisla\u00e7\u00e3o Municipal &#8211; 15 quest\u00f5es<\/li><\/ul><\/li><\/ul>\n\n\n\n<p>Ser\u00e1 <strong>aprovado <\/strong>o candidato que obtiver a nota igual ou superior a 50 pontos, em um total de 100 pontos.<\/p>\n\n\n\n<h3 class=\"wp-block-heading\">Prova de T\u00edtulos<\/h3>\n\n\n\n<p>Por fim, a <strong>Prova de T\u00edtulos<\/strong>, de car\u00e1ter classificat\u00f3rio, ser\u00e1 analisada apenas aos candidatos que alcan\u00e7arem o m\u00ednimo de 50% dos pontos.<\/p>\n\n\n\n<p>Os t\u00edtulos dever\u00e3o ser protocolados atrav\u00e9s de fotoc\u00f3pias, no per\u00edodo de 08 de agosto a 05 de setembro de 2022.<\/p>\n","protected":false},"excerpt":{"rendered":"<p>Aten\u00e7\u00e3o concurseiros! Saiu o edital do concurso C\u00e2mara de Campo Belo, no Estado de Minas Gerais, com a oferta de nada menos que 17 vagas imediatas e sal\u00e1rios que podem chegar a R$ 5,4 mil. As oportunidades s\u00e3o para candidatos de todos os n\u00edveis de escolaridade. Inscri\u00e7\u00e3o Cargos e vagas Requisitos Remunera\u00e7\u00e3o Provas Concurso C\u00e2mara de Campo Belo-MG: como fazer a inscri\u00e7\u00e3o? Os interessados no concurso C\u00e2mara de Campo Belo, em Minas Gerais, poder\u00e3o se inscrever a partir das 8h do dia 04 de julho at\u00e9 \u00e0s 22h do dia 03 de agosto de 2022. Para isso, ser\u00e1 necess\u00e1rio acessar&#8230;<\/p>\n","protected":false},"author":3,"featured_media":28648,"template":"","meta":{"_acf_changed":false,"rank_math_lock_modified_date":false},"categories":[],"tags":[],"acf":[],"_links":{"self":[{"href":"https:\/\/www.editorasolucao.com.br\/blog\/wp-json\/wp\/v2\/concurso\/28717"}],"collection":[{"href":"https:\/\/www.editorasolucao.com.br\/blog\/wp-json\/wp\/v2\/concurso"}],"about":[{"href":"https:\/\/www.editorasolucao.com.br\/blog\/wp-json\/wp\/v2\/types\/concurso"}],"author":[{"embeddable":true,"href":"https:\/\/www.editorasolucao.com.br\/blog\/wp-json\/wp\/v2\/users\/3"}],"wp:featuredmedia":[{"embeddable":true,"href":"https:\/\/www.editorasolucao.com.br\/blog\/wp-json\/wp\/v2\/media\/28648"}],"wp:attachment":[{"href":"https:\/\/www.editorasolucao.com.br\/blog\/wp-json\/wp\/v2\/media?parent=28717"}],"wp:term":[{"taxonomy":"category","embeddable":true,"href":"https:\/\/www.editorasolucao.com.br\/blog\/wp-json\/wp\/v2\/categories?post=28717"},{"taxonomy":"post_tag","embeddable":true,"href":"https:\/\/www.editorasolucao.com.br\/blog\/wp-json\/wp\/v2\/tags?post=28717"}],"curies":[{"name":"wp","href":"https:\/\/api.w.org\/{rel}","templated":true}]}}

Concurso Câmara de Campo Belo &#8211; MG: Saiu o edital para todos os níveis!

<p>Atenção concurseiros! Saiu o edital do <strong>concurso Câmara de Campo Belo</strong>, no Estado de Minas Gerais, com a oferta de nada menos que <strong>17 vagas imediatas </strong>e salários que podem chegar a <strong>R$ 5,4 mil</strong>. </p>



<p>As oportunidades são para candidatos de <strong>todos os níveis</strong> de escolaridade.</p>



<ul><li><a href="#inscrição">Inscrição</a></li><li><a href="#cargos-vagas">Cargos e vagas</a><ul><li><a href="#requisitos">Requisitos</a></li><li><a href="#remuneração">Remuneração</a></li></ul></li><li><a href="#provas">Provas</a></li></ul>



<div id="ez-toc-container" class="ez-toc-v2_0_69_1 counter-hierarchy ez-toc-counter ez-toc-grey ez-toc-container-direction">
<div class="ez-toc-title-container">
<p class="ez-toc-title " >Menu de navega&ccedil;&atilde;o</p>
<span class="ez-toc-title-toggle"><a href="#" class="ez-toc-pull-right ez-toc-btn ez-toc-btn-xs ez-toc-btn-default ez-toc-toggle" aria-label="Toggle Table of Content"><span class="ez-toc-js-icon-con"><span class=""><span class="eztoc-hide" style="display:none;">Toggle</span><span class="ez-toc-icon-toggle-span"><svg style="fill: #999;color:#999" xmlns="http://www.w3.org/2000/svg" class="list-377408" width="20px" height="20px" viewBox="0 0 24 24" fill="none"><path d="M6 6H4v2h2V6zm14 0H8v2h12V6zM4 11h2v2H4v-2zm16 0H8v2h12v-2zM4 16h2v2H4v-2zm16 0H8v2h12v-2z" fill="currentColor"></path></svg><svg style="fill: #999;color:#999" class="arrow-unsorted-368013" xmlns="http://www.w3.org/2000/svg" width="10px" height="10px" viewBox="0 0 24 24" version="1.2" baseProfile="tiny"><path d="M18.2 9.3l-6.2-6.3-6.2 6.3c-.2.2-.3.4-.3.7s.1.5.3.7c.2.2.4.3.7.3h11c.3 0 .5-.1.7-.3.2-.2.3-.5.3-.7s-.1-.5-.3-.7zM5.8 14.7l6.2 6.3 6.2-6.3c.2-.2.3-.5.3-.7s-.1-.5-.3-.7c-.2-.2-.4-.3-.7-.3h-11c-.3 0-.5.1-.7.3-.2.2-.3.5-.3.7s.1.5.3.7z"/></svg></span></span></span></a></span></div>
<nav><ul class='ez-toc-list ez-toc-list-level-1 ' ><li class='ez-toc-page-1 ez-toc-heading-level-2'><a class="ez-toc-link ez-toc-heading-1" href="https://www.editorasolucao.com.br/blog/concurso/camara-de-campo-belo-mg/#Concurso_Camara_de_Campo_Belo-MG_como_fazer_a_inscricao" title="Concurso Câmara  de Campo Belo-MG: como fazer a inscrição?">Concurso Câmara  de Campo Belo-MG: como fazer a inscrição?</a></li><li class='ez-toc-page-1 ez-toc-heading-level-2'><a class="ez-toc-link ez-toc-heading-2" href="https://www.editorasolucao.com.br/blog/concurso/camara-de-campo-belo-mg/#Concurso_Camara_de_Campo_Belo_cargos_e_vagas" title="Concurso Câmara de Campo Belo: cargos e vagas">Concurso Câmara de Campo Belo: cargos e vagas</a></li><li class='ez-toc-page-1 ez-toc-heading-level-2'><a class="ez-toc-link ez-toc-heading-3" href="https://www.editorasolucao.com.br/blog/concurso/camara-de-campo-belo-mg/#Como_serao_as_provas_do_concurso_Camara_de_Campo_Belo-MG" title="Como serão as provas do concurso Câmara de Campo Belo-MG?">Como serão as provas do concurso Câmara de Campo Belo-MG?</a></li></ul></nav></div>
<h2 class="wp-block-heading" id="inscrição"><span class="ez-toc-section" id="Concurso_Camara_de_Campo_Belo-MG_como_fazer_a_inscricao"></span>Concurso Câmara  de Campo Belo-MG: como fazer a inscrição?<span class="ez-toc-section-end"></span></h2>



<p>Os interessados no concurso Câmara de Campo Belo, em <a href="https://www.editorasolucao.com.br/blog/concursos-abertos-mg">Minas Gerais</a>, poderão se inscrever<strong> </strong>a partir das 8h do dia 04 de julho até às 22h do dia 03 de agosto de 2022.</p>



<p>Para isso, será necessário acessar o site da banca organizadora, <a href="https://www.concursosjcm.com.br/informacoes/169/" target="_blank" rel="noreferrer noopener">JCM Concursos</a>, e preencher os dados cadastrais.</p>



<p>Após esse processo, o inscrito ainda deverá pagar uma <strong>taxa</strong>, a fim de efetivar sua participação no certame, que poderá ter os seguintes valores <strong>de acordo com a escolaridade</strong>, sendo de <strong>R$ 60,00 a R$ 140,00</strong>.</p>



<p>Haverá ainda a possibilidade de solicitar a<strong> isenção de taxa</strong> entre os dias <strong>04 e 06 de julho de 2022</strong> para os candidatos de baixa renda, desempregado ou não, que seja capaz de comprovar insuficiência de recursos, em razão de limitações de ordem financeira.</p>



<h2 class="wp-block-heading" id="cargos-vagas"><span class="ez-toc-section" id="Concurso_Camara_de_Campo_Belo_cargos_e_vagas"></span>Concurso Câmara de Campo Belo: cargos e vagas<span class="ez-toc-section-end"></span></h2>



<p>O concurso de Campo Belo em <a href="https://www.editorasolucao.com.br/blog/concursos-previstos-mg">Minas Gerais</a> tem a oferta de <strong>17 vagas imediatas</strong> para carreiras de nível fundamental, médio e superior. As oportunidades estão distribuídas da seguinte forma:</p>



<p>Assessor de Imprensa (2); Assistente Social (2); <a href="https://www.editorasolucao.com.br/apostila/camara-campo-belo-mg-auxiliar-administrativo">Auxiliar Administrativo</a> (1); Auxiliar de Contabilidade (1); <a href="https://www.editorasolucao.com.br/apostila/camara-campo-belo-mg-auxiliar-secretaria">Auxiliar de Secretaria</a> (1); Auxiliar de Serviços Gerais (2); Contador (1); Motorista (1); Office Boy/Girl (1); Procurador Jurídico (3); Recepcionista (1); e Secretário Executivo (1).</p>



<h3 class="wp-block-heading" id="requisitos">Requisitos básicos para investidura nos cargos</h3>



<p>Além da <strong>escolaridade</strong>, a Câmara de Campo Belo requer que seus candidatos cumpram alguns <strong>outros requisitos</strong>, conforme disposto no edital:</p>



<ul><li>Ser brasileiro nato ou naturalizado e, em caso de nacionalidade portuguesa, estar amparado pela reciprocidade de direitos advinda da legislação específica;</li><li>Ter sido aprovado e classificado no concurso, na forma estabelecida neste Edital;</li><li>Estar em dia com as obrigações eleitorais, apresentando documento comprobatório;</li><li>Estar em dia com as obrigações militares, em caso de candidato brasileiro, se do sexo masculino, apresentando documento comprobatório;</li><li>Ter a idade mínima de 18 (dezoito) anos, na data da admissão, apresentando documento comprobatório;</li><li>Possuir, no ato da posse, os requisitos para o cargo;</li><li>Condições de saúde física e mental, compatíveis com o cargo, de acordo com prévia inspeção médica oficial.</li></ul>



<h3 class="wp-block-heading" id="remuneração">Remunerações e benefícios</h3>



<p>Os contratados do concurso terão salários que variam entre <strong>R$ 1.212,00 e R$ 5.400,00</strong>, para jornadas de 30 horas semanais, conforme o edital.</p>



<h2 class="wp-block-heading" id="provas"><span class="ez-toc-section" id="Como_serao_as_provas_do_concurso_Camara_de_Campo_Belo-MG"></span>Como serão as provas do concurso Câmara de Campo Belo-MG?<span class="ez-toc-section-end"></span></h2>



<p>O concurso será composto pelas seguintes <strong>etapas avaliativas</strong>, conforme o edital:</p>



<ul><li><strong>Prova Escrita Objetiva</strong>, de caráter eliminatório e classificatório, da qual participarão todos os candidatos inscritos no Concurso Público;</li><li><strong>Prova de Títulos</strong>, de caráter unicamente classificatório, para os cargos de Assessor de Imprensa, Assistente Social, Contador, Procurador Jurídico e Secretário Executivo.</li></ul>



<h3 class="wp-block-heading">Prova Objetiva</h3>



<p>A prova Objetiva está prevista para acontecer no dia<strong> 04 de setembro de 2022</strong>. Vale lembrar que os locais de realização das avaliações estarão disponíveis em data oportuna.</p>



<p>As provas, portanto, compostas por questões de múltipla escolha constarão de <strong>matérias e itens </strong>diferentes conforme a escolaridade do cargo concorrido. Por isso, confira as informações abaixo:</p>



<ul><li><strong>Nível fundamental:</strong><ul><li>Conhecimentos Específicos &#8211; 10 questões</li><li>Língua Portuguesa &#8211; 20 questões</li></ul></li><li><strong>Nível Médio:</strong><ul><li>Conhecimentos Específicos &#8211; 10 questões</li><li>Língua Portuguesa &#8211; 15 questões</li><li>Conhecimentos Gerais e Legislação Municipal &#8211; 15 questões</li></ul></li><li><strong>Nível Superior:</strong><ul><li>Conhecimentos Específicos &#8211; 10 questões</li></ul><ul><li>Língua Portuguesa &#8211; 15 questões</li><li>Conhecimentos Gerais e Legislação Municipal &#8211; 15 questões</li></ul></li></ul>



<p>Será <strong>aprovado </strong>o candidato que obtiver a nota igual ou superior a 50 pontos, em um total de 100 pontos.</p>



<h3 class="wp-block-heading">Prova de Títulos</h3>



<p>Por fim, a <strong>Prova de Títulos</strong>, de caráter classificatório, será analisada apenas aos candidatos que alcançarem o mínimo de 50% dos pontos.</p>



<p>Os títulos deverão ser protocolados através de fotocópias, no período de 08 de agosto a 05 de setembro de 2022.</p>

<p>Atenção concurseiros! Saiu o edital do concurso Câmara de Campo Belo, no Estado de Minas Gerais, com a oferta de nada menos que 17 vagas imediatas e salários que podem chegar a R$ 5,4 mil. As oportunidades são para candidatos de todos os níveis de escolaridade. Inscrição Cargos e vagas Requisitos Remuneração Provas Concurso Câmara de Campo Belo-MG: como fazer a inscrição? Os interessados no concurso Câmara de Campo Belo, em Minas Gerais, poderão se inscrever a partir das 8h do dia 04 de julho até às 22h do dia 03 de agosto de 2022. Para isso, será necessário acessar&#8230;</p>
