{"id":31715,"date":"2022-10-18T17:42:10","date_gmt":"2022-10-18T20:42:10","guid":{"rendered":"https:\/\/www.editorasolucao.com.br\/blog\/?post_type=concurso&#038;p=31715"},"modified":"2022-10-19T15:02:41","modified_gmt":"2022-10-19T18:02:41","slug":"prefeitura-de-luziania-go","status":"publish","type":"concurso","link":"https:\/\/www.editorasolucao.com.br\/blog\/concurso\/prefeitura-de-luziania-go","title":{"rendered":"Concurso Prefeitura de Luzi\u00e2nia-GO: Edital publicado para Educa\u00e7\u00e3o. 1.926 vagas!"},"content":{"rendered":"\n<p>A <strong>Prefeitura de Luzi\u00e2nia<\/strong>, em <a href=\"https:\/\/www.editorasolucao.com.br\/blog\/concursos-abertos-go\">Goi\u00e1s<\/a>, publicou edital com <strong>1.926 vagas<\/strong> para profissionais na \u00e1rea da Educa\u00e7\u00e3o. A remunera\u00e7\u00e3o \u00e9 de<strong> R$ 3.845,63<\/strong>! Confira!<\/p>\n\n\n\n<ul><li><a href=\"#inscri\u00e7\u00f5es\">Inscri\u00e7\u00f5es<\/a><\/li><li><a href=\"#cargo\">Cargo, vagas e remunera\u00e7\u00e3o<\/a><\/li><li><a href=\"#requisitos\">Requisitos<\/a><\/li><li><a href=\"#etapas\">Etapas<\/a><\/li><\/ul>\n\n\n\n<div id=\"ez-toc-container\" class=\"ez-toc-v2_0_69_1 counter-hierarchy ez-toc-counter ez-toc-grey ez-toc-container-direction\">\n<div class=\"ez-toc-title-container\">\n<p class=\"ez-toc-title \" >Menu de navega&ccedil;&atilde;o<\/p>\n<span class=\"ez-toc-title-toggle\"><a href=\"#\" class=\"ez-toc-pull-right ez-toc-btn ez-toc-btn-xs ez-toc-btn-default ez-toc-toggle\" aria-label=\"Toggle Table of Content\"><span class=\"ez-toc-js-icon-con\"><span class=\"\"><span class=\"eztoc-hide\" style=\"display:none;\">Toggle<\/span><span class=\"ez-toc-icon-toggle-span\"><svg style=\"fill: #999;color:#999\" xmlns=\"http:\/\/www.w3.org\/2000\/svg\" class=\"list-377408\" width=\"20px\" height=\"20px\" viewBox=\"0 0 24 24\" fill=\"none\"><path d=\"M6 6H4v2h2V6zm14 0H8v2h12V6zM4 11h2v2H4v-2zm16 0H8v2h12v-2zM4 16h2v2H4v-2zm16 0H8v2h12v-2z\" fill=\"currentColor\"><\/path><\/svg><svg style=\"fill: #999;color:#999\" class=\"arrow-unsorted-368013\" xmlns=\"http:\/\/www.w3.org\/2000\/svg\" width=\"10px\" height=\"10px\" viewBox=\"0 0 24 24\" version=\"1.2\" baseProfile=\"tiny\"><path d=\"M18.2 9.3l-6.2-6.3-6.2 6.3c-.2.2-.3.4-.3.7s.1.5.3.7c.2.2.4.3.7.3h11c.3 0 .5-.1.7-.3.2-.2.3-.5.3-.7s-.1-.5-.3-.7zM5.8 14.7l6.2 6.3 6.2-6.3c.2-.2.3-.5.3-.7s-.1-.5-.3-.7c-.2-.2-.4-.3-.7-.3h-11c-.3 0-.5.1-.7.3-.2.2-.3.5-.3.7s.1.5.3.7z\"\/><\/svg><\/span><\/span><\/span><\/a><\/span><\/div>\n<nav><ul class='ez-toc-list ez-toc-list-level-1 ' ><li class='ez-toc-page-1 ez-toc-heading-level-2'><a class=\"ez-toc-link ez-toc-heading-1\" href=\"https:\/\/www.editorasolucao.com.br\/blog\/concurso\/prefeitura-de-luziania-go\/#Como_fazer_as_inscricoes_para_o_Concurso_Prefeitura_de_Luziania-GO\" title=\"Como fazer as inscri\u00e7\u00f5es para o Concurso Prefeitura de Luzi\u00e2nia-GO?\">Como fazer as inscri\u00e7\u00f5es para o Concurso Prefeitura de Luzi\u00e2nia-GO?<\/a><\/li><li class='ez-toc-page-1 ez-toc-heading-level-2'><a class=\"ez-toc-link ez-toc-heading-2\" href=\"https:\/\/www.editorasolucao.com.br\/blog\/concurso\/prefeitura-de-luziania-go\/#Cargo_vagas_e_remuneracao\" title=\"Cargo, vagas e remunera\u00e7\u00e3o\">Cargo, vagas e remunera\u00e7\u00e3o<\/a><\/li><li class='ez-toc-page-1 ez-toc-heading-level-2'><a class=\"ez-toc-link ez-toc-heading-3\" href=\"https:\/\/www.editorasolucao.com.br\/blog\/concurso\/prefeitura-de-luziania-go\/#Requisitos_para_a_investidura_no_cargo\" title=\"Requisitos para a investidura no cargo\">Requisitos para a investidura no cargo<\/a><\/li><li class='ez-toc-page-1 ez-toc-heading-level-2'><a class=\"ez-toc-link ez-toc-heading-4\" href=\"https:\/\/www.editorasolucao.com.br\/blog\/concurso\/prefeitura-de-luziania-go\/#Como_serao_as_etapas_do_Concurso_Prefeitura_de_Luziania-GO\" title=\"Como ser\u00e3o as etapas do Concurso Prefeitura de Luzi\u00e2nia-GO?\">Como ser\u00e3o as etapas do Concurso Prefeitura de Luzi\u00e2nia-GO?<\/a><\/li><\/ul><\/nav><\/div>\n<h2 class=\"wp-block-heading\" id=\"inscri\u00e7\u00f5es\"><span class=\"ez-toc-section\" id=\"Como_fazer_as_inscricoes_para_o_Concurso_Prefeitura_de_Luziania-GO\"><\/span>Como fazer as inscri\u00e7\u00f5es para o Concurso Prefeitura de Luzi\u00e2nia-GO?<span class=\"ez-toc-section-end\"><\/span><\/h2>\n\n\n\n<p>As inscri\u00e7\u00f5es dever\u00e3o ser realizadas por meio do site da banca organizadora, a <a href=\"http:\/\/www.aroeira.org.br\/portal\/prefeitura-do-municipio-de-luziania-secretaria-de-educacao-concurso-publico-n-o-01-2022-edital-n-o-01-2022\/\" target=\"_blank\" rel=\"noopener\">Funda\u00e7\u00e3o Aroeira<\/a>, no per\u00edodo entre&nbsp;<strong>18 de novembro a 7 de dezembro de 2022<\/strong>.<\/p>\n\n\n\n<p>Portanto, \u00e9 necess\u00e1rio que o candidato efetue o pagamento da <strong>taxa de inscri\u00e7\u00e3o<\/strong> at\u00e9 o dia 8 de dezembro no valor de <strong>R$ 120,00<\/strong>.<\/p>\n\n\n\n<p>Ademais, somente poder\u00e3o solicitar a isen\u00e7\u00e3o da taxa, no per\u00edodo de 18 a 21de novembro de 2022, o candidato que for:<\/p>\n\n\n\n<ul><li>economicamente hipossuficiente que estiver inscrito no Cadastro \u00danico para Programas Sociais do Governo Federal \u2013 Cad\u00danico &#8211; e declarar que \u00e9 membro de fam\u00edlia de baixa renda, que possua renda per capita de at\u00e9 meio sal\u00e1rio m\u00ednimo ou aquela que possua renda familiar mensal de at\u00e9 03 sal\u00e1rios m\u00ednimos, nos termos do Decreto Federal n\u00ba 11.016.<\/li><\/ul>\n\n\n\n<h2 class=\"wp-block-heading\" id=\"cargo\"><span class=\"ez-toc-section\" id=\"Cargo_vagas_e_remuneracao\"><\/span>Cargo, vagas e remunera\u00e7\u00e3o<span class=\"ez-toc-section-end\"><\/span><\/h2>\n\n\n\n<p>Conforme o <a href=\"https:\/\/www.editorasolucao.com.br\/blog\/concursos-previstos-go\">edital<\/a> do Concurso Prefeitura de Luzi\u00e2nia-GO, ser\u00e3o ofertadas\u00a0<strong>321 vagas imediatas,<\/strong>\u00a0al\u00e9m de\u00a01.605 forma\u00e7\u00e3o de cadastro reserva, para o cargo de <a href=\"https:\/\/www.editorasolucao.com.br\/concurso\/prefeitura-de-luziania-go\">Professor I.<\/a><\/p>\n\n\n\n<p>Sendo assim, os aprovados no certame ter\u00e3o a remunera\u00e7\u00e3o inicial de <strong>R$ 3.845,63<\/strong> para jornada de trabalho de 40h semanais.<\/p>\n\n\n\n<h2 class=\"wp-block-heading\" id=\"requisitos\"><span class=\"ez-toc-section\" id=\"Requisitos_para_a_investidura_no_cargo\"><\/span>Requisitos para a investidura no cargo<span class=\"ez-toc-section-end\"><\/span><\/h2>\n\n\n\n<p>Confira abaixo quais s\u00e3o as <strong>exig\u00eancias<\/strong> para que o candidato tome posse do cargo pretendido:<\/p>\n\n\n\n<ul><li>Ser aprovado no Concurso P\u00fablico;<\/li><li>Cumprir as determina\u00e7\u00f5es do presente edital;<\/li><li>Ter idade m\u00ednima de 18 anos;<\/li><li>Estar quite com a Justi\u00e7a Eleitoral;<\/li><li>Estar quite com o Servi\u00e7o Militar (sexo masculino);<\/li><li>N\u00e3o ter sofrido, no exerc\u00edcio de fun\u00e7\u00e3o p\u00fablica, penalidade incompat\u00edvel com a nova contrata\u00e7\u00e3o;<\/li><li>N\u00e3o ser servidor investido em cargo comissionado, exceto se optar pela exonera\u00e7\u00e3o;<\/li><li>N\u00e3o ter sido aposentado por invalidez;<\/li><li>N\u00e3o ter sido aposentado compulsoriamente aos 75 anos de idade;<\/li><li>N\u00e3o receber proventos de aposentadoria ou remunera\u00e7\u00e3o de cargo, emprego ou fun\u00e7\u00e3o p\u00fablica, ressalvados os cargos acumul\u00e1veis previstos na Constitui\u00e7\u00e3o Federal.<\/li><li>Ter nacionalidade brasileira; e no caso de nacionalidade portuguesa, estar amparado pelo estatuto de igualdade entre brasileiros e portugueses, com reconhecimento do gozo dos direitos pol\u00edticos, nos termos do \u00a719 do Art. 12 da Constitui\u00e7\u00e3o da Rep\u00fablica Federativa do Brasil e na forma do disposto no Art. 13 do Decreto n. 70.436, de 18 de abril de 1972;<\/li><li>Ser considerado apto no exame admissional (exame sob as expensas do candidato);<\/li><li>Apresentar diploma de curso de N\u00edvel Superior de Pedagogia, devidamente registrado, fornecido por institui\u00e7\u00e3o de ensino reconhecida pelo Minist\u00e9rio de Educa\u00e7\u00e3o, comprovado por meio de apresenta\u00e7\u00e3o de original e c\u00f3pia do respectivo documento;<\/li><li>N\u00e3o ter sido condenado a pena privativa de liberdade transitada em julgado ou qualquer outra condena\u00e7\u00e3o incompat\u00edvel com a fun\u00e7\u00e3o p\u00fablica;<\/li><li>N\u00e3o registrar antecedentes criminais.<\/li><\/ul>\n\n\n\n<h2 class=\"wp-block-heading\" id=\"etapas\"><span class=\"ez-toc-section\" id=\"Como_serao_as_etapas_do_Concurso_Prefeitura_de_Luziania-GO\"><\/span>Como ser\u00e3o as etapas do Concurso Prefeitura de Luzi\u00e2nia-GO?<span class=\"ez-toc-section-end\"><\/span><\/h2>\n\n\n\n<p>Os concurseiros ser\u00e3o avaliados por meio de <strong>tr\u00eas etapas<\/strong>:<\/p>\n\n\n\n<ul><li>Prova Objetiva &#8211; de car\u00e1ter eliminat\u00f3rio de classificat\u00f3rio;<\/li><li>Prova Discursiva &#8211; de car\u00e1ter eliminat\u00f3rio e classificat\u00f3rio;<\/li><li>Prova de T\u00edtulos &#8211; de car\u00e1ter classificat\u00f3rio.<\/li><\/ul>\n\n\n\n<h3 class=\"wp-block-heading\">Prova Objetiva<\/h3>\n\n\n\n<p>Esta etapa tem data prevista para o dia <strong>18 de dezembro de 2022<\/strong>, na cidade de Luzi\u00e2nia-GO, tendo como tempo m\u00e1ximo 4h.<\/p>\n\n\n\n<p>A avalia\u00e7\u00e3o ser\u00e1 composta por <strong>50 quest\u00f5es<\/strong> de m\u00faltipla escolha e cada quest\u00e3o conter\u00e1 04 alternativas para resposta, sendo apenas 01 correta.<\/p>\n\n\n\n<p>Confira abaixo quais ser\u00e3o as <strong>disciplinas<\/strong> cobras no certame:<\/p>\n\n\n<div class=\"wp-block-image is-style-default\">\n<figure class=\"aligncenter size-full\"><img loading=\"lazy\" decoding=\"async\" width=\"640\" height=\"174\" src=\"https:\/\/www.editorasolucao.com.br\/blog\/wp-content\/uploads\/2022\/10\/image-95.png\" alt=\"\" class=\"wp-image-31713\"\/><\/figure><\/div>\n\n\n<h3 class=\"wp-block-heading\">Prova Discursiva<\/h3>\n\n\n\n<p>Esta etapa ser\u00e1 simult\u00e2nea \u00e0 Prova Objetiva, ter\u00e1 o mesmo conte\u00fado e ser\u00e1 baseada nos seguintes <strong>crit\u00e9rios<\/strong>:<\/p>\n\n\n\n<ul><li>Conhecimento Espec\u00edfico<ul><li>adequa\u00e7\u00e3o ao problema apresentado (2,0 pontos);<\/li><li>complexidade, acuidade, articula\u00e7\u00e3o e contextualiza\u00e7\u00e3o do conte\u00fado (4,0 pontos);<\/li><li>fundamenta\u00e7\u00e3o te\u00f3rica (4,0 pontos);<\/li><\/ul><\/li><li> L\u00edngua Portuguesa<ul><li>aspectos lingu\u00edsticos (4,0 pontos);<\/li><li>coes\u00e3o (3,0 pontos);<\/li><li>coer\u00eancia (3,0 pontos).<\/li><\/ul><\/li><\/ul>\n\n\n\n<h3 class=\"wp-block-heading\">Prova de T\u00edtulos<\/h3>\n\n\n\n<p>Os candidatos <strong>aprovados e classificados<\/strong> nas etapas anteriores dever\u00e3o enviar a documenta\u00e7\u00e3o por meio do site da banca organizadora, no per\u00edodo de 17 a 19 de janeiro de 2023.<\/p>\n\n\n\n<p>A<strong> pontua\u00e7\u00e3o<\/strong> ser\u00e1 distribu\u00edda da seguinte forma:<\/p>\n\n\n<div class=\"wp-block-image is-style-default\">\n<figure class=\"aligncenter size-full\"><img loading=\"lazy\" decoding=\"async\" width=\"671\" height=\"255\" src=\"https:\/\/www.editorasolucao.com.br\/blog\/wp-content\/uploads\/2022\/10\/image-96.png\" alt=\"\" class=\"wp-image-31714\"\/><\/figure><\/div>","protected":false},"excerpt":{"rendered":"<p>A Prefeitura de Luzi\u00e2nia, em Goi\u00e1s, publicou edital com 1.926 vagas para profissionais na \u00e1rea da Educa\u00e7\u00e3o. A remunera\u00e7\u00e3o \u00e9 de R$ 3.845,63! Confira! Inscri\u00e7\u00f5es Cargo, vagas e remunera\u00e7\u00e3o Requisitos Etapas Como fazer as inscri\u00e7\u00f5es para o Concurso Prefeitura de Luzi\u00e2nia-GO? As inscri\u00e7\u00f5es dever\u00e3o ser realizadas por meio do site da banca organizadora, a Funda\u00e7\u00e3o Aroeira, no per\u00edodo entre&nbsp;18 de novembro a 7 de dezembro de 2022. Portanto, \u00e9 necess\u00e1rio que o candidato efetue o pagamento da taxa de inscri\u00e7\u00e3o at\u00e9 o dia 8 de dezembro no valor de R$ 120,00. Ademais, somente poder\u00e3o solicitar a isen\u00e7\u00e3o da taxa, no&#8230;<\/p>\n","protected":false},"author":17,"featured_media":31717,"template":"","meta":{"_acf_changed":false,"rank_math_lock_modified_date":false},"categories":[],"tags":[],"acf":[],"_links":{"self":[{"href":"https:\/\/www.editorasolucao.com.br\/blog\/wp-json\/wp\/v2\/concurso\/31715"}],"collection":[{"href":"https:\/\/www.editorasolucao.com.br\/blog\/wp-json\/wp\/v2\/concurso"}],"about":[{"href":"https:\/\/www.editorasolucao.com.br\/blog\/wp-json\/wp\/v2\/types\/concurso"}],"author":[{"embeddable":true,"href":"https:\/\/www.editorasolucao.com.br\/blog\/wp-json\/wp\/v2\/users\/17"}],"wp:featuredmedia":[{"embeddable":true,"href":"https:\/\/www.editorasolucao.com.br\/blog\/wp-json\/wp\/v2\/media\/31717"}],"wp:attachment":[{"href":"https:\/\/www.editorasolucao.com.br\/blog\/wp-json\/wp\/v2\/media?parent=31715"}],"wp:term":[{"taxonomy":"category","embeddable":true,"href":"https:\/\/www.editorasolucao.com.br\/blog\/wp-json\/wp\/v2\/categories?post=31715"},{"taxonomy":"post_tag","embeddable":true,"href":"https:\/\/www.editorasolucao.com.br\/blog\/wp-json\/wp\/v2\/tags?post=31715"}],"curies":[{"name":"wp","href":"https:\/\/api.w.org\/{rel}","templated":true}]}}

Concurso Prefeitura de Luziânia-GO: Edital publicado para Educação. 1.926 vagas!

<p>A <strong>Prefeitura de Luziânia</strong>, em <a href="https://www.editorasolucao.com.br/blog/concursos-abertos-go">Goiás</a>, publicou edital com <strong>1.926 vagas</strong> para profissionais na área da Educação. A remuneração é de<strong> R$ 3.845,63</strong>! Confira!</p>



<ul><li><a href="#inscrições">Inscrições</a></li><li><a href="#cargo">Cargo, vagas e remuneração</a></li><li><a href="#requisitos">Requisitos</a></li><li><a href="#etapas">Etapas</a></li></ul>



<div id="ez-toc-container" class="ez-toc-v2_0_69_1 counter-hierarchy ez-toc-counter ez-toc-grey ez-toc-container-direction">
<div class="ez-toc-title-container">
<p class="ez-toc-title " >Menu de navega&ccedil;&atilde;o</p>
<span class="ez-toc-title-toggle"><a href="#" class="ez-toc-pull-right ez-toc-btn ez-toc-btn-xs ez-toc-btn-default ez-toc-toggle" aria-label="Toggle Table of Content"><span class="ez-toc-js-icon-con"><span class=""><span class="eztoc-hide" style="display:none;">Toggle</span><span class="ez-toc-icon-toggle-span"><svg style="fill: #999;color:#999" xmlns="http://www.w3.org/2000/svg" class="list-377408" width="20px" height="20px" viewBox="0 0 24 24" fill="none"><path d="M6 6H4v2h2V6zm14 0H8v2h12V6zM4 11h2v2H4v-2zm16 0H8v2h12v-2zM4 16h2v2H4v-2zm16 0H8v2h12v-2z" fill="currentColor"></path></svg><svg style="fill: #999;color:#999" class="arrow-unsorted-368013" xmlns="http://www.w3.org/2000/svg" width="10px" height="10px" viewBox="0 0 24 24" version="1.2" baseProfile="tiny"><path d="M18.2 9.3l-6.2-6.3-6.2 6.3c-.2.2-.3.4-.3.7s.1.5.3.7c.2.2.4.3.7.3h11c.3 0 .5-.1.7-.3.2-.2.3-.5.3-.7s-.1-.5-.3-.7zM5.8 14.7l6.2 6.3 6.2-6.3c.2-.2.3-.5.3-.7s-.1-.5-.3-.7c-.2-.2-.4-.3-.7-.3h-11c-.3 0-.5.1-.7.3-.2.2-.3.5-.3.7s.1.5.3.7z"/></svg></span></span></span></a></span></div>
<nav><ul class='ez-toc-list ez-toc-list-level-1 ' ><li class='ez-toc-page-1 ez-toc-heading-level-2'><a class="ez-toc-link ez-toc-heading-1" href="https://www.editorasolucao.com.br/blog/concurso/prefeitura-de-luziania-go/#Como_fazer_as_inscricoes_para_o_Concurso_Prefeitura_de_Luziania-GO" title="Como fazer as inscrições para o Concurso Prefeitura de Luziânia-GO?">Como fazer as inscrições para o Concurso Prefeitura de Luziânia-GO?</a></li><li class='ez-toc-page-1 ez-toc-heading-level-2'><a class="ez-toc-link ez-toc-heading-2" href="https://www.editorasolucao.com.br/blog/concurso/prefeitura-de-luziania-go/#Cargo_vagas_e_remuneracao" title="Cargo, vagas e remuneração">Cargo, vagas e remuneração</a></li><li class='ez-toc-page-1 ez-toc-heading-level-2'><a class="ez-toc-link ez-toc-heading-3" href="https://www.editorasolucao.com.br/blog/concurso/prefeitura-de-luziania-go/#Requisitos_para_a_investidura_no_cargo" title="Requisitos para a investidura no cargo">Requisitos para a investidura no cargo</a></li><li class='ez-toc-page-1 ez-toc-heading-level-2'><a class="ez-toc-link ez-toc-heading-4" href="https://www.editorasolucao.com.br/blog/concurso/prefeitura-de-luziania-go/#Como_serao_as_etapas_do_Concurso_Prefeitura_de_Luziania-GO" title="Como serão as etapas do Concurso Prefeitura de Luziânia-GO?">Como serão as etapas do Concurso Prefeitura de Luziânia-GO?</a></li></ul></nav></div>
<h2 class="wp-block-heading" id="inscrições"><span class="ez-toc-section" id="Como_fazer_as_inscricoes_para_o_Concurso_Prefeitura_de_Luziania-GO"></span>Como fazer as inscrições para o Concurso Prefeitura de Luziânia-GO?<span class="ez-toc-section-end"></span></h2>



<p>As inscrições deverão ser realizadas por meio do site da banca organizadora, a <a href="http://www.aroeira.org.br/portal/prefeitura-do-municipio-de-luziania-secretaria-de-educacao-concurso-publico-n-o-01-2022-edital-n-o-01-2022/" target="_blank" rel="noopener">Fundação Aroeira</a>, no período entre&nbsp;<strong>18 de novembro a 7 de dezembro de 2022</strong>.</p>



<p>Portanto, é necessário que o candidato efetue o pagamento da <strong>taxa de inscrição</strong> até o dia 8 de dezembro no valor de <strong>R$ 120,00</strong>.</p>



<p>Ademais, somente poderão solicitar a isenção da taxa, no período de 18 a 21de novembro de 2022, o candidato que for:</p>



<ul><li>economicamente hipossuficiente que estiver inscrito no Cadastro Único para Programas Sociais do Governo Federal – CadÚnico &#8211; e declarar que é membro de família de baixa renda, que possua renda per capita de até meio salário mínimo ou aquela que possua renda familiar mensal de até 03 salários mínimos, nos termos do Decreto Federal nº 11.016.</li></ul>



<h2 class="wp-block-heading" id="cargo"><span class="ez-toc-section" id="Cargo_vagas_e_remuneracao"></span>Cargo, vagas e remuneração<span class="ez-toc-section-end"></span></h2>



<p>Conforme o <a href="https://www.editorasolucao.com.br/blog/concursos-previstos-go">edital</a> do Concurso Prefeitura de Luziânia-GO, serão ofertadas <strong>321 vagas imediatas,</strong> além de 1.605 formação de cadastro reserva, para o cargo de <a href="https://www.editorasolucao.com.br/concurso/prefeitura-de-luziania-go">Professor I.</a></p>



<p>Sendo assim, os aprovados no certame terão a remuneração inicial de <strong>R$ 3.845,63</strong> para jornada de trabalho de 40h semanais.</p>



<h2 class="wp-block-heading" id="requisitos"><span class="ez-toc-section" id="Requisitos_para_a_investidura_no_cargo"></span>Requisitos para a investidura no cargo<span class="ez-toc-section-end"></span></h2>



<p>Confira abaixo quais são as <strong>exigências</strong> para que o candidato tome posse do cargo pretendido:</p>



<ul><li>Ser aprovado no Concurso Público;</li><li>Cumprir as determinações do presente edital;</li><li>Ter idade mínima de 18 anos;</li><li>Estar quite com a Justiça Eleitoral;</li><li>Estar quite com o Serviço Militar (sexo masculino);</li><li>Não ter sofrido, no exercício de função pública, penalidade incompatível com a nova contratação;</li><li>Não ser servidor investido em cargo comissionado, exceto se optar pela exoneração;</li><li>Não ter sido aposentado por invalidez;</li><li>Não ter sido aposentado compulsoriamente aos 75 anos de idade;</li><li>Não receber proventos de aposentadoria ou remuneração de cargo, emprego ou função pública, ressalvados os cargos acumuláveis previstos na Constituição Federal.</li><li>Ter nacionalidade brasileira; e no caso de nacionalidade portuguesa, estar amparado pelo estatuto de igualdade entre brasileiros e portugueses, com reconhecimento do gozo dos direitos políticos, nos termos do §19 do Art. 12 da Constituição da República Federativa do Brasil e na forma do disposto no Art. 13 do Decreto n. 70.436, de 18 de abril de 1972;</li><li>Ser considerado apto no exame admissional (exame sob as expensas do candidato);</li><li>Apresentar diploma de curso de Nível Superior de Pedagogia, devidamente registrado, fornecido por instituição de ensino reconhecida pelo Ministério de Educação, comprovado por meio de apresentação de original e cópia do respectivo documento;</li><li>Não ter sido condenado a pena privativa de liberdade transitada em julgado ou qualquer outra condenação incompatível com a função pública;</li><li>Não registrar antecedentes criminais.</li></ul>



<h2 class="wp-block-heading" id="etapas"><span class="ez-toc-section" id="Como_serao_as_etapas_do_Concurso_Prefeitura_de_Luziania-GO"></span>Como serão as etapas do Concurso Prefeitura de Luziânia-GO?<span class="ez-toc-section-end"></span></h2>



<p>Os concurseiros serão avaliados por meio de <strong>três etapas</strong>:</p>



<ul><li>Prova Objetiva &#8211; de caráter eliminatório de classificatório;</li><li>Prova Discursiva &#8211; de caráter eliminatório e classificatório;</li><li>Prova de Títulos &#8211; de caráter classificatório.</li></ul>



<h3 class="wp-block-heading">Prova Objetiva</h3>



<p>Esta etapa tem data prevista para o dia <strong>18 de dezembro de 2022</strong>, na cidade de Luziânia-GO, tendo como tempo máximo 4h.</p>



<p>A avaliação será composta por <strong>50 questões</strong> de múltipla escolha e cada questão conterá 04 alternativas para resposta, sendo apenas 01 correta.</p>



<p>Confira abaixo quais serão as <strong>disciplinas</strong> cobras no certame:</p>


<div class="wp-block-image is-style-default">
<figure class="aligncenter size-full"><img loading="lazy" decoding="async" width="640" height="174" src="https://www.editorasolucao.com.br/blog/wp-content/uploads/2022/10/image-95.png" alt="" class="wp-image-31713"/></figure></div>


<h3 class="wp-block-heading">Prova Discursiva</h3>



<p>Esta etapa será simultânea à Prova Objetiva, terá o mesmo conteúdo e será baseada nos seguintes <strong>critérios</strong>:</p>



<ul><li>Conhecimento Específico<ul><li>adequação ao problema apresentado (2,0 pontos);</li><li>complexidade, acuidade, articulação e contextualização do conteúdo (4,0 pontos);</li><li>fundamentação teórica (4,0 pontos);</li></ul></li><li> Língua Portuguesa<ul><li>aspectos linguísticos (4,0 pontos);</li><li>coesão (3,0 pontos);</li><li>coerência (3,0 pontos).</li></ul></li></ul>



<h3 class="wp-block-heading">Prova de Títulos</h3>



<p>Os candidatos <strong>aprovados e classificados</strong> nas etapas anteriores deverão enviar a documentação por meio do site da banca organizadora, no período de 17 a 19 de janeiro de 2023.</p>



<p>A<strong> pontuação</strong> será distribuída da seguinte forma:</p>


<div class="wp-block-image is-style-default">
<figure class="aligncenter size-full"><img loading="lazy" decoding="async" width="671" height="255" src="https://www.editorasolucao.com.br/blog/wp-content/uploads/2022/10/image-96.png" alt="" class="wp-image-31714"/></figure></div>

<p>A Prefeitura de Luziânia, em Goiás, publicou edital com 1.926 vagas para profissionais na área da Educação. A remuneração é de R$ 3.845,63! Confira! Inscrições Cargo, vagas e remuneração Requisitos Etapas Como fazer as inscrições para o Concurso Prefeitura de Luziânia-GO? As inscrições deverão ser realizadas por meio do site da banca organizadora, a Fundação Aroeira, no período entre&nbsp;18 de novembro a 7 de dezembro de 2022. Portanto, é necessário que o candidato efetue o pagamento da taxa de inscrição até o dia 8 de dezembro no valor de R$ 120,00. Ademais, somente poderão solicitar a isenção da taxa, no&#8230;</p>
