{"id":4210,"date":"2019-07-10T23:20:19","date_gmt":"2019-07-11T02:20:19","guid":{"rendered":"https:\/\/www.editorasolucao.com.br\/blog\/?post_type=concurso&#038;p=4210"},"modified":"2019-07-11T00:07:28","modified_gmt":"2019-07-11T03:07:28","slug":"prefeitura-de-sao-miguel-do-guama-pa","status":"publish","type":"concurso","link":"https:\/\/www.editorasolucao.com.br\/blog\/concurso\/prefeitura-de-sao-miguel-do-guama-pa","title":{"rendered":"Concurso Prefeitura de S\u00e3o Miguel do Guam\u00e1 &#8211; PA 2019: 138 vagas abertas!"},"content":{"rendered":"\n<p>Est\u00e3o <a rel=\"noreferrer noopener\" aria-label=\"abertas  (abre em uma nova aba)\" href=\"http:\/\/www.editorasolucao.com.br\" target=\"_blank\">abertas <\/a>as inscri\u00e7\u00f5es do concurso <strong>Prefeitura de S\u00e3o Miguel do Guam\u00e1\u00a0<\/strong>no <a rel=\"noreferrer noopener\" aria-label=\" (abre em uma nova aba)\" href=\"https:\/\/www.editorasolucao.com.br\/blog\/concursos-abertos-pa\" target=\"_blank\">Par\u00e1<\/a> com a oferta de <strong>138 vagas para candidatos de todos os n\u00edveis de escolaridade<\/strong> e iniciais de at\u00e9 <strong>R$ 2,4 mil<\/strong>!<\/p>\n\n\n\n<div id=\"ez-toc-container\" class=\"ez-toc-v2_0_69_1 counter-hierarchy ez-toc-counter ez-toc-grey ez-toc-container-direction\">\n<div class=\"ez-toc-title-container\">\n<p class=\"ez-toc-title \" >Menu de navega&ccedil;&atilde;o<\/p>\n<span class=\"ez-toc-title-toggle\"><a href=\"#\" class=\"ez-toc-pull-right ez-toc-btn ez-toc-btn-xs ez-toc-btn-default ez-toc-toggle\" aria-label=\"Toggle Table of Content\"><span class=\"ez-toc-js-icon-con\"><span class=\"\"><span class=\"eztoc-hide\" style=\"display:none;\">Toggle<\/span><span class=\"ez-toc-icon-toggle-span\"><svg style=\"fill: #999;color:#999\" xmlns=\"http:\/\/www.w3.org\/2000\/svg\" class=\"list-377408\" width=\"20px\" height=\"20px\" viewBox=\"0 0 24 24\" fill=\"none\"><path d=\"M6 6H4v2h2V6zm14 0H8v2h12V6zM4 11h2v2H4v-2zm16 0H8v2h12v-2zM4 16h2v2H4v-2zm16 0H8v2h12v-2z\" fill=\"currentColor\"><\/path><\/svg><svg style=\"fill: #999;color:#999\" class=\"arrow-unsorted-368013\" xmlns=\"http:\/\/www.w3.org\/2000\/svg\" width=\"10px\" height=\"10px\" viewBox=\"0 0 24 24\" version=\"1.2\" baseProfile=\"tiny\"><path d=\"M18.2 9.3l-6.2-6.3-6.2 6.3c-.2.2-.3.4-.3.7s.1.5.3.7c.2.2.4.3.7.3h11c.3 0 .5-.1.7-.3.2-.2.3-.5.3-.7s-.1-.5-.3-.7zM5.8 14.7l6.2 6.3 6.2-6.3c.2-.2.3-.5.3-.7s-.1-.5-.3-.7c-.2-.2-.4-.3-.7-.3h-11c-.3 0-.5.1-.7.3-.2.2-.3.5-.3.7s.1.5.3.7z\"\/><\/svg><\/span><\/span><\/span><\/a><\/span><\/div>\n<nav><ul class='ez-toc-list ez-toc-list-level-1 ' ><li class='ez-toc-page-1 ez-toc-heading-level-2'><a class=\"ez-toc-link ez-toc-heading-1\" href=\"https:\/\/www.editorasolucao.com.br\/blog\/concurso\/prefeitura-de-sao-miguel-do-guama-pa\/#Inscricoes_do_concurso\" title=\"Inscri\u00e7\u00f5es do concurso\">Inscri\u00e7\u00f5es do concurso<\/a><\/li><li class='ez-toc-page-1 ez-toc-heading-level-2'><a class=\"ez-toc-link ez-toc-heading-2\" href=\"https:\/\/www.editorasolucao.com.br\/blog\/concurso\/prefeitura-de-sao-miguel-do-guama-pa\/#Cargos_vagas_e_salarios_do_concurso\" title=\"Cargos, vagas e sal\u00e1rios do concurso\">Cargos, vagas e sal\u00e1rios do concurso<\/a><\/li><li class='ez-toc-page-1 ez-toc-heading-level-2'><a class=\"ez-toc-link ez-toc-heading-3\" href=\"https:\/\/www.editorasolucao.com.br\/blog\/concurso\/prefeitura-de-sao-miguel-do-guama-pa\/#Como_serao_as_provas_do_concurso\" title=\"Como ser\u00e3o as provas do concurso?\">Como ser\u00e3o as provas do concurso?<\/a><\/li><\/ul><\/nav><\/div>\n<h2 class=\"wp-block-heading\"><span class=\"ez-toc-section\" id=\"Inscricoes_do_concurso\"><\/span><strong>Inscri\u00e7\u00f5es do concurso<\/strong><span class=\"ez-toc-section-end\"><\/span><\/h2>\n\n\n\n<p>Para participar, acesse o site da banca organizadora, <a rel=\"noreferrer noopener\" aria-label=\"Cetap (abre em uma nova aba)\" href=\"https:\/\/www.cetapnet.com.br\/informacoes\/146\/\" target=\"_blank\">Cetap<\/a>, a partir do dia <strong>11 de junho at\u00e9 o dia 05 de setembro de 2019<\/strong>. As taxas de participa\u00e7\u00e3o neste concurso variam de <strong>R$ 55,00 a R$ 90,00<\/strong>.<\/p>\n\n\n\n<p>Confira todos os detalhes sobre o concurso para que voc\u00ea possa iniciar sua prepara\u00e7\u00e3o.<br><\/p>\n\n\n\n<h2 class=\"wp-block-heading\"><span class=\"ez-toc-section\" id=\"Cargos_vagas_e_salarios_do_concurso\"><\/span><strong>Cargos, vagas e sal\u00e1rios do concurso <\/strong><br><span class=\"ez-toc-section-end\"><\/span><\/h2>\n\n\n\n<p>As<strong> oportunidades <\/strong>est\u00e3o distribu\u00eddas da seguinte forma:<\/p>\n\n\n\n<p><strong>N\u00edvel fundamental:<\/strong> Auxiliar de Sa\u00fade Bucal &#8211; ASB (03).<\/p>\n\n\n\n<p><strong>N\u00edvel m\u00e9dio: <\/strong>Agente de Vigil\u00e2ncia Sanit\u00e1ria (03); Auxiliar de Fiscal de Tributos (02); T\u00e9cnico de Enfermagem (11); T\u00e9cnico de Farm\u00e1cia (01); T\u00e9cnico de pr\u00f3tese Dent\u00e1ria (01).<\/p>\n\n\n\n<p><strong>N\u00edvel superior: <\/strong>Analista de Controle Interno (02); Assistente Social (07); Auditor Fiscal Tribut\u00e1rio (01); Enfermeiro (09); Engenheiro Civil (01); Farmac\u00eautico (01); Fiscal Ambiental (02); Fiscal de Tributos (02); Fisioterapeuta (01); Fonoaudi\u00f3logo (01); Pedagogo (02); Professor nas \u00e1reas de Artes (03), Biologia (01), Ci\u00eancias (03), Educa\u00e7\u00e3o F\u00edsica (09), Educa\u00e7\u00e3o Infantil e Fundamental Menor (35), F\u00edsica (02), Geografia (03), Hist\u00f3ria (02), Ingl\u00eas (03), L\u00edngua Portuguesa (13), Matem\u00e1tica (12), e Qu\u00edmica (02); Psic\u00f3logo (03); Terapeuta Ocupacional (01) e Veterin\u00e1rio (02).<\/p>\n\n\n\n<p>A remunera\u00e7\u00e3o inicial varia de<strong> R$ 1.040,00 e R$ 2.400,00<\/strong>. A jornada de trabalho compreender\u00e1 40 horas semanais.<\/p>\n\n\n\n<h2 class=\"wp-block-heading\"><span class=\"ez-toc-section\" id=\"Como_serao_as_provas_do_concurso\"><\/span><strong>Como ser\u00e3o as provas do concurso?<\/strong><br><span class=\"ez-toc-section-end\"><\/span><\/h2>\n\n\n\n<p>O processo de avalia\u00e7\u00e3o dos candidatos se dar\u00e1 por meio de prova objetiva a ser aplicada no dia<strong> 20 de outubro de 2019<\/strong> com 3 horas e 30 minutos de dura\u00e7\u00e3o.<\/p>\n\n\n\n<p>As provas objetivas ser\u00e3o compostas de 50 quest\u00f5es e versar\u00e3o sobre as disciplinas de:<\/p>\n\n\n\n<ul><li>L\u00edngua Portuguesa; <\/li><li>Matem\u00e1tica;<\/li><li>Atualidades;<\/li><li>Legisla\u00e7\u00e3o;<\/li><li>Inform\u00e1tica;<\/li><li>Conhecimentos Espec\u00edficos.<\/li><\/ul>\n\n\n\n<p><\/p>\n","protected":false},"excerpt":{"rendered":"<p>Est\u00e3o abertas as inscri\u00e7\u00f5es do concurso Prefeitura de S\u00e3o Miguel do Guam\u00e1\u00a0no Par\u00e1 com a oferta de 138 vagas para candidatos de todos os n\u00edveis de escolaridade e iniciais de at\u00e9 R$ 2,4 mil! Inscri\u00e7\u00f5es do concurso Para participar, acesse o site da banca organizadora, Cetap, a partir do dia 11 de junho at\u00e9 o dia 05 de setembro de 2019. As taxas de participa\u00e7\u00e3o neste concurso variam de R$ 55,00 a R$ 90,00. Confira todos os detalhes sobre o concurso para que voc\u00ea possa iniciar sua prepara\u00e7\u00e3o. Cargos, vagas e sal\u00e1rios do concurso As oportunidades est\u00e3o distribu\u00eddas da seguinte&#8230;<\/p>\n","protected":false},"author":3,"featured_media":3875,"template":"","meta":{"_acf_changed":false,"rank_math_lock_modified_date":false},"categories":[],"tags":[],"acf":[],"_links":{"self":[{"href":"https:\/\/www.editorasolucao.com.br\/blog\/wp-json\/wp\/v2\/concurso\/4210"}],"collection":[{"href":"https:\/\/www.editorasolucao.com.br\/blog\/wp-json\/wp\/v2\/concurso"}],"about":[{"href":"https:\/\/www.editorasolucao.com.br\/blog\/wp-json\/wp\/v2\/types\/concurso"}],"author":[{"embeddable":true,"href":"https:\/\/www.editorasolucao.com.br\/blog\/wp-json\/wp\/v2\/users\/3"}],"wp:featuredmedia":[{"embeddable":true,"href":"https:\/\/www.editorasolucao.com.br\/blog\/wp-json\/wp\/v2\/media\/3875"}],"wp:attachment":[{"href":"https:\/\/www.editorasolucao.com.br\/blog\/wp-json\/wp\/v2\/media?parent=4210"}],"wp:term":[{"taxonomy":"category","embeddable":true,"href":"https:\/\/www.editorasolucao.com.br\/blog\/wp-json\/wp\/v2\/categories?post=4210"},{"taxonomy":"post_tag","embeddable":true,"href":"https:\/\/www.editorasolucao.com.br\/blog\/wp-json\/wp\/v2\/tags?post=4210"}],"curies":[{"name":"wp","href":"https:\/\/api.w.org\/{rel}","templated":true}]}}

Concurso Prefeitura de São Miguel do Guamá &#8211; PA 2019: 138 vagas abertas!

<p>Estão <a rel="noreferrer noopener" aria-label="abertas  (abre em uma nova aba)" href="http://www.editorasolucao.com.br" target="_blank">abertas </a>as inscrições do concurso <strong>Prefeitura de São Miguel do Guamá </strong>no <a rel="noreferrer noopener" aria-label=" (abre em uma nova aba)" href="https://www.editorasolucao.com.br/blog/concursos-abertos-pa" target="_blank">Pará</a> com a oferta de <strong>138 vagas para candidatos de todos os níveis de escolaridade</strong> e iniciais de até <strong>R$ 2,4 mil</strong>!</p>



<div id="ez-toc-container" class="ez-toc-v2_0_69_1 counter-hierarchy ez-toc-counter ez-toc-grey ez-toc-container-direction">
<div class="ez-toc-title-container">
<p class="ez-toc-title " >Menu de navega&ccedil;&atilde;o</p>
<span class="ez-toc-title-toggle"><a href="#" class="ez-toc-pull-right ez-toc-btn ez-toc-btn-xs ez-toc-btn-default ez-toc-toggle" aria-label="Toggle Table of Content"><span class="ez-toc-js-icon-con"><span class=""><span class="eztoc-hide" style="display:none;">Toggle</span><span class="ez-toc-icon-toggle-span"><svg style="fill: #999;color:#999" xmlns="http://www.w3.org/2000/svg" class="list-377408" width="20px" height="20px" viewBox="0 0 24 24" fill="none"><path d="M6 6H4v2h2V6zm14 0H8v2h12V6zM4 11h2v2H4v-2zm16 0H8v2h12v-2zM4 16h2v2H4v-2zm16 0H8v2h12v-2z" fill="currentColor"></path></svg><svg style="fill: #999;color:#999" class="arrow-unsorted-368013" xmlns="http://www.w3.org/2000/svg" width="10px" height="10px" viewBox="0 0 24 24" version="1.2" baseProfile="tiny"><path d="M18.2 9.3l-6.2-6.3-6.2 6.3c-.2.2-.3.4-.3.7s.1.5.3.7c.2.2.4.3.7.3h11c.3 0 .5-.1.7-.3.2-.2.3-.5.3-.7s-.1-.5-.3-.7zM5.8 14.7l6.2 6.3 6.2-6.3c.2-.2.3-.5.3-.7s-.1-.5-.3-.7c-.2-.2-.4-.3-.7-.3h-11c-.3 0-.5.1-.7.3-.2.2-.3.5-.3.7s.1.5.3.7z"/></svg></span></span></span></a></span></div>
<nav><ul class='ez-toc-list ez-toc-list-level-1 ' ><li class='ez-toc-page-1 ez-toc-heading-level-2'><a class="ez-toc-link ez-toc-heading-1" href="https://www.editorasolucao.com.br/blog/concurso/prefeitura-de-sao-miguel-do-guama-pa/#Inscricoes_do_concurso" title="Inscrições do concurso">Inscrições do concurso</a></li><li class='ez-toc-page-1 ez-toc-heading-level-2'><a class="ez-toc-link ez-toc-heading-2" href="https://www.editorasolucao.com.br/blog/concurso/prefeitura-de-sao-miguel-do-guama-pa/#Cargos_vagas_e_salarios_do_concurso" title="Cargos, vagas e salários do concurso">Cargos, vagas e salários do concurso</a></li><li class='ez-toc-page-1 ez-toc-heading-level-2'><a class="ez-toc-link ez-toc-heading-3" href="https://www.editorasolucao.com.br/blog/concurso/prefeitura-de-sao-miguel-do-guama-pa/#Como_serao_as_provas_do_concurso" title="Como serão as provas do concurso?">Como serão as provas do concurso?</a></li></ul></nav></div>
<h2 class="wp-block-heading"><span class="ez-toc-section" id="Inscricoes_do_concurso"></span><strong>Inscrições do concurso</strong><span class="ez-toc-section-end"></span></h2>



<p>Para participar, acesse o site da banca organizadora, <a rel="noreferrer noopener" aria-label="Cetap (abre em uma nova aba)" href="https://www.cetapnet.com.br/informacoes/146/" target="_blank">Cetap</a>, a partir do dia <strong>11 de junho até o dia 05 de setembro de 2019</strong>. As taxas de participação neste concurso variam de <strong>R$ 55,00 a R$ 90,00</strong>.</p>



<p>Confira todos os detalhes sobre o concurso para que você possa iniciar sua preparação.<br></p>



<h2 class="wp-block-heading"><span class="ez-toc-section" id="Cargos_vagas_e_salarios_do_concurso"></span><strong>Cargos, vagas e salários do concurso </strong><br><span class="ez-toc-section-end"></span></h2>



<p>As<strong> oportunidades </strong>estão distribuídas da seguinte forma:</p>



<p><strong>Nível fundamental:</strong> Auxiliar de Saúde Bucal &#8211; ASB (03).</p>



<p><strong>Nível médio: </strong>Agente de Vigilância Sanitária (03); Auxiliar de Fiscal de Tributos (02); Técnico de Enfermagem (11); Técnico de Farmácia (01); Técnico de prótese Dentária (01).</p>



<p><strong>Nível superior: </strong>Analista de Controle Interno (02); Assistente Social (07); Auditor Fiscal Tributário (01); Enfermeiro (09); Engenheiro Civil (01); Farmacêutico (01); Fiscal Ambiental (02); Fiscal de Tributos (02); Fisioterapeuta (01); Fonoaudiólogo (01); Pedagogo (02); Professor nas áreas de Artes (03), Biologia (01), Ciências (03), Educação Física (09), Educação Infantil e Fundamental Menor (35), Física (02), Geografia (03), História (02), Inglês (03), Língua Portuguesa (13), Matemática (12), e Química (02); Psicólogo (03); Terapeuta Ocupacional (01) e Veterinário (02).</p>



<p>A remuneração inicial varia de<strong> R$ 1.040,00 e R$ 2.400,00</strong>. A jornada de trabalho compreenderá 40 horas semanais.</p>



<h2 class="wp-block-heading"><span class="ez-toc-section" id="Como_serao_as_provas_do_concurso"></span><strong>Como serão as provas do concurso?</strong><br><span class="ez-toc-section-end"></span></h2>



<p>O processo de avaliação dos candidatos se dará por meio de prova objetiva a ser aplicada no dia<strong> 20 de outubro de 2019</strong> com 3 horas e 30 minutos de duração.</p>



<p>As provas objetivas serão compostas de 50 questões e versarão sobre as disciplinas de:</p>



<ul><li>Língua Portuguesa; </li><li>Matemática;</li><li>Atualidades;</li><li>Legislação;</li><li>Informática;</li><li>Conhecimentos Específicos.</li></ul>



<p></p>

<p>Estão abertas as inscrições do concurso Prefeitura de São Miguel do Guamá no Pará com a oferta de 138 vagas para candidatos de todos os níveis de escolaridade e iniciais de até R$ 2,4 mil! Inscrições do concurso Para participar, acesse o site da banca organizadora, Cetap, a partir do dia 11 de junho até o dia 05 de setembro de 2019. As taxas de participação neste concurso variam de R$ 55,00 a R$ 90,00. Confira todos os detalhes sobre o concurso para que você possa iniciar sua preparação. Cargos, vagas e salários do concurso As oportunidades estão distribuídas da seguinte&#8230;</p>
