{"id":4293,"date":"2019-07-15T15:33:04","date_gmt":"2019-07-15T18:33:04","guid":{"rendered":"https:\/\/www.editorasolucao.com.br\/blog\/?post_type=concurso&#038;p=4293"},"modified":"2019-07-15T15:33:05","modified_gmt":"2019-07-15T18:33:05","slug":"prefeitura-de-setubinha-mg","status":"publish","type":"concurso","link":"https:\/\/www.editorasolucao.com.br\/blog\/concurso\/prefeitura-de-setubinha-mg","title":{"rendered":"Concurso Prefeitura de Setubinha &#8211; MG 2019: Mais de 30 vagas abertas!"},"content":{"rendered":"\n<p>Aten\u00e7\u00e3o concurseiros! A <strong>Prefeitura\u00a0de\u00a0Setubinha\u00a0<\/strong>em <a rel=\"noreferrer noopener\" aria-label=\" (abre em uma nova aba)\" href=\"https:\/\/www.editorasolucao.com.br\/blog\/concursos-abertos-mg\" target=\"_blank\">Minas\u00a0Gerais<\/a> publicou <a href=\"http:\/\/www.editorasolucao.com.br\" target=\"_blank\" rel=\"noreferrer noopener\" aria-label=\"edital  (abre em uma nova aba)\">edital <\/a>de<strong> concurso p\u00fablico<\/strong> com a oferta de<strong> 31 vagas <\/strong>para candidatos que tenham n\u00edvel de escolaridade <strong>alfabetizado, m\u00e9dio e superior<\/strong> e queiram iniciais de at\u00e9 <strong>R$ 2 mil<\/strong>!<\/p>\n\n\n\n<div id=\"ez-toc-container\" class=\"ez-toc-v2_0_69_1 counter-hierarchy ez-toc-counter ez-toc-grey ez-toc-container-direction\">\n<div class=\"ez-toc-title-container\">\n<p class=\"ez-toc-title \" >Menu de navega&ccedil;&atilde;o<\/p>\n<span class=\"ez-toc-title-toggle\"><a href=\"#\" class=\"ez-toc-pull-right ez-toc-btn ez-toc-btn-xs ez-toc-btn-default ez-toc-toggle\" aria-label=\"Toggle Table of Content\"><span class=\"ez-toc-js-icon-con\"><span class=\"\"><span class=\"eztoc-hide\" style=\"display:none;\">Toggle<\/span><span class=\"ez-toc-icon-toggle-span\"><svg style=\"fill: #999;color:#999\" xmlns=\"http:\/\/www.w3.org\/2000\/svg\" class=\"list-377408\" width=\"20px\" height=\"20px\" viewBox=\"0 0 24 24\" fill=\"none\"><path d=\"M6 6H4v2h2V6zm14 0H8v2h12V6zM4 11h2v2H4v-2zm16 0H8v2h12v-2zM4 16h2v2H4v-2zm16 0H8v2h12v-2z\" fill=\"currentColor\"><\/path><\/svg><svg style=\"fill: #999;color:#999\" class=\"arrow-unsorted-368013\" xmlns=\"http:\/\/www.w3.org\/2000\/svg\" width=\"10px\" height=\"10px\" viewBox=\"0 0 24 24\" version=\"1.2\" baseProfile=\"tiny\"><path d=\"M18.2 9.3l-6.2-6.3-6.2 6.3c-.2.2-.3.4-.3.7s.1.5.3.7c.2.2.4.3.7.3h11c.3 0 .5-.1.7-.3.2-.2.3-.5.3-.7s-.1-.5-.3-.7zM5.8 14.7l6.2 6.3 6.2-6.3c.2-.2.3-.5.3-.7s-.1-.5-.3-.7c-.2-.2-.4-.3-.7-.3h-11c-.3 0-.5.1-.7.3-.2.2-.3.5-.3.7s.1.5.3.7z\"\/><\/svg><\/span><\/span><\/span><\/a><\/span><\/div>\n<nav><ul class='ez-toc-list ez-toc-list-level-1 ' ><li class='ez-toc-page-1 ez-toc-heading-level-2'><a class=\"ez-toc-link ez-toc-heading-1\" href=\"https:\/\/www.editorasolucao.com.br\/blog\/concurso\/prefeitura-de-setubinha-mg\/#Como_fazer_a_inscricao_no_concurso\" title=\"Como fazer a inscri\u00e7\u00e3o no concurso\">Como fazer a inscri\u00e7\u00e3o no concurso<\/a><\/li><li class='ez-toc-page-1 ez-toc-heading-level-2'><a class=\"ez-toc-link ez-toc-heading-2\" href=\"https:\/\/www.editorasolucao.com.br\/blog\/concurso\/prefeitura-de-setubinha-mg\/#Cargos_vagas_e_salarios_do_concurso\" title=\"Cargos, vagas e sal\u00e1rios do concurso\">Cargos, vagas e sal\u00e1rios do concurso<\/a><\/li><li class='ez-toc-page-1 ez-toc-heading-level-2'><a class=\"ez-toc-link ez-toc-heading-3\" href=\"https:\/\/www.editorasolucao.com.br\/blog\/concurso\/prefeitura-de-setubinha-mg\/#Como_serao_as_provas_do_concurso\" title=\"Como ser\u00e3o as provas do concurso?\">Como ser\u00e3o as provas do concurso?<\/a><\/li><\/ul><\/nav><\/div>\n<h2 class=\"wp-block-heading\"><span class=\"ez-toc-section\" id=\"Como_fazer_a_inscricao_no_concurso\"><\/span><strong>Como fazer a inscri\u00e7\u00e3o no concurso<\/strong><span class=\"ez-toc-section-end\"><\/span><\/h2>\n\n\n\n<p>Para participar, basta acessar o site da banca organizadora, <a rel=\"noreferrer noopener\" aria-label=\"Absoluto RH (abre em uma nova aba)\" href=\"https:\/\/absolutorh.listaeditais.com.br\/edital\/ver\/2152\" target=\"_blank\">Absoluto RH<\/a>, a partir do dia <strong>20 de setembro de 2019 at\u00e9 o dia 21 de outubro de 2019<\/strong>. As taxas de participa\u00e7\u00e3o variam de<strong> R$ 40,00 a R$ 120,00<\/strong>. <\/p>\n\n\n\n<p>Para os candidatos sem acesso \u00e0 internet, poder\u00e3o realizar as inscri\u00e7\u00f5es se dirigindo a sede da Prefeitura, localizada a rua In\u00e1cio Esteves Lima, 163, no Centro e, hor\u00e1rio comercial.<\/p>\n\n\n\n<p>Confira todos os detalhes sobre o concurso para que voc\u00ea possa iniciar sua prepara\u00e7\u00e3o.<br><\/p>\n\n\n\n<h2 class=\"wp-block-heading\"><span class=\"ez-toc-section\" id=\"Cargos_vagas_e_salarios_do_concurso\"><\/span>Cargos, vagas e sal\u00e1rios do concurso <br><span class=\"ez-toc-section-end\"><\/span><\/h2>\n\n\n\n<p>As<strong> 31 vagas<\/strong>est\u00e3o distribu\u00eddas entre os seguintes cargos:<\/p>\n\n\n\n<p>Assistente Administrativo (1); Assistente Educacional (1); Auxiliar Administrativo I (2); Auxiliar de Servi\u00e7os Gerais (5); Auxiliar de Servi\u00e7os P\u00fablicos (2); Enfermeiro (2); Gari (3); Motorista II (2); Oficial de Servi\u00e7os P\u00fablicos (2); Operador de M\u00e1quinas Pesadas \/ Patrol (1); Pedagogo (1); Professor I (2); Professor II (1); Servente Escolar (3); T\u00e9cnico de N\u00edvel Superior em Assist\u00eancia Social (1); T\u00e9cnico de N\u00edvel Superior em Sa\u00fade \/ Farmac\u00eautico Generalista (1) e Vigia (1).<\/p>\n\n\n\n<p>A remunera\u00e7\u00e3o inicial varia de<strong> R$ 998,00 a R$ 2.000,00<\/strong>. A jornada de trabalho compreender\u00e1 de 24 a 40 horas semanais.<\/p>\n\n\n\n<h2 class=\"wp-block-heading\"><span class=\"ez-toc-section\" id=\"Como_serao_as_provas_do_concurso\"><\/span><strong>Como ser\u00e3o as provas do concurso?<\/strong><br><span class=\"ez-toc-section-end\"><\/span><\/h2>\n\n\n\n<p>Todos os candidatos ser\u00e3o avaliados por provas objetivas a serem aplicadas no dia <strong>24 de novembro de 2019<\/strong>. Os locais e hor\u00e1rios de prova ser\u00e3o divulgados a partir do dia 21 de novembro.<\/p>\n\n\n\n<p>As provas objetivas ser\u00e3o compostas de 40 quest\u00f5es de m\u00faltipla escolha e versar\u00e3o sobre as disciplinas de:<\/p>\n\n\n\n<ul><li>L\u00edngua Portuguesa;<\/li><li>Racioc\u00ednio L\u00f3gico\/Matem\u00e1tica;<\/li><li>Inform\u00e1tica.<\/li><\/ul>\n\n\n\n<p><\/p>\n\n\n\n<p>Haver\u00e1 ainda<strong> prova pr\u00e1tica<\/strong> para os cargos de Motorista II e Operador de M\u00e1quinas Pesadas\/Patrol.<strong> Prova de t\u00edtulos <\/strong>para os cargos de n\u00edvel superior.<\/p>\n","protected":false},"excerpt":{"rendered":"<p>Aten\u00e7\u00e3o concurseiros! A Prefeitura\u00a0de\u00a0Setubinha\u00a0em Minas\u00a0Gerais publicou edital de concurso p\u00fablico com a oferta de 31 vagas para candidatos que tenham n\u00edvel de escolaridade alfabetizado, m\u00e9dio e superior e queiram iniciais de at\u00e9 R$ 2 mil! Como fazer a inscri\u00e7\u00e3o no concurso Para participar, basta acessar o site da banca organizadora, Absoluto RH, a partir do dia 20 de setembro de 2019 at\u00e9 o dia 21 de outubro de 2019. As taxas de participa\u00e7\u00e3o variam de R$ 40,00 a R$ 120,00. Para os candidatos sem acesso \u00e0 internet, poder\u00e3o realizar as inscri\u00e7\u00f5es se dirigindo a sede da Prefeitura, localizada a rua&#8230;<\/p>\n","protected":false},"author":3,"featured_media":2519,"template":"","meta":{"_acf_changed":false,"rank_math_lock_modified_date":false},"categories":[],"tags":[],"acf":[],"_links":{"self":[{"href":"https:\/\/www.editorasolucao.com.br\/blog\/wp-json\/wp\/v2\/concurso\/4293"}],"collection":[{"href":"https:\/\/www.editorasolucao.com.br\/blog\/wp-json\/wp\/v2\/concurso"}],"about":[{"href":"https:\/\/www.editorasolucao.com.br\/blog\/wp-json\/wp\/v2\/types\/concurso"}],"author":[{"embeddable":true,"href":"https:\/\/www.editorasolucao.com.br\/blog\/wp-json\/wp\/v2\/users\/3"}],"wp:featuredmedia":[{"embeddable":true,"href":"https:\/\/www.editorasolucao.com.br\/blog\/wp-json\/wp\/v2\/media\/2519"}],"wp:attachment":[{"href":"https:\/\/www.editorasolucao.com.br\/blog\/wp-json\/wp\/v2\/media?parent=4293"}],"wp:term":[{"taxonomy":"category","embeddable":true,"href":"https:\/\/www.editorasolucao.com.br\/blog\/wp-json\/wp\/v2\/categories?post=4293"},{"taxonomy":"post_tag","embeddable":true,"href":"https:\/\/www.editorasolucao.com.br\/blog\/wp-json\/wp\/v2\/tags?post=4293"}],"curies":[{"name":"wp","href":"https:\/\/api.w.org\/{rel}","templated":true}]}}

<p>Atenção concurseiros! A <strong>Prefeitura de Setubinha </strong>em <a rel="noreferrer noopener" aria-label=" (abre em uma nova aba)" href="https://www.editorasolucao.com.br/blog/concursos-abertos-mg" target="_blank">Minas Gerais</a> publicou <a href="http://www.editorasolucao.com.br" target="_blank" rel="noreferrer noopener" aria-label="edital  (abre em uma nova aba)">edital </a>de<strong> concurso público</strong> com a oferta de<strong> 31 vagas </strong>para candidatos que tenham nível de escolaridade <strong>alfabetizado, médio e superior</strong> e queiram iniciais de até <strong>R$ 2 mil</strong>!</p>



<div id="ez-toc-container" class="ez-toc-v2_0_69_1 counter-hierarchy ez-toc-counter ez-toc-grey ez-toc-container-direction">
<div class="ez-toc-title-container">
<p class="ez-toc-title " >Menu de navega&ccedil;&atilde;o</p>
<span class="ez-toc-title-toggle"><a href="#" class="ez-toc-pull-right ez-toc-btn ez-toc-btn-xs ez-toc-btn-default ez-toc-toggle" aria-label="Toggle Table of Content"><span class="ez-toc-js-icon-con"><span class=""><span class="eztoc-hide" style="display:none;">Toggle</span><span class="ez-toc-icon-toggle-span"><svg style="fill: #999;color:#999" xmlns="http://www.w3.org/2000/svg" class="list-377408" width="20px" height="20px" viewBox="0 0 24 24" fill="none"><path d="M6 6H4v2h2V6zm14 0H8v2h12V6zM4 11h2v2H4v-2zm16 0H8v2h12v-2zM4 16h2v2H4v-2zm16 0H8v2h12v-2z" fill="currentColor"></path></svg><svg style="fill: #999;color:#999" class="arrow-unsorted-368013" xmlns="http://www.w3.org/2000/svg" width="10px" height="10px" viewBox="0 0 24 24" version="1.2" baseProfile="tiny"><path d="M18.2 9.3l-6.2-6.3-6.2 6.3c-.2.2-.3.4-.3.7s.1.5.3.7c.2.2.4.3.7.3h11c.3 0 .5-.1.7-.3.2-.2.3-.5.3-.7s-.1-.5-.3-.7zM5.8 14.7l6.2 6.3 6.2-6.3c.2-.2.3-.5.3-.7s-.1-.5-.3-.7c-.2-.2-.4-.3-.7-.3h-11c-.3 0-.5.1-.7.3-.2.2-.3.5-.3.7s.1.5.3.7z"/></svg></span></span></span></a></span></div>
<nav><ul class='ez-toc-list ez-toc-list-level-1 ' ><li class='ez-toc-page-1 ez-toc-heading-level-2'><a class="ez-toc-link ez-toc-heading-1" href="https://www.editorasolucao.com.br/blog/concurso/prefeitura-de-setubinha-mg/#Como_fazer_a_inscricao_no_concurso" title="Como fazer a inscrição no concurso">Como fazer a inscrição no concurso</a></li><li class='ez-toc-page-1 ez-toc-heading-level-2'><a class="ez-toc-link ez-toc-heading-2" href="https://www.editorasolucao.com.br/blog/concurso/prefeitura-de-setubinha-mg/#Cargos_vagas_e_salarios_do_concurso" title="Cargos, vagas e salários do concurso">Cargos, vagas e salários do concurso</a></li><li class='ez-toc-page-1 ez-toc-heading-level-2'><a class="ez-toc-link ez-toc-heading-3" href="https://www.editorasolucao.com.br/blog/concurso/prefeitura-de-setubinha-mg/#Como_serao_as_provas_do_concurso" title="Como serão as provas do concurso?">Como serão as provas do concurso?</a></li></ul></nav></div>
<h2 class="wp-block-heading"><span class="ez-toc-section" id="Como_fazer_a_inscricao_no_concurso"></span><strong>Como fazer a inscrição no concurso</strong><span class="ez-toc-section-end"></span></h2>



<p>Para participar, basta acessar o site da banca organizadora, <a rel="noreferrer noopener" aria-label="Absoluto RH (abre em uma nova aba)" href="https://absolutorh.listaeditais.com.br/edital/ver/2152" target="_blank">Absoluto RH</a>, a partir do dia <strong>20 de setembro de 2019 até o dia 21 de outubro de 2019</strong>. As taxas de participação variam de<strong> R$ 40,00 a R$ 120,00</strong>. </p>



<p>Para os candidatos sem acesso à internet, poderão realizar as inscrições se dirigindo a sede da Prefeitura, localizada a rua Inácio Esteves Lima, 163, no Centro e, horário comercial.</p>



<p>Confira todos os detalhes sobre o concurso para que você possa iniciar sua preparação.<br></p>



<h2 class="wp-block-heading"><span class="ez-toc-section" id="Cargos_vagas_e_salarios_do_concurso"></span>Cargos, vagas e salários do concurso <br><span class="ez-toc-section-end"></span></h2>



<p>As<strong> 31 vagas</strong>estão distribuídas entre os seguintes cargos:</p>



<p>Assistente Administrativo (1); Assistente Educacional (1); Auxiliar Administrativo I (2); Auxiliar de Serviços Gerais (5); Auxiliar de Serviços Públicos (2); Enfermeiro (2); Gari (3); Motorista II (2); Oficial de Serviços Públicos (2); Operador de Máquinas Pesadas / Patrol (1); Pedagogo (1); Professor I (2); Professor II (1); Servente Escolar (3); Técnico de Nível Superior em Assistência Social (1); Técnico de Nível Superior em Saúde / Farmacêutico Generalista (1) e Vigia (1).</p>



<p>A remuneração inicial varia de<strong> R$ 998,00 a R$ 2.000,00</strong>. A jornada de trabalho compreenderá de 24 a 40 horas semanais.</p>



<h2 class="wp-block-heading"><span class="ez-toc-section" id="Como_serao_as_provas_do_concurso"></span><strong>Como serão as provas do concurso?</strong><br><span class="ez-toc-section-end"></span></h2>



<p>Todos os candidatos serão avaliados por provas objetivas a serem aplicadas no dia <strong>24 de novembro de 2019</strong>. Os locais e horários de prova serão divulgados a partir do dia 21 de novembro.</p>



<p>As provas objetivas serão compostas de 40 questões de múltipla escolha e versarão sobre as disciplinas de:</p>



<ul><li>Língua Portuguesa;</li><li>Raciocínio Lógico/Matemática;</li><li>Informática.</li></ul>



<p></p>



<p>Haverá ainda<strong> prova prática</strong> para os cargos de Motorista II e Operador de Máquinas Pesadas/Patrol.<strong> Prova de títulos </strong>para os cargos de nível superior.</p>

<p>Atenção concurseiros! A Prefeitura de Setubinha em Minas Gerais publicou edital de concurso público com a oferta de 31 vagas para candidatos que tenham nível de escolaridade alfabetizado, médio e superior e queiram iniciais de até R$ 2 mil! Como fazer a inscrição no concurso Para participar, basta acessar o site da banca organizadora, Absoluto RH, a partir do dia 20 de setembro de 2019 até o dia 21 de outubro de 2019. As taxas de participação variam de R$ 40,00 a R$ 120,00. Para os candidatos sem acesso à internet, poderão realizar as inscrições se dirigindo a sede da Prefeitura, localizada a rua&#8230;</p>
