{"id":4386,"date":"2019-07-22T14:00:01","date_gmt":"2019-07-22T17:00:01","guid":{"rendered":"https:\/\/www.editorasolucao.com.br\/blog\/?post_type=concurso&#038;p=4386"},"modified":"2019-07-20T19:13:09","modified_gmt":"2019-07-20T22:13:09","slug":"prefeitura-de-santa-barbara-do-monte-verde-mg","status":"publish","type":"concurso","link":"https:\/\/www.editorasolucao.com.br\/blog\/concurso\/prefeitura-de-santa-barbara-do-monte-verde-mg","title":{"rendered":"Concurso Prefeitura de Santa B\u00e1rbara do Monte Verde &#8211; MG 2019: Saiu o edital!"},"content":{"rendered":"\n<p>Foi publicado o <a rel=\"noreferrer noopener\" aria-label=\"edital  (abre em uma nova aba)\" href=\"http:\/\/www.editorasolucao.com.br\" target=\"_blank\">edital <\/a>do<strong> concurso Prefeitura&nbsp;de Santa&nbsp;B\u00e1rbara do&nbsp;Monte&nbsp;Verde<\/strong>, em <a rel=\"noreferrer noopener\" aria-label=\" (abre em uma nova aba)\" href=\"https:\/\/www.editorasolucao.com.br\/blog\/concursos-abertos-sphttps:\/\/www.editorasolucao.com.br\/blog\/concursos-abertos-mg\" target=\"_blank\">Minas&nbsp;Gerais<\/a>, visando o preenchimento de nada menos que <strong>102 vagas<\/strong> para candidatos com n\u00edveis <strong>fundamental, m\u00e9dio, t\u00e9cnico e superior<\/strong>; e sal\u00e1rios que chegam a <strong>R$ 3,9 mil<\/strong>!<\/p>\n\n\n\n<div id=\"ez-toc-container\" class=\"ez-toc-v2_0_69_1 counter-hierarchy ez-toc-counter ez-toc-grey ez-toc-container-direction\">\n<div class=\"ez-toc-title-container\">\n<p class=\"ez-toc-title \" >Menu de navega&ccedil;&atilde;o<\/p>\n<span class=\"ez-toc-title-toggle\"><a href=\"#\" class=\"ez-toc-pull-right ez-toc-btn ez-toc-btn-xs ez-toc-btn-default ez-toc-toggle\" aria-label=\"Toggle Table of Content\"><span class=\"ez-toc-js-icon-con\"><span class=\"\"><span class=\"eztoc-hide\" style=\"display:none;\">Toggle<\/span><span class=\"ez-toc-icon-toggle-span\"><svg style=\"fill: #999;color:#999\" xmlns=\"http:\/\/www.w3.org\/2000\/svg\" class=\"list-377408\" width=\"20px\" height=\"20px\" viewBox=\"0 0 24 24\" fill=\"none\"><path d=\"M6 6H4v2h2V6zm14 0H8v2h12V6zM4 11h2v2H4v-2zm16 0H8v2h12v-2zM4 16h2v2H4v-2zm16 0H8v2h12v-2z\" fill=\"currentColor\"><\/path><\/svg><svg style=\"fill: #999;color:#999\" class=\"arrow-unsorted-368013\" xmlns=\"http:\/\/www.w3.org\/2000\/svg\" width=\"10px\" height=\"10px\" viewBox=\"0 0 24 24\" version=\"1.2\" baseProfile=\"tiny\"><path d=\"M18.2 9.3l-6.2-6.3-6.2 6.3c-.2.2-.3.4-.3.7s.1.5.3.7c.2.2.4.3.7.3h11c.3 0 .5-.1.7-.3.2-.2.3-.5.3-.7s-.1-.5-.3-.7zM5.8 14.7l6.2 6.3 6.2-6.3c.2-.2.3-.5.3-.7s-.1-.5-.3-.7c-.2-.2-.4-.3-.7-.3h-11c-.3 0-.5.1-.7.3-.2.2-.3.5-.3.7s.1.5.3.7z\"\/><\/svg><\/span><\/span><\/span><\/a><\/span><\/div>\n<nav><ul class='ez-toc-list ez-toc-list-level-1 ' ><li class='ez-toc-page-1 ez-toc-heading-level-2'><a class=\"ez-toc-link ez-toc-heading-1\" href=\"https:\/\/www.editorasolucao.com.br\/blog\/concurso\/prefeitura-de-santa-barbara-do-monte-verde-mg\/#Como_fazer_a_inscricao_no_concurso\" title=\"Como fazer a inscri\u00e7\u00e3o no concurso\">Como fazer a inscri\u00e7\u00e3o no concurso<\/a><\/li><li class='ez-toc-page-1 ez-toc-heading-level-2'><a class=\"ez-toc-link ez-toc-heading-2\" href=\"https:\/\/www.editorasolucao.com.br\/blog\/concurso\/prefeitura-de-santa-barbara-do-monte-verde-mg\/#Cargos_e_salarios_do_concurso\" title=\"Cargos e sal\u00e1rios do concurso\">Cargos e sal\u00e1rios do concurso<\/a><\/li><li class='ez-toc-page-1 ez-toc-heading-level-2'><a class=\"ez-toc-link ez-toc-heading-3\" href=\"https:\/\/www.editorasolucao.com.br\/blog\/concurso\/prefeitura-de-santa-barbara-do-monte-verde-mg\/#Como_serao_as_provas_do_concurso\" title=\"Como ser\u00e3o as provas do concurso?\">Como ser\u00e3o as provas do concurso?<\/a><\/li><\/ul><\/nav><\/div>\n<h2 class=\"wp-block-heading\"><span class=\"ez-toc-section\" id=\"Como_fazer_a_inscricao_no_concurso\"><\/span><strong>Como fazer a inscri\u00e7\u00e3o no concurso<\/strong><span class=\"ez-toc-section-end\"><\/span><\/h2>\n\n\n\n<p>Para participar, basta acessar o site da banca organizadora, <a rel=\"noreferrer noopener\" aria-label=\"IBDO (abre em uma nova aba)\" href=\"http:\/\/www.ibdoprojetos.org.br\" target=\"_blank\">IBDO<\/a>, a partir do dia <strong>24 de setembro de 2019 at\u00e9 o dia 24 de outubro de 2019<\/strong>. As taxas de participa\u00e7\u00e3o variam de<strong> R$ 50,00 a R$ 90,00<\/strong>. <\/p>\n\n\n\n<p>Confira todos os detalhes sobre o concurso para que voc\u00ea possa iniciar sua prepara\u00e7\u00e3o.<br><\/p>\n\n\n\n<h2 class=\"wp-block-heading\"><span class=\"ez-toc-section\" id=\"Cargos_e_salarios_do_concurso\"><\/span>Cargos e sal\u00e1rios do concurso <br><span class=\"ez-toc-section-end\"><\/span><\/h2>\n\n\n\n<p>As oportunidades est\u00e3o distribu\u00eddas entre os seguintes cargos:<\/p>\n\n\n\n<p>Operador de Retroescavadeira, Encanador, Carpinteiro, Vigia, Motorista , Servente Escolar, Operador de Trator, T\u00e9cnico de Enfermagem, Professor Municipal, Professor de Educa\u00e7\u00e3o F\u00edsica, Psic\u00f3logo, Supervisor Pedag\u00f3gico, Agente de Endemias, Fiscal de Obras, Fiscal Sanit\u00e1rio, Inspetor de Disciplinas, Agente Social, Assistente de Creche, Coordenador de Tributos, Assistente Social, Contador, Cirurgi\u00e3o Dentista, Enfermeiro, Farmac\u00eautico, Fonoaudi\u00f3logo, M\u00e9dico Cl\u00ednico Geral, Nutricionista, Auxiliar de Servi\u00e7os Gerais, Faxineira, Operador de Motoniveladora e Pedreiro. <\/p>\n\n\n\n<p>A remunera\u00e7\u00e3o inicial varia de<strong> R$ 998,00 a R$ 3.923,62<\/strong>. A jornada de trabalho compreender\u00e1 de 16 a 40 horas semanais.<\/p>\n\n\n\n<h2 class=\"wp-block-heading\"><span class=\"ez-toc-section\" id=\"Como_serao_as_provas_do_concurso\"><\/span><strong>Como ser\u00e3o as provas do concurso?<\/strong><br><span class=\"ez-toc-section-end\"><\/span><\/h2>\n\n\n\n<p>Todos os candidatos ser\u00e3o avaliados por provas objetivas a serem aplicadas no dia <strong>24 de novembro de 2019<\/strong>. Os locais e hor\u00e1rios de prova ser\u00e3o divulgados a partir do dia 19 de novembro.<\/p>\n\n\n\n<p>As provas objetivas ser\u00e3o compostas por quest\u00f5es de m\u00faltipla escolha e versar\u00e3o sobre as disciplinas de:<\/p>\n\n\n\n<ul><li>L\u00edngua Portuguesa;<\/li><li>Racioc\u00ednio L\u00f3gico-Matem\u00e1tico;<\/li><li>Conhecimentos Espec\u00edficos.<\/li><\/ul>\n\n\n\n<p><\/p>\n\n\n\n<p>Haver\u00e1 ainda <strong>prova de t\u00edtulos<\/strong> para os cargos de n\u00edvel superior e <strong>prova pr\u00e1tica<\/strong> para os cargos de Motorista e Operador de M\u00e1quinas.<\/p>\n","protected":false},"excerpt":{"rendered":"<p>Foi publicado o edital do concurso Prefeitura&nbsp;de Santa&nbsp;B\u00e1rbara do&nbsp;Monte&nbsp;Verde, em Minas&nbsp;Gerais, visando o preenchimento de nada menos que 102 vagas para candidatos com n\u00edveis fundamental, m\u00e9dio, t\u00e9cnico e superior; e sal\u00e1rios que chegam a R$ 3,9 mil! Como fazer a inscri\u00e7\u00e3o no concurso Para participar, basta acessar o site da banca organizadora, IBDO, a partir do dia 24 de setembro de 2019 at\u00e9 o dia 24 de outubro de 2019. As taxas de participa\u00e7\u00e3o variam de R$ 50,00 a R$ 90,00. Confira todos os detalhes sobre o concurso para que voc\u00ea possa iniciar sua prepara\u00e7\u00e3o. Cargos e sal\u00e1rios do concurso&#8230;<\/p>\n","protected":false},"author":3,"featured_media":2749,"template":"","meta":{"_acf_changed":false,"rank_math_lock_modified_date":false},"categories":[],"tags":[],"acf":[],"_links":{"self":[{"href":"https:\/\/www.editorasolucao.com.br\/blog\/wp-json\/wp\/v2\/concurso\/4386"}],"collection":[{"href":"https:\/\/www.editorasolucao.com.br\/blog\/wp-json\/wp\/v2\/concurso"}],"about":[{"href":"https:\/\/www.editorasolucao.com.br\/blog\/wp-json\/wp\/v2\/types\/concurso"}],"author":[{"embeddable":true,"href":"https:\/\/www.editorasolucao.com.br\/blog\/wp-json\/wp\/v2\/users\/3"}],"wp:featuredmedia":[{"embeddable":true,"href":"https:\/\/www.editorasolucao.com.br\/blog\/wp-json\/wp\/v2\/media\/2749"}],"wp:attachment":[{"href":"https:\/\/www.editorasolucao.com.br\/blog\/wp-json\/wp\/v2\/media?parent=4386"}],"wp:term":[{"taxonomy":"category","embeddable":true,"href":"https:\/\/www.editorasolucao.com.br\/blog\/wp-json\/wp\/v2\/categories?post=4386"},{"taxonomy":"post_tag","embeddable":true,"href":"https:\/\/www.editorasolucao.com.br\/blog\/wp-json\/wp\/v2\/tags?post=4386"}],"curies":[{"name":"wp","href":"https:\/\/api.w.org\/{rel}","templated":true}]}}

Concurso Prefeitura de Santa Bárbara do Monte Verde &#8211; MG 2019: Saiu o edital!

<p>Foi publicado o <a rel="noreferrer noopener" aria-label="edital  (abre em uma nova aba)" href="http://www.editorasolucao.com.br" target="_blank">edital </a>do<strong> concurso Prefeitura&nbsp;de Santa&nbsp;Bárbara do&nbsp;Monte&nbsp;Verde</strong>, em <a rel="noreferrer noopener" aria-label=" (abre em uma nova aba)" href="https://www.editorasolucao.com.br/blog/concursos-abertos-sphttps://www.editorasolucao.com.br/blog/concursos-abertos-mg" target="_blank">Minas&nbsp;Gerais</a>, visando o preenchimento de nada menos que <strong>102 vagas</strong> para candidatos com níveis <strong>fundamental, médio, técnico e superior</strong>; e salários que chegam a <strong>R$ 3,9 mil</strong>!</p>



<div id="ez-toc-container" class="ez-toc-v2_0_69_1 counter-hierarchy ez-toc-counter ez-toc-grey ez-toc-container-direction">
<div class="ez-toc-title-container">
<p class="ez-toc-title " >Menu de navega&ccedil;&atilde;o</p>
<span class="ez-toc-title-toggle"><a href="#" class="ez-toc-pull-right ez-toc-btn ez-toc-btn-xs ez-toc-btn-default ez-toc-toggle" aria-label="Toggle Table of Content"><span class="ez-toc-js-icon-con"><span class=""><span class="eztoc-hide" style="display:none;">Toggle</span><span class="ez-toc-icon-toggle-span"><svg style="fill: #999;color:#999" xmlns="http://www.w3.org/2000/svg" class="list-377408" width="20px" height="20px" viewBox="0 0 24 24" fill="none"><path d="M6 6H4v2h2V6zm14 0H8v2h12V6zM4 11h2v2H4v-2zm16 0H8v2h12v-2zM4 16h2v2H4v-2zm16 0H8v2h12v-2z" fill="currentColor"></path></svg><svg style="fill: #999;color:#999" class="arrow-unsorted-368013" xmlns="http://www.w3.org/2000/svg" width="10px" height="10px" viewBox="0 0 24 24" version="1.2" baseProfile="tiny"><path d="M18.2 9.3l-6.2-6.3-6.2 6.3c-.2.2-.3.4-.3.7s.1.5.3.7c.2.2.4.3.7.3h11c.3 0 .5-.1.7-.3.2-.2.3-.5.3-.7s-.1-.5-.3-.7zM5.8 14.7l6.2 6.3 6.2-6.3c.2-.2.3-.5.3-.7s-.1-.5-.3-.7c-.2-.2-.4-.3-.7-.3h-11c-.3 0-.5.1-.7.3-.2.2-.3.5-.3.7s.1.5.3.7z"/></svg></span></span></span></a></span></div>
<nav><ul class='ez-toc-list ez-toc-list-level-1 ' ><li class='ez-toc-page-1 ez-toc-heading-level-2'><a class="ez-toc-link ez-toc-heading-1" href="https://www.editorasolucao.com.br/blog/concurso/prefeitura-de-santa-barbara-do-monte-verde-mg/#Como_fazer_a_inscricao_no_concurso" title="Como fazer a inscrição no concurso">Como fazer a inscrição no concurso</a></li><li class='ez-toc-page-1 ez-toc-heading-level-2'><a class="ez-toc-link ez-toc-heading-2" href="https://www.editorasolucao.com.br/blog/concurso/prefeitura-de-santa-barbara-do-monte-verde-mg/#Cargos_e_salarios_do_concurso" title="Cargos e salários do concurso">Cargos e salários do concurso</a></li><li class='ez-toc-page-1 ez-toc-heading-level-2'><a class="ez-toc-link ez-toc-heading-3" href="https://www.editorasolucao.com.br/blog/concurso/prefeitura-de-santa-barbara-do-monte-verde-mg/#Como_serao_as_provas_do_concurso" title="Como serão as provas do concurso?">Como serão as provas do concurso?</a></li></ul></nav></div>
<h2 class="wp-block-heading"><span class="ez-toc-section" id="Como_fazer_a_inscricao_no_concurso"></span><strong>Como fazer a inscrição no concurso</strong><span class="ez-toc-section-end"></span></h2>



<p>Para participar, basta acessar o site da banca organizadora, <a rel="noreferrer noopener" aria-label="IBDO (abre em uma nova aba)" href="http://www.ibdoprojetos.org.br" target="_blank">IBDO</a>, a partir do dia <strong>24 de setembro de 2019 até o dia 24 de outubro de 2019</strong>. As taxas de participação variam de<strong> R$ 50,00 a R$ 90,00</strong>. </p>



<p>Confira todos os detalhes sobre o concurso para que você possa iniciar sua preparação.<br></p>



<h2 class="wp-block-heading"><span class="ez-toc-section" id="Cargos_e_salarios_do_concurso"></span>Cargos e salários do concurso <br><span class="ez-toc-section-end"></span></h2>



<p>As oportunidades estão distribuídas entre os seguintes cargos:</p>



<p>Operador de Retroescavadeira, Encanador, Carpinteiro, Vigia, Motorista , Servente Escolar, Operador de Trator, Técnico de Enfermagem, Professor Municipal, Professor de Educação Física, Psicólogo, Supervisor Pedagógico, Agente de Endemias, Fiscal de Obras, Fiscal Sanitário, Inspetor de Disciplinas, Agente Social, Assistente de Creche, Coordenador de Tributos, Assistente Social, Contador, Cirurgião Dentista, Enfermeiro, Farmacêutico, Fonoaudiólogo, Médico Clínico Geral, Nutricionista, Auxiliar de Serviços Gerais, Faxineira, Operador de Motoniveladora e Pedreiro. </p>



<p>A remuneração inicial varia de<strong> R$ 998,00 a R$ 3.923,62</strong>. A jornada de trabalho compreenderá de 16 a 40 horas semanais.</p>



<h2 class="wp-block-heading"><span class="ez-toc-section" id="Como_serao_as_provas_do_concurso"></span><strong>Como serão as provas do concurso?</strong><br><span class="ez-toc-section-end"></span></h2>



<p>Todos os candidatos serão avaliados por provas objetivas a serem aplicadas no dia <strong>24 de novembro de 2019</strong>. Os locais e horários de prova serão divulgados a partir do dia 19 de novembro.</p>



<p>As provas objetivas serão compostas por questões de múltipla escolha e versarão sobre as disciplinas de:</p>



<ul><li>Língua Portuguesa;</li><li>Raciocínio Lógico-Matemático;</li><li>Conhecimentos Específicos.</li></ul>



<p></p>



<p>Haverá ainda <strong>prova de títulos</strong> para os cargos de nível superior e <strong>prova prática</strong> para os cargos de Motorista e Operador de Máquinas.</p>

<p>Foi publicado o edital do concurso Prefeitura&nbsp;de Santa&nbsp;Bárbara do&nbsp;Monte&nbsp;Verde, em Minas&nbsp;Gerais, visando o preenchimento de nada menos que 102 vagas para candidatos com níveis fundamental, médio, técnico e superior; e salários que chegam a R$ 3,9 mil! Como fazer a inscrição no concurso Para participar, basta acessar o site da banca organizadora, IBDO, a partir do dia 24 de setembro de 2019 até o dia 24 de outubro de 2019. As taxas de participação variam de R$ 50,00 a R$ 90,00. Confira todos os detalhes sobre o concurso para que você possa iniciar sua preparação. Cargos e salários do concurso&#8230;</p>
