{"id":4681,"date":"2019-08-08T16:00:32","date_gmt":"2019-08-08T19:00:32","guid":{"rendered":"https:\/\/www.editorasolucao.com.br\/blog\/?post_type=concurso&#038;p=4681"},"modified":"2019-08-08T16:00:33","modified_gmt":"2019-08-08T19:00:33","slug":"prefeitura-de-pinto-bandeira-rs","status":"publish","type":"concurso","link":"https:\/\/www.editorasolucao.com.br\/blog\/concurso\/prefeitura-de-pinto-bandeira-rs","title":{"rendered":"Concurso Prefeitura de Pinto Bandeira &#8211; RS 2019: Vagas para todos os n\u00edveis!"},"content":{"rendered":"\n<p>A <strong>Prefeitura de\u00a0Pinto\u00a0Bandeira<\/strong>, no <a rel=\"noreferrer noopener\" aria-label=\" (abre em uma nova aba)\" href=\"https:\/\/www.editorasolucao.com.br\/blog\/concursos-abertos-rs\" target=\"_blank\">Rio\u00a0Grande\u00a0do\u00a0Sul<\/a> lan\u00e7ou edital de <strong>concurso p\u00fablico<\/strong> com a <a href=\"http:\/\/www.editorasolucao.com.br\" target=\"_blank\" rel=\"noreferrer noopener\" aria-label=\"oferta  (abre em uma nova aba)\">oferta <\/a>de <strong>58 vagas<\/strong>. As oportunidades s\u00e3o para candidatos de <strong>todos os n\u00edveis de escolaridade<\/strong> e a remunera\u00e7\u00e3o inicial chega a <strong>R$ 7,3 mil<\/strong>!<\/p>\n\n\n\n<div id=\"ez-toc-container\" class=\"ez-toc-v2_0_69_1 counter-hierarchy ez-toc-counter ez-toc-grey ez-toc-container-direction\">\n<div class=\"ez-toc-title-container\">\n<p class=\"ez-toc-title \" >Menu de navega&ccedil;&atilde;o<\/p>\n<span class=\"ez-toc-title-toggle\"><a href=\"#\" class=\"ez-toc-pull-right ez-toc-btn ez-toc-btn-xs ez-toc-btn-default ez-toc-toggle\" aria-label=\"Toggle Table of Content\"><span class=\"ez-toc-js-icon-con\"><span class=\"\"><span class=\"eztoc-hide\" style=\"display:none;\">Toggle<\/span><span class=\"ez-toc-icon-toggle-span\"><svg style=\"fill: #999;color:#999\" xmlns=\"http:\/\/www.w3.org\/2000\/svg\" class=\"list-377408\" width=\"20px\" height=\"20px\" viewBox=\"0 0 24 24\" fill=\"none\"><path d=\"M6 6H4v2h2V6zm14 0H8v2h12V6zM4 11h2v2H4v-2zm16 0H8v2h12v-2zM4 16h2v2H4v-2zm16 0H8v2h12v-2z\" fill=\"currentColor\"><\/path><\/svg><svg style=\"fill: #999;color:#999\" class=\"arrow-unsorted-368013\" xmlns=\"http:\/\/www.w3.org\/2000\/svg\" width=\"10px\" height=\"10px\" viewBox=\"0 0 24 24\" version=\"1.2\" baseProfile=\"tiny\"><path d=\"M18.2 9.3l-6.2-6.3-6.2 6.3c-.2.2-.3.4-.3.7s.1.5.3.7c.2.2.4.3.7.3h11c.3 0 .5-.1.7-.3.2-.2.3-.5.3-.7s-.1-.5-.3-.7zM5.8 14.7l6.2 6.3 6.2-6.3c.2-.2.3-.5.3-.7s-.1-.5-.3-.7c-.2-.2-.4-.3-.7-.3h-11c-.3 0-.5.1-.7.3-.2.2-.3.5-.3.7s.1.5.3.7z\"\/><\/svg><\/span><\/span><\/span><\/a><\/span><\/div>\n<nav><ul class='ez-toc-list ez-toc-list-level-1 ' ><li class='ez-toc-page-1 ez-toc-heading-level-2'><a class=\"ez-toc-link ez-toc-heading-1\" href=\"https:\/\/www.editorasolucao.com.br\/blog\/concurso\/prefeitura-de-pinto-bandeira-rs\/#Inscricoes_do_concurso_Prefeitura_de_Pinto_Bandeira\" title=\"Inscri\u00e7\u00f5es do concurso Prefeitura de Pinto\u00a0Bandeira\">Inscri\u00e7\u00f5es do concurso Prefeitura de Pinto\u00a0Bandeira<\/a><\/li><li class='ez-toc-page-1 ez-toc-heading-level-2'><a class=\"ez-toc-link ez-toc-heading-2\" href=\"https:\/\/www.editorasolucao.com.br\/blog\/concurso\/prefeitura-de-pinto-bandeira-rs\/#Cargos_vagas_e_salarios_do_concurso\" title=\"Cargos, vagas e sal\u00e1rios do concurso\">Cargos, vagas e sal\u00e1rios do concurso<\/a><\/li><li class='ez-toc-page-1 ez-toc-heading-level-2'><a class=\"ez-toc-link ez-toc-heading-3\" href=\"https:\/\/www.editorasolucao.com.br\/blog\/concurso\/prefeitura-de-pinto-bandeira-rs\/#Como_serao_as_provas_do_concurso\" title=\"Como ser\u00e3o as provas do concurso?\">Como ser\u00e3o as provas do concurso?<\/a><\/li><\/ul><\/nav><\/div>\n<h2 class=\"wp-block-heading\"><span class=\"ez-toc-section\" id=\"Inscricoes_do_concurso_Prefeitura_de_Pinto_Bandeira\"><\/span><strong>Inscri\u00e7\u00f5es do concurso Prefeitura de Pinto\u00a0Bandeira<\/strong><span class=\"ez-toc-section-end\"><\/span><\/h2>\n\n\n\n<p>Para participar, acesse o site da banca organizadora, <a rel=\"noreferrer noopener\" aria-label=\"Objetivas (abre em uma nova aba)\" href=\"https:\/\/objetivas.com.br\/home\" target=\"_blank\">Objetivas<\/a>, a partir do dia <strong>09 de agosto at\u00e9 o dia 09 de setembro de 2019<\/strong>. As taxas variam de <strong>R$ 50,00 a R$ 100,00<\/strong>.<\/p>\n\n\n\n<p>Confira todos os detalhes sobre o concurso para que voc\u00ea possa iniciar sua prepara\u00e7\u00e3o.<br><\/p>\n\n\n\n<h2 class=\"wp-block-heading\"><span class=\"ez-toc-section\" id=\"Cargos_vagas_e_salarios_do_concurso\"><\/span><strong>Cargos, vagas e sal\u00e1rios do concurso <\/strong><br><span class=\"ez-toc-section-end\"><\/span><\/h2>\n\n\n\n<p>As<strong> 58 oportunidades<\/strong> est\u00e3o distribu\u00eddas entre os seguintes cargos:<\/p>\n\n\n\n<p><strong>Edital 01\/2019: <\/strong>Auxiliar Administrativo (2), Auxiliar de Educa\u00e7\u00e3o Infantil (6), Auxiliar de Servi\u00e7os Gerais (4), M\u00e9dico Pediatra (1), M\u00e9dico Veterin\u00e1rio (1), Motorista (4), Nutricionista (1), Odont\u00f3logo (1), Operador de M\u00e1quinas (2), T\u00e9cnico em Enfermagem (2), Enfermeiro (1), Engenheiro Civil (1), Farmac\u00eautico (1), Fiscal Ambiental e Sanit\u00e1rio (1), Fiscal Tribut\u00e1rio (1), Fisioterapeuta (1), Oper\u00e1rio (3), Agente Comunit\u00e1rio de Sa\u00fade (7), Assistente Social (1), Contador (1), Controlador Interno (1), M\u00e9dico Cl\u00ednico Geral (2) e Psic\u00f3logo (1).<\/p>\n\n\n\n<p><strong>Edital 02\/2019:<\/strong> Professor de Anos Iniciais do Ensino Fundamental (5), Professor de Educa\u00e7\u00e3o F\u00edsica (1) e Professor de Educa\u00e7\u00e3o Infantil (6). <\/p>\n\n\n\n<p>A remunera\u00e7\u00e3o inicial varia de <strong>R$ 1.291,50 e R$ 7.372,21.<\/strong> Com a jornada de trabalho de 12 a 40 horas semanais.<\/p>\n\n\n\n<h2 class=\"wp-block-heading\"><span class=\"ez-toc-section\" id=\"Como_serao_as_provas_do_concurso\"><\/span><strong>Como ser\u00e3o as provas do concurso?<\/strong><br><span class=\"ez-toc-section-end\"><\/span><\/h2>\n\n\n\n<p>O processo de avalia\u00e7\u00e3o dos candidatos se dar\u00e1 por meio de prova objetiva a ser aplicada no dia <strong>20 de outubro de 2019. <\/strong>Os locais e hor\u00e1rios de prova ser\u00e3o divulgados a partir do dia 04 de outubro. <\/p>\n\n\n\n<p>As provas objetivas ser\u00e3o compostas por quest\u00f5es de m\u00faltipla escolha e versar\u00e3o sobre disciplinas de:<\/p>\n\n\n\n<ul><li>Portugu\u00eas;<\/li><li>Inform\u00e1tica;<\/li><li>Racioc\u00ednio L\u00f3gico;<\/li><li>Legisla\u00e7\u00e3o;<\/li><li>Conhecimentos Espec\u00edficos.<\/li><\/ul>\n\n\n\n<p><\/p>\n\n\n\n<p>Haver\u00e1 ainda <strong>prova pr\u00e1tica<\/strong> para os cargos de Operador de M\u00e1quinas, Motorista e Oper\u00e1rio. <strong>Prova de t\u00edtulos <\/strong>para cargos de n\u00edvel superior. <\/p>\n\n\n\n<div class=\"wp-block-file\"><a href=\"https:\/\/www.editorasolucao.com.br\/blog\/wp-content\/uploads\/2019\/08\/edital-01-2019.pdf\">Edital 01\/2019<\/a><a href=\"https:\/\/www.editorasolucao.com.br\/blog\/wp-content\/uploads\/2019\/08\/edital-01-2019.pdf\" class=\"wp-block-file__button\" download>Baixar<\/a><\/div>\n\n\n\n<div class=\"wp-block-file\"><a href=\"https:\/\/www.editorasolucao.com.br\/blog\/wp-content\/uploads\/2019\/08\/Edital-02-2019.pdf\">Edital 02\/2019<\/a><a href=\"https:\/\/www.editorasolucao.com.br\/blog\/wp-content\/uploads\/2019\/08\/Edital-02-2019.pdf\" class=\"wp-block-file__button\" download>Baixar<\/a><\/div>\n\n\n\n<p><\/p>\n","protected":false},"excerpt":{"rendered":"<p>A Prefeitura de\u00a0Pinto\u00a0Bandeira, no Rio\u00a0Grande\u00a0do\u00a0Sul lan\u00e7ou edital de concurso p\u00fablico com a oferta de 58 vagas. As oportunidades s\u00e3o para candidatos de todos os n\u00edveis de escolaridade e a remunera\u00e7\u00e3o inicial chega a R$ 7,3 mil! Inscri\u00e7\u00f5es do concurso Prefeitura de Pinto\u00a0Bandeira Para participar, acesse o site da banca organizadora, Objetivas, a partir do dia 09 de agosto at\u00e9 o dia 09 de setembro de 2019. As taxas variam de R$ 50,00 a R$ 100,00. Confira todos os detalhes sobre o concurso para que voc\u00ea possa iniciar sua prepara\u00e7\u00e3o. Cargos, vagas e sal\u00e1rios do concurso As 58 oportunidades est\u00e3o distribu\u00eddas&#8230;<\/p>\n","protected":false},"author":3,"featured_media":4684,"template":"","meta":{"_acf_changed":false,"rank_math_lock_modified_date":false},"categories":[],"tags":[],"acf":[],"_links":{"self":[{"href":"https:\/\/www.editorasolucao.com.br\/blog\/wp-json\/wp\/v2\/concurso\/4681"}],"collection":[{"href":"https:\/\/www.editorasolucao.com.br\/blog\/wp-json\/wp\/v2\/concurso"}],"about":[{"href":"https:\/\/www.editorasolucao.com.br\/blog\/wp-json\/wp\/v2\/types\/concurso"}],"author":[{"embeddable":true,"href":"https:\/\/www.editorasolucao.com.br\/blog\/wp-json\/wp\/v2\/users\/3"}],"wp:featuredmedia":[{"embeddable":true,"href":"https:\/\/www.editorasolucao.com.br\/blog\/wp-json\/wp\/v2\/media\/4684"}],"wp:attachment":[{"href":"https:\/\/www.editorasolucao.com.br\/blog\/wp-json\/wp\/v2\/media?parent=4681"}],"wp:term":[{"taxonomy":"category","embeddable":true,"href":"https:\/\/www.editorasolucao.com.br\/blog\/wp-json\/wp\/v2\/categories?post=4681"},{"taxonomy":"post_tag","embeddable":true,"href":"https:\/\/www.editorasolucao.com.br\/blog\/wp-json\/wp\/v2\/tags?post=4681"}],"curies":[{"name":"wp","href":"https:\/\/api.w.org\/{rel}","templated":true}]}}

Concurso Prefeitura de Pinto Bandeira &#8211; RS 2019: Vagas para todos os níveis!

<p>A <strong>Prefeitura de Pinto Bandeira</strong>, no <a rel="noreferrer noopener" aria-label=" (abre em uma nova aba)" href="https://www.editorasolucao.com.br/blog/concursos-abertos-rs" target="_blank">Rio Grande do Sul</a> lançou edital de <strong>concurso público</strong> com a <a href="http://www.editorasolucao.com.br" target="_blank" rel="noreferrer noopener" aria-label="oferta  (abre em uma nova aba)">oferta </a>de <strong>58 vagas</strong>. As oportunidades são para candidatos de <strong>todos os níveis de escolaridade</strong> e a remuneração inicial chega a <strong>R$ 7,3 mil</strong>!</p>



<div id="ez-toc-container" class="ez-toc-v2_0_69_1 counter-hierarchy ez-toc-counter ez-toc-grey ez-toc-container-direction">
<div class="ez-toc-title-container">
<p class="ez-toc-title " >Menu de navega&ccedil;&atilde;o</p>
<span class="ez-toc-title-toggle"><a href="#" class="ez-toc-pull-right ez-toc-btn ez-toc-btn-xs ez-toc-btn-default ez-toc-toggle" aria-label="Toggle Table of Content"><span class="ez-toc-js-icon-con"><span class=""><span class="eztoc-hide" style="display:none;">Toggle</span><span class="ez-toc-icon-toggle-span"><svg style="fill: #999;color:#999" xmlns="http://www.w3.org/2000/svg" class="list-377408" width="20px" height="20px" viewBox="0 0 24 24" fill="none"><path d="M6 6H4v2h2V6zm14 0H8v2h12V6zM4 11h2v2H4v-2zm16 0H8v2h12v-2zM4 16h2v2H4v-2zm16 0H8v2h12v-2z" fill="currentColor"></path></svg><svg style="fill: #999;color:#999" class="arrow-unsorted-368013" xmlns="http://www.w3.org/2000/svg" width="10px" height="10px" viewBox="0 0 24 24" version="1.2" baseProfile="tiny"><path d="M18.2 9.3l-6.2-6.3-6.2 6.3c-.2.2-.3.4-.3.7s.1.5.3.7c.2.2.4.3.7.3h11c.3 0 .5-.1.7-.3.2-.2.3-.5.3-.7s-.1-.5-.3-.7zM5.8 14.7l6.2 6.3 6.2-6.3c.2-.2.3-.5.3-.7s-.1-.5-.3-.7c-.2-.2-.4-.3-.7-.3h-11c-.3 0-.5.1-.7.3-.2.2-.3.5-.3.7s.1.5.3.7z"/></svg></span></span></span></a></span></div>
<nav><ul class='ez-toc-list ez-toc-list-level-1 ' ><li class='ez-toc-page-1 ez-toc-heading-level-2'><a class="ez-toc-link ez-toc-heading-1" href="https://www.editorasolucao.com.br/blog/concurso/prefeitura-de-pinto-bandeira-rs/#Inscricoes_do_concurso_Prefeitura_de_Pinto_Bandeira" title="Inscrições do concurso Prefeitura de Pinto Bandeira">Inscrições do concurso Prefeitura de Pinto Bandeira</a></li><li class='ez-toc-page-1 ez-toc-heading-level-2'><a class="ez-toc-link ez-toc-heading-2" href="https://www.editorasolucao.com.br/blog/concurso/prefeitura-de-pinto-bandeira-rs/#Cargos_vagas_e_salarios_do_concurso" title="Cargos, vagas e salários do concurso">Cargos, vagas e salários do concurso</a></li><li class='ez-toc-page-1 ez-toc-heading-level-2'><a class="ez-toc-link ez-toc-heading-3" href="https://www.editorasolucao.com.br/blog/concurso/prefeitura-de-pinto-bandeira-rs/#Como_serao_as_provas_do_concurso" title="Como serão as provas do concurso?">Como serão as provas do concurso?</a></li></ul></nav></div>
<h2 class="wp-block-heading"><span class="ez-toc-section" id="Inscricoes_do_concurso_Prefeitura_de_Pinto_Bandeira"></span><strong>Inscrições do concurso Prefeitura de Pinto Bandeira</strong><span class="ez-toc-section-end"></span></h2>



<p>Para participar, acesse o site da banca organizadora, <a rel="noreferrer noopener" aria-label="Objetivas (abre em uma nova aba)" href="https://objetivas.com.br/home" target="_blank">Objetivas</a>, a partir do dia <strong>09 de agosto até o dia 09 de setembro de 2019</strong>. As taxas variam de <strong>R$ 50,00 a R$ 100,00</strong>.</p>



<p>Confira todos os detalhes sobre o concurso para que você possa iniciar sua preparação.<br></p>



<h2 class="wp-block-heading"><span class="ez-toc-section" id="Cargos_vagas_e_salarios_do_concurso"></span><strong>Cargos, vagas e salários do concurso </strong><br><span class="ez-toc-section-end"></span></h2>



<p>As<strong> 58 oportunidades</strong> estão distribuídas entre os seguintes cargos:</p>



<p><strong>Edital 01/2019: </strong>Auxiliar Administrativo (2), Auxiliar de Educação Infantil (6), Auxiliar de Serviços Gerais (4), Médico Pediatra (1), Médico Veterinário (1), Motorista (4), Nutricionista (1), Odontólogo (1), Operador de Máquinas (2), Técnico em Enfermagem (2), Enfermeiro (1), Engenheiro Civil (1), Farmacêutico (1), Fiscal Ambiental e Sanitário (1), Fiscal Tributário (1), Fisioterapeuta (1), Operário (3), Agente Comunitário de Saúde (7), Assistente Social (1), Contador (1), Controlador Interno (1), Médico Clínico Geral (2) e Psicólogo (1).</p>



<p><strong>Edital 02/2019:</strong> Professor de Anos Iniciais do Ensino Fundamental (5), Professor de Educação Física (1) e Professor de Educação Infantil (6). </p>



<p>A remuneração inicial varia de <strong>R$ 1.291,50 e R$ 7.372,21.</strong> Com a jornada de trabalho de 12 a 40 horas semanais.</p>



<h2 class="wp-block-heading"><span class="ez-toc-section" id="Como_serao_as_provas_do_concurso"></span><strong>Como serão as provas do concurso?</strong><br><span class="ez-toc-section-end"></span></h2>



<p>O processo de avaliação dos candidatos se dará por meio de prova objetiva a ser aplicada no dia <strong>20 de outubro de 2019. </strong>Os locais e horários de prova serão divulgados a partir do dia 04 de outubro. </p>



<p>As provas objetivas serão compostas por questões de múltipla escolha e versarão sobre disciplinas de:</p>



<ul><li>Português;</li><li>Informática;</li><li>Raciocínio Lógico;</li><li>Legislação;</li><li>Conhecimentos Específicos.</li></ul>



<p></p>



<p>Haverá ainda <strong>prova prática</strong> para os cargos de Operador de Máquinas, Motorista e Operário. <strong>Prova de títulos </strong>para cargos de nível superior. </p>



<div class="wp-block-file"><a href="https://www.editorasolucao.com.br/blog/wp-content/uploads/2019/08/edital-01-2019.pdf">Edital 01/2019</a><a href="https://www.editorasolucao.com.br/blog/wp-content/uploads/2019/08/edital-01-2019.pdf" class="wp-block-file__button" download>Baixar</a></div>



<div class="wp-block-file"><a href="https://www.editorasolucao.com.br/blog/wp-content/uploads/2019/08/Edital-02-2019.pdf">Edital 02/2019</a><a href="https://www.editorasolucao.com.br/blog/wp-content/uploads/2019/08/Edital-02-2019.pdf" class="wp-block-file__button" download>Baixar</a></div>



<p></p>

<p>A Prefeitura de Pinto Bandeira, no Rio Grande do Sul lançou edital de concurso público com a oferta de 58 vagas. As oportunidades são para candidatos de todos os níveis de escolaridade e a remuneração inicial chega a R$ 7,3 mil! Inscrições do concurso Prefeitura de Pinto Bandeira Para participar, acesse o site da banca organizadora, Objetivas, a partir do dia 09 de agosto até o dia 09 de setembro de 2019. As taxas variam de R$ 50,00 a R$ 100,00. Confira todos os detalhes sobre o concurso para que você possa iniciar sua preparação. Cargos, vagas e salários do concurso As 58 oportunidades estão distribuídas&#8230;</p>
