{"id":4760,"date":"2019-08-13T15:13:44","date_gmt":"2019-08-13T18:13:44","guid":{"rendered":"https:\/\/www.editorasolucao.com.br\/blog\/?post_type=concurso&#038;p=4760"},"modified":"2019-08-13T15:23:25","modified_gmt":"2019-08-13T18:23:25","slug":"prefeitura-de-cristal-rs","status":"publish","type":"concurso","link":"https:\/\/www.editorasolucao.com.br\/blog\/concurso\/prefeitura-de-cristal-rs","title":{"rendered":"Concurso Prefeitura de Cristal &#8211; RS 2019: N\u00edveis m\u00e9dio e superior!"},"content":{"rendered":"\n<p>Est\u00e3o abertas as <a rel=\"noreferrer noopener\" aria-label=\"edital  (abre em uma nova aba)\" href=\"http:\/\/www.editorasolucao.com.br\" target=\"_blank\">inscri\u00e7\u00f5es&nbsp;<\/a>do <strong>concurso Prefeitura de&nbsp;Cristal<\/strong>, no <a rel=\"noreferrer noopener\" aria-label=\" (abre em uma nova aba)\" href=\"https:\/\/www.editorasolucao.com.br\/blog\/concursos-abertos-rs\" target=\"_blank\">Rio&nbsp;Grande&nbsp;do&nbsp;Sul<\/a> visando o preenchimento de <strong>31 vagas<\/strong> para candidatos de<strong> n\u00edveis m\u00e9dio e superior de escolaridade<\/strong> com remunera\u00e7\u00e3o inicial chega a <strong>R$ 3,8 mil<\/strong>!<\/p>\n\n\n\n<div id=\"ez-toc-container\" class=\"ez-toc-v2_0_69_1 counter-hierarchy ez-toc-counter ez-toc-grey ez-toc-container-direction\">\n<div class=\"ez-toc-title-container\">\n<p class=\"ez-toc-title \" >Menu de navega&ccedil;&atilde;o<\/p>\n<span class=\"ez-toc-title-toggle\"><a href=\"#\" class=\"ez-toc-pull-right ez-toc-btn ez-toc-btn-xs ez-toc-btn-default ez-toc-toggle\" aria-label=\"Toggle Table of Content\"><span class=\"ez-toc-js-icon-con\"><span class=\"\"><span class=\"eztoc-hide\" style=\"display:none;\">Toggle<\/span><span class=\"ez-toc-icon-toggle-span\"><svg style=\"fill: #999;color:#999\" xmlns=\"http:\/\/www.w3.org\/2000\/svg\" class=\"list-377408\" width=\"20px\" height=\"20px\" viewBox=\"0 0 24 24\" fill=\"none\"><path d=\"M6 6H4v2h2V6zm14 0H8v2h12V6zM4 11h2v2H4v-2zm16 0H8v2h12v-2zM4 16h2v2H4v-2zm16 0H8v2h12v-2z\" fill=\"currentColor\"><\/path><\/svg><svg style=\"fill: #999;color:#999\" class=\"arrow-unsorted-368013\" xmlns=\"http:\/\/www.w3.org\/2000\/svg\" width=\"10px\" height=\"10px\" viewBox=\"0 0 24 24\" version=\"1.2\" baseProfile=\"tiny\"><path d=\"M18.2 9.3l-6.2-6.3-6.2 6.3c-.2.2-.3.4-.3.7s.1.5.3.7c.2.2.4.3.7.3h11c.3 0 .5-.1.7-.3.2-.2.3-.5.3-.7s-.1-.5-.3-.7zM5.8 14.7l6.2 6.3 6.2-6.3c.2-.2.3-.5.3-.7s-.1-.5-.3-.7c-.2-.2-.4-.3-.7-.3h-11c-.3 0-.5.1-.7.3-.2.2-.3.5-.3.7s.1.5.3.7z\"\/><\/svg><\/span><\/span><\/span><\/a><\/span><\/div>\n<nav><ul class='ez-toc-list ez-toc-list-level-1 ' ><li class='ez-toc-page-1 ez-toc-heading-level-2'><a class=\"ez-toc-link ez-toc-heading-1\" href=\"https:\/\/www.editorasolucao.com.br\/blog\/concurso\/prefeitura-de-cristal-rs\/#Como_fazer_a_inscricao_do_concurso_Prefeitura_de_Cristal\" title=\"Como fazer a inscri\u00e7\u00e3o do concurso Prefeitura de Cristal\">Como fazer a inscri\u00e7\u00e3o do concurso Prefeitura de Cristal<\/a><\/li><li class='ez-toc-page-1 ez-toc-heading-level-2'><a class=\"ez-toc-link ez-toc-heading-2\" href=\"https:\/\/www.editorasolucao.com.br\/blog\/concurso\/prefeitura-de-cristal-rs\/#Cargos_vagas_e_salarios_do_concurso\" title=\"Cargos, vagas e sal\u00e1rios do concurso\">Cargos, vagas e sal\u00e1rios do concurso<\/a><\/li><li class='ez-toc-page-1 ez-toc-heading-level-2'><a class=\"ez-toc-link ez-toc-heading-3\" href=\"https:\/\/www.editorasolucao.com.br\/blog\/concurso\/prefeitura-de-cristal-rs\/#Como_serao_as_provas_do_concurso\" title=\"Como ser\u00e3o as provas do concurso?\">Como ser\u00e3o as provas do concurso?<\/a><\/li><\/ul><\/nav><\/div>\n<h2 class=\"wp-block-heading\"><span class=\"ez-toc-section\" id=\"Como_fazer_a_inscricao_do_concurso_Prefeitura_de_Cristal\"><\/span><strong>Como fazer a inscri\u00e7\u00e3o do concurso Prefeitura de Cristal<\/strong><span class=\"ez-toc-section-end\"><\/span><\/h2>\n\n\n\n<p>Para participar, acesse o site da banca organizadora, <a rel=\"noreferrer noopener\" aria-label=\"Legalle Concursos (abre em uma nova aba)\" href=\"https:\/\/legalleconcursos.com.br\" target=\"_blank\">Legalle Concursos<\/a>,<strong>&nbsp;<\/strong>a partir do dia <strong>12 de agosto at\u00e9 o dia 02 de setembro de 2019&nbsp;<\/strong>e se inscreva. As taxas variam de <strong>R$ 40,00 a R$ 80,00<\/strong>.<\/p>\n\n\n\n<p>Confira todos os detalhes sobre o concurso para que voc\u00ea possa iniciar sua prepara\u00e7\u00e3o.<br><\/p>\n\n\n\n<h2 class=\"wp-block-heading\"><span class=\"ez-toc-section\" id=\"Cargos_vagas_e_salarios_do_concurso\"><\/span><strong>Cargos, vagas e sal\u00e1rios do concurso <\/strong><br><span class=\"ez-toc-section-end\"><\/span><\/h2>\n\n\n\n<p>As<strong>&nbsp;31 oportunidades<\/strong>  est\u00e3o distribu\u00eddas entre os seguintes cargos:<\/p>\n\n\n\n<p>Agente Administrativo (8); Agente Administrativo Auxiliar (2); Contador (1); Nutricionista (1) e Professores &#8211; Habilita\u00e7\u00e3o: Arte (2), Ci\u00eancias (1), Hist\u00f3ria (1), Matem\u00e1tica (1) e Pedagogia (14).<\/p>\n\n\n\n<p>A remunera\u00e7\u00e3o inicial varia de <strong>R$ 1.432,83&nbsp;a&nbsp;R$&nbsp;3.819,40&nbsp;<\/strong>mais vale-alimenta\u00e7\u00e3o no valor de R$ 10,37 por dia trabalhado. Com jornada de trabalho de 20 a 35 horas semanais. <\/p>\n\n\n\n<h2 class=\"wp-block-heading\"><span class=\"ez-toc-section\" id=\"Como_serao_as_provas_do_concurso\"><\/span><strong>Como ser\u00e3o as provas do concurso?<\/strong><br><span class=\"ez-toc-section-end\"><\/span><\/h2>\n\n\n\n<p>O processo de avalia\u00e7\u00e3o dos candidatos se dar\u00e1 por meio de prova objetiva a ser aplicada no dia <strong>22 de setembro de 2019 <\/strong>com dura\u00e7\u00e3o de 3 horas. <\/p>\n\n\n\n<p>As provas objetivas ser\u00e3o compostas por quest\u00f5es de m\u00faltipla escolha e versar\u00e3o sobre as disciplinas de:<\/p>\n\n\n\n<div class=\"wp-block-image\"><figure class=\"aligncenter\"><img loading=\"lazy\" decoding=\"async\" width=\"540\" height=\"283\" src=\"https:\/\/www.editorasolucao.com.br\/blog\/wp-content\/uploads\/2019\/08\/3-2.png\" alt=\"\" class=\"wp-image-4761\"\/><\/figure><\/div>\n\n\n\n<p>Haver\u00e1 ainda <strong>prova de t\u00edtulos<\/strong>.<\/p>\n","protected":false},"excerpt":{"rendered":"<p>Est\u00e3o abertas as inscri\u00e7\u00f5es&nbsp;do concurso Prefeitura de&nbsp;Cristal, no Rio&nbsp;Grande&nbsp;do&nbsp;Sul visando o preenchimento de 31 vagas para candidatos de n\u00edveis m\u00e9dio e superior de escolaridade com remunera\u00e7\u00e3o inicial chega a R$ 3,8 mil! Como fazer a inscri\u00e7\u00e3o do concurso Prefeitura de Cristal Para participar, acesse o site da banca organizadora, Legalle Concursos,&nbsp;a partir do dia 12 de agosto at\u00e9 o dia 02 de setembro de 2019&nbsp;e se inscreva. As taxas variam de R$ 40,00 a R$ 80,00. Confira todos os detalhes sobre o concurso para que voc\u00ea possa iniciar sua prepara\u00e7\u00e3o. Cargos, vagas e sal\u00e1rios do concurso As&nbsp;31 oportunidades est\u00e3o distribu\u00eddas&#8230;<\/p>\n","protected":false},"author":3,"featured_media":2792,"template":"","meta":{"_acf_changed":false,"rank_math_lock_modified_date":false},"categories":[],"tags":[],"acf":[],"_links":{"self":[{"href":"https:\/\/www.editorasolucao.com.br\/blog\/wp-json\/wp\/v2\/concurso\/4760"}],"collection":[{"href":"https:\/\/www.editorasolucao.com.br\/blog\/wp-json\/wp\/v2\/concurso"}],"about":[{"href":"https:\/\/www.editorasolucao.com.br\/blog\/wp-json\/wp\/v2\/types\/concurso"}],"author":[{"embeddable":true,"href":"https:\/\/www.editorasolucao.com.br\/blog\/wp-json\/wp\/v2\/users\/3"}],"wp:featuredmedia":[{"embeddable":true,"href":"https:\/\/www.editorasolucao.com.br\/blog\/wp-json\/wp\/v2\/media\/2792"}],"wp:attachment":[{"href":"https:\/\/www.editorasolucao.com.br\/blog\/wp-json\/wp\/v2\/media?parent=4760"}],"wp:term":[{"taxonomy":"category","embeddable":true,"href":"https:\/\/www.editorasolucao.com.br\/blog\/wp-json\/wp\/v2\/categories?post=4760"},{"taxonomy":"post_tag","embeddable":true,"href":"https:\/\/www.editorasolucao.com.br\/blog\/wp-json\/wp\/v2\/tags?post=4760"}],"curies":[{"name":"wp","href":"https:\/\/api.w.org\/{rel}","templated":true}]}}

Concurso Prefeitura de Cristal &#8211; RS 2019: Níveis médio e superior!

<p>Estão abertas as <a rel="noreferrer noopener" aria-label="edital  (abre em uma nova aba)" href="http://www.editorasolucao.com.br" target="_blank">inscrições&nbsp;</a>do <strong>concurso Prefeitura de&nbsp;Cristal</strong>, no <a rel="noreferrer noopener" aria-label=" (abre em uma nova aba)" href="https://www.editorasolucao.com.br/blog/concursos-abertos-rs" target="_blank">Rio&nbsp;Grande&nbsp;do&nbsp;Sul</a> visando o preenchimento de <strong>31 vagas</strong> para candidatos de<strong> níveis médio e superior de escolaridade</strong> com remuneração inicial chega a <strong>R$ 3,8 mil</strong>!</p>



<div id="ez-toc-container" class="ez-toc-v2_0_69_1 counter-hierarchy ez-toc-counter ez-toc-grey ez-toc-container-direction">
<div class="ez-toc-title-container">
<p class="ez-toc-title " >Menu de navega&ccedil;&atilde;o</p>
<span class="ez-toc-title-toggle"><a href="#" class="ez-toc-pull-right ez-toc-btn ez-toc-btn-xs ez-toc-btn-default ez-toc-toggle" aria-label="Toggle Table of Content"><span class="ez-toc-js-icon-con"><span class=""><span class="eztoc-hide" style="display:none;">Toggle</span><span class="ez-toc-icon-toggle-span"><svg style="fill: #999;color:#999" xmlns="http://www.w3.org/2000/svg" class="list-377408" width="20px" height="20px" viewBox="0 0 24 24" fill="none"><path d="M6 6H4v2h2V6zm14 0H8v2h12V6zM4 11h2v2H4v-2zm16 0H8v2h12v-2zM4 16h2v2H4v-2zm16 0H8v2h12v-2z" fill="currentColor"></path></svg><svg style="fill: #999;color:#999" class="arrow-unsorted-368013" xmlns="http://www.w3.org/2000/svg" width="10px" height="10px" viewBox="0 0 24 24" version="1.2" baseProfile="tiny"><path d="M18.2 9.3l-6.2-6.3-6.2 6.3c-.2.2-.3.4-.3.7s.1.5.3.7c.2.2.4.3.7.3h11c.3 0 .5-.1.7-.3.2-.2.3-.5.3-.7s-.1-.5-.3-.7zM5.8 14.7l6.2 6.3 6.2-6.3c.2-.2.3-.5.3-.7s-.1-.5-.3-.7c-.2-.2-.4-.3-.7-.3h-11c-.3 0-.5.1-.7.3-.2.2-.3.5-.3.7s.1.5.3.7z"/></svg></span></span></span></a></span></div>
<nav><ul class='ez-toc-list ez-toc-list-level-1 ' ><li class='ez-toc-page-1 ez-toc-heading-level-2'><a class="ez-toc-link ez-toc-heading-1" href="https://www.editorasolucao.com.br/blog/concurso/prefeitura-de-cristal-rs/#Como_fazer_a_inscricao_do_concurso_Prefeitura_de_Cristal" title="Como fazer a inscrição do concurso Prefeitura de Cristal">Como fazer a inscrição do concurso Prefeitura de Cristal</a></li><li class='ez-toc-page-1 ez-toc-heading-level-2'><a class="ez-toc-link ez-toc-heading-2" href="https://www.editorasolucao.com.br/blog/concurso/prefeitura-de-cristal-rs/#Cargos_vagas_e_salarios_do_concurso" title="Cargos, vagas e salários do concurso">Cargos, vagas e salários do concurso</a></li><li class='ez-toc-page-1 ez-toc-heading-level-2'><a class="ez-toc-link ez-toc-heading-3" href="https://www.editorasolucao.com.br/blog/concurso/prefeitura-de-cristal-rs/#Como_serao_as_provas_do_concurso" title="Como serão as provas do concurso?">Como serão as provas do concurso?</a></li></ul></nav></div>
<h2 class="wp-block-heading"><span class="ez-toc-section" id="Como_fazer_a_inscricao_do_concurso_Prefeitura_de_Cristal"></span><strong>Como fazer a inscrição do concurso Prefeitura de Cristal</strong><span class="ez-toc-section-end"></span></h2>



<p>Para participar, acesse o site da banca organizadora, <a rel="noreferrer noopener" aria-label="Legalle Concursos (abre em uma nova aba)" href="https://legalleconcursos.com.br" target="_blank">Legalle Concursos</a>,<strong>&nbsp;</strong>a partir do dia <strong>12 de agosto até o dia 02 de setembro de 2019&nbsp;</strong>e se inscreva. As taxas variam de <strong>R$ 40,00 a R$ 80,00</strong>.</p>



<p>Confira todos os detalhes sobre o concurso para que você possa iniciar sua preparação.<br></p>



<h2 class="wp-block-heading"><span class="ez-toc-section" id="Cargos_vagas_e_salarios_do_concurso"></span><strong>Cargos, vagas e salários do concurso </strong><br><span class="ez-toc-section-end"></span></h2>



<p>As<strong>&nbsp;31 oportunidades</strong>  estão distribuídas entre os seguintes cargos:</p>



<p>Agente Administrativo (8); Agente Administrativo Auxiliar (2); Contador (1); Nutricionista (1) e Professores &#8211; Habilitação: Arte (2), Ciências (1), História (1), Matemática (1) e Pedagogia (14).</p>



<p>A remuneração inicial varia de <strong>R$ 1.432,83&nbsp;a&nbsp;R$&nbsp;3.819,40&nbsp;</strong>mais vale-alimentação no valor de R$ 10,37 por dia trabalhado. Com jornada de trabalho de 20 a 35 horas semanais. </p>



<h2 class="wp-block-heading"><span class="ez-toc-section" id="Como_serao_as_provas_do_concurso"></span><strong>Como serão as provas do concurso?</strong><br><span class="ez-toc-section-end"></span></h2>



<p>O processo de avaliação dos candidatos se dará por meio de prova objetiva a ser aplicada no dia <strong>22 de setembro de 2019 </strong>com duração de 3 horas. </p>



<p>As provas objetivas serão compostas por questões de múltipla escolha e versarão sobre as disciplinas de:</p>



<div class="wp-block-image"><figure class="aligncenter"><img loading="lazy" decoding="async" width="540" height="283" src="https://www.editorasolucao.com.br/blog/wp-content/uploads/2019/08/3-2.png" alt="" class="wp-image-4761"/></figure></div>



<p>Haverá ainda <strong>prova de títulos</strong>.</p>

<p>Estão abertas as inscrições&nbsp;do concurso Prefeitura de&nbsp;Cristal, no Rio&nbsp;Grande&nbsp;do&nbsp;Sul visando o preenchimento de 31 vagas para candidatos de níveis médio e superior de escolaridade com remuneração inicial chega a R$ 3,8 mil! Como fazer a inscrição do concurso Prefeitura de Cristal Para participar, acesse o site da banca organizadora, Legalle Concursos,&nbsp;a partir do dia 12 de agosto até o dia 02 de setembro de 2019&nbsp;e se inscreva. As taxas variam de R$ 40,00 a R$ 80,00. Confira todos os detalhes sobre o concurso para que você possa iniciar sua preparação. Cargos, vagas e salários do concurso As&nbsp;31 oportunidades estão distribuídas&#8230;</p>
