{"id":5333,"date":"2019-09-17T10:36:59","date_gmt":"2019-09-17T13:36:59","guid":{"rendered":"https:\/\/www.editorasolucao.com.br\/blog\/?post_type=concurso&#038;p=5333"},"modified":"2019-10-05T00:34:51","modified_gmt":"2019-10-05T03:34:51","slug":"prefeitura-de-conceicao-da-feira-ba","status":"publish","type":"concurso","link":"https:\/\/www.editorasolucao.com.br\/blog\/concurso\/prefeitura-de-conceicao-da-feira-ba","title":{"rendered":"Concurso Prefeitura de Concei\u00e7\u00e3o da Feira &#8211; BA 2019: Mais de 120 vagas!"},"content":{"rendered":"\n<p>Ol\u00e1 concurseiros! A<strong> Prefeitura&nbsp;de&nbsp;Concei\u00e7\u00e3o&nbsp;da&nbsp;Feira<\/strong>, na <a rel=\"noreferrer noopener\" aria-label=\" (abre em uma nova aba)\" href=\"https:\/\/www.editorasolucao.com.br\/blog\/concursos-abertos-ba\" target=\"_blank\">Bahia<\/a> lan\u00e7ou edital de seu <strong>concurso p\u00fablico<\/strong> com o objetivo de preencher <strong>129 vagas<\/strong> imediatas para <a rel=\"noreferrer noopener\" aria-label=\"candidatos  (abre em uma nova aba)\" href=\"http:\/\/www.editorasolucao.com.br\" target=\"_blank\">candidatos <\/a>de<strong> todos os n\u00edveis de escolaridade<\/strong> com remunera\u00e7\u00e3o inicial de at\u00e9 <strong>R$ 5,5 mil<\/strong>!<\/p>\n\n\n\n<p style=\"text-align:center\"><strong><a href=\"https:\/\/www.editorasolucao.com.br\/concurso\/prefeitura-de-conceicao-da-feira-ba\" target=\"_blank\" rel=\"noreferrer noopener\" aria-label=\"Estude com a Apostila Prefeitura de Concei\u00e7\u00e3o da Feira-BA 2019 e parcele SEM JUROS (abre em uma nova aba)\">Estude com a Apostila Prefeitura de Concei\u00e7\u00e3o da Feira-BA 2019 e parcele SEM JUROS<\/a><\/strong><\/p>\n\n\n\n<div id=\"ez-toc-container\" class=\"ez-toc-v2_0_69_1 counter-hierarchy ez-toc-counter ez-toc-grey ez-toc-container-direction\">\n<div class=\"ez-toc-title-container\">\n<p class=\"ez-toc-title \" >Menu de navega&ccedil;&atilde;o<\/p>\n<span class=\"ez-toc-title-toggle\"><a href=\"#\" class=\"ez-toc-pull-right ez-toc-btn ez-toc-btn-xs ez-toc-btn-default ez-toc-toggle\" aria-label=\"Toggle Table of Content\"><span class=\"ez-toc-js-icon-con\"><span class=\"\"><span class=\"eztoc-hide\" style=\"display:none;\">Toggle<\/span><span class=\"ez-toc-icon-toggle-span\"><svg style=\"fill: #999;color:#999\" xmlns=\"http:\/\/www.w3.org\/2000\/svg\" class=\"list-377408\" width=\"20px\" height=\"20px\" viewBox=\"0 0 24 24\" fill=\"none\"><path d=\"M6 6H4v2h2V6zm14 0H8v2h12V6zM4 11h2v2H4v-2zm16 0H8v2h12v-2zM4 16h2v2H4v-2zm16 0H8v2h12v-2z\" fill=\"currentColor\"><\/path><\/svg><svg style=\"fill: #999;color:#999\" class=\"arrow-unsorted-368013\" xmlns=\"http:\/\/www.w3.org\/2000\/svg\" width=\"10px\" height=\"10px\" viewBox=\"0 0 24 24\" version=\"1.2\" baseProfile=\"tiny\"><path d=\"M18.2 9.3l-6.2-6.3-6.2 6.3c-.2.2-.3.4-.3.7s.1.5.3.7c.2.2.4.3.7.3h11c.3 0 .5-.1.7-.3.2-.2.3-.5.3-.7s-.1-.5-.3-.7zM5.8 14.7l6.2 6.3 6.2-6.3c.2-.2.3-.5.3-.7s-.1-.5-.3-.7c-.2-.2-.4-.3-.7-.3h-11c-.3 0-.5.1-.7.3-.2.2-.3.5-.3.7s.1.5.3.7z\"\/><\/svg><\/span><\/span><\/span><\/a><\/span><\/div>\n<nav><ul class='ez-toc-list ez-toc-list-level-1 ' ><li class='ez-toc-page-1 ez-toc-heading-level-2'><a class=\"ez-toc-link ez-toc-heading-1\" href=\"https:\/\/www.editorasolucao.com.br\/blog\/concurso\/prefeitura-de-conceicao-da-feira-ba\/#Como_fazer_a_inscricao_do_concurso_Conceicao_da_Feira\" title=\"Como fazer a inscri\u00e7\u00e3o do concurso Concei\u00e7\u00e3o&nbsp;da&nbsp;Feira\">Como fazer a inscri\u00e7\u00e3o do concurso Concei\u00e7\u00e3o&nbsp;da&nbsp;Feira<\/a><\/li><li class='ez-toc-page-1 ez-toc-heading-level-2'><a class=\"ez-toc-link ez-toc-heading-2\" href=\"https:\/\/www.editorasolucao.com.br\/blog\/concurso\/prefeitura-de-conceicao-da-feira-ba\/#Cargos_e_salarios_do_concurso\" title=\"Cargos e sal\u00e1rios do concurso\">Cargos e sal\u00e1rios do concurso<\/a><\/li><li class='ez-toc-page-1 ez-toc-heading-level-2'><a class=\"ez-toc-link ez-toc-heading-3\" href=\"https:\/\/www.editorasolucao.com.br\/blog\/concurso\/prefeitura-de-conceicao-da-feira-ba\/#Como_serao_as_provas_do_concurso\" title=\"Como ser\u00e3o as provas do concurso?\">Como ser\u00e3o as provas do concurso?<\/a><\/li><\/ul><\/nav><\/div>\n<h2 class=\"wp-block-heading\"><span class=\"ez-toc-section\" id=\"Como_fazer_a_inscricao_do_concurso_Conceicao_da_Feira\"><\/span><strong>Como fazer a inscri\u00e7\u00e3o do concurso Concei\u00e7\u00e3o&nbsp;da&nbsp;Feira<\/strong><span class=\"ez-toc-section-end\"><\/span><\/h2>\n\n\n\n<p>Para participar, acesse o site da banca organizadora, <a rel=\"noreferrer noopener\" aria-label=\"Suprema Concursos (abre em uma nova aba)\" href=\"http:\/\/concursos.supremaconcursos.com.br\/informacoes\/43\/\" target=\"_blank\">Suprema Concursos<\/a>,<strong>&nbsp;<\/strong>a partir do dia <strong>02 de setembro at\u00e9 o dia 22 de setembro de 2019<\/strong>. As taxas variam de <strong>R$ 50,00 a R$ 100,00<\/strong>.<\/p>\n\n\n\n<p>Confira todos os detalhes sobre o concurso para que voc\u00ea possa iniciar sua prepara\u00e7\u00e3o.<br><\/p>\n\n\n\n<h2 class=\"wp-block-heading\"><span class=\"ez-toc-section\" id=\"Cargos_e_salarios_do_concurso\"><\/span><strong>Cargos e sal\u00e1rios do concurso <\/strong><br><span class=\"ez-toc-section-end\"><\/span><\/h2>\n\n\n\n<p>As<strong>&nbsp;129 oportunidades<\/strong> est\u00e3o distribu\u00eddas entre os seguintes cargos:<\/p>\n\n\n\n<p>Agente Comunit\u00e1rio de Endemias (1); Agente Comunit\u00e1rio de Sa\u00fade (1); Agente de Tr\u00e2nsito (3); Assistente Social (5); Auditor Fiscal (1); Auditor Fiscal Ambiental (1); Auxiliar Administrativo (5); Auxiliar de Biblioteca (1); Auxiliar de Desenvolvimento Infantil (6); <a href=\"https:\/\/www.editorasolucao.com.br\/apostila-solucao\/impresso\/apostila-prefeitura-conceicao-feira-ba-2019-auxiliar-servicos-gerais\" target=\"_blank\" rel=\"noreferrer noopener\" aria-label=\"Auxiliar de Servi\u00e7os Gerais (abre em uma nova aba)\">Auxiliar de Servi\u00e7os Gerais<\/a> (10); Bibliotec\u00e1rio; Cozinheira (2); Coveiro (1).<\/p>\n\n\n\n<p>Enfermeiro (4); Engenheiro Agr\u00f4nomo (1); Engenheiro Civil (1); Engenheiro Sanitarista ou Ambientalista (1); Farmac\u00eautico (1); Fiscal de obras e Servi\u00e7os (2); Fiscal de Tributos (3); Fonoaudi\u00f3logo (1); <a href=\"https:\/\/www.editorasolucao.com.br\/apostila-solucao\/impresso\/apostila-prefeitura-conceicao-feira-ba-2019-guarda-municipal\" target=\"_blank\" rel=\"noreferrer noopener\" aria-label=\" (abre em uma nova aba)\">Guarda Municipal <\/a>(10); M\u00e9dico Plantonista (5); M\u00e9dico Veterin\u00e1rio (1). <\/p>\n\n\n\n<p>Merendeira (2); <a rel=\"noreferrer noopener\" aria-label=\"Motorista I  (abre em uma nova aba)\" href=\"https:\/\/www.editorasolucao.com.br\/apostila-solucao\/impresso\/apostila-prefeitura-conceicao-feira-ba-2019-motorista\" target=\"_blank\">Motorista I <\/a>(5); <a href=\"https:\/\/www.editorasolucao.com.br\/apostila-solucao\/impresso\/apostila-prefeitura-conceicao-feira-ba-2019-motorista\" target=\"_blank\" rel=\"noreferrer noopener\" aria-label=\"Motorista II  (abre em uma nova aba)\">Motorista II <\/a>(16); Nutricionista (2); Operador de M\u00e1quinas (1); Pesadas (1); Operador de Motoniveladora (3); Orientador Social (1); Pedagogo Social (1); Professor 20h &#8211; Arte e Educa\u00e7\u00e3o (1); Professor 20h &#8211; Ci\u00eancias (1); Professor 20h &#8211; Geografia (1); Professor 20h &#8211; Hist\u00f3ria(1). <\/p>\n\n\n\n<p>Professor 20h &#8211; Ingl\u00eas (1); Professor 20h &#8211; Matem\u00e1tica (1); Professor 20h &#8211; Pedagogia (2); Psic\u00f3logo (3); Psicopeclagoga (1); Recepcionista (4); T\u00e9cnico Agr\u00edcola\/ Agropecu\u00e1rio (1); T\u00e9cnico de Enfermagem (4); T\u00e9cnico em Abordagem Social (2); T\u00e9cnico em Inform\u00e1tica (1); T\u00e9cnico em Laborat\u00f3rio (1); T\u00e9cnico em Radiologia (2); T\u00e9cnico Sanit\u00e1rio (2) e T\u00e9cnico de Seguran\u00e7a do Trabalho (1).<\/p>\n\n\n\n<p>A remunera\u00e7\u00e3o inicial varia de <strong>R$ 954,00&nbsp;a&nbsp;R$&nbsp;5.500,00<\/strong>. Com jornada de trabalho de 10 a 40 horas semanais. <\/p>\n\n\n\n<h2 class=\"wp-block-heading\"><span class=\"ez-toc-section\" id=\"Como_serao_as_provas_do_concurso\"><\/span><strong>Como ser\u00e3o as provas do concurso?<\/strong><br><span class=\"ez-toc-section-end\"><\/span><\/h2>\n\n\n\n<p>O processo de avalia\u00e7\u00e3o dos candidatos se dar\u00e1 por meio de prova objetiva a ser aplicada no dia <strong>17 de novembro de 2019<\/strong> em dois turnos, com dura\u00e7\u00e3o de 3 horas e 30 minutos. <\/p>\n\n\n\n<p>Os locais e hor\u00e1rios de prova ser\u00e3o divulgados a partir do dia 18 de outubro. As provas objetivas ser\u00e3o compostas por 40 quest\u00f5es de m\u00faltipla escolha.<\/p>\n\n\n\n<p>Haver\u00e1 ainda <strong>teste de aptid\u00e3o f\u00edsica<\/strong> para o cargo de Guarda Municipal e <strong>prova de t\u00edtulos<\/strong>.<\/p>\n\n\n\n<p style=\"text-align:center\"><strong><a href=\"https:\/\/www.editorasolucao.com.br\/concurso\/prefeitura-de-conceicao-da-feira-ba\" target=\"_blank\" rel=\"noreferrer noopener\">Estude com a Apostila Prefeitura de Concei\u00e7\u00e3o da Feira-BA 2019 e parcele SEM JUROS<\/a><\/strong><\/p>\n","protected":false},"excerpt":{"rendered":"<p>Ol\u00e1 concurseiros! A Prefeitura&nbsp;de&nbsp;Concei\u00e7\u00e3o&nbsp;da&nbsp;Feira, na Bahia lan\u00e7ou edital de seu concurso p\u00fablico com o objetivo de preencher 129 vagas imediatas para candidatos de todos os n\u00edveis de escolaridade com remunera\u00e7\u00e3o inicial de at\u00e9 R$ 5,5 mil! Estude com a Apostila Prefeitura de Concei\u00e7\u00e3o da Feira-BA 2019 e parcele SEM JUROS Como fazer a inscri\u00e7\u00e3o do concurso Concei\u00e7\u00e3o&nbsp;da&nbsp;Feira Para participar, acesse o site da banca organizadora, Suprema Concursos,&nbsp;a partir do dia 02 de setembro at\u00e9 o dia 22 de setembro de 2019. As taxas variam de R$ 50,00 a R$ 100,00. Confira todos os detalhes sobre o concurso para que voc\u00ea&#8230;<\/p>\n","protected":false},"author":3,"featured_media":4869,"template":"","meta":{"_acf_changed":false,"rank_math_lock_modified_date":false},"categories":[],"tags":[],"acf":[],"_links":{"self":[{"href":"https:\/\/www.editorasolucao.com.br\/blog\/wp-json\/wp\/v2\/concurso\/5333"}],"collection":[{"href":"https:\/\/www.editorasolucao.com.br\/blog\/wp-json\/wp\/v2\/concurso"}],"about":[{"href":"https:\/\/www.editorasolucao.com.br\/blog\/wp-json\/wp\/v2\/types\/concurso"}],"author":[{"embeddable":true,"href":"https:\/\/www.editorasolucao.com.br\/blog\/wp-json\/wp\/v2\/users\/3"}],"wp:featuredmedia":[{"embeddable":true,"href":"https:\/\/www.editorasolucao.com.br\/blog\/wp-json\/wp\/v2\/media\/4869"}],"wp:attachment":[{"href":"https:\/\/www.editorasolucao.com.br\/blog\/wp-json\/wp\/v2\/media?parent=5333"}],"wp:term":[{"taxonomy":"category","embeddable":true,"href":"https:\/\/www.editorasolucao.com.br\/blog\/wp-json\/wp\/v2\/categories?post=5333"},{"taxonomy":"post_tag","embeddable":true,"href":"https:\/\/www.editorasolucao.com.br\/blog\/wp-json\/wp\/v2\/tags?post=5333"}],"curies":[{"name":"wp","href":"https:\/\/api.w.org\/{rel}","templated":true}]}}

Concurso Prefeitura de Conceição da Feira &#8211; BA 2019: Mais de 120 vagas!

<p>Olá concurseiros! A<strong> Prefeitura&nbsp;de&nbsp;Conceição&nbsp;da&nbsp;Feira</strong>, na <a rel="noreferrer noopener" aria-label=" (abre em uma nova aba)" href="https://www.editorasolucao.com.br/blog/concursos-abertos-ba" target="_blank">Bahia</a> lançou edital de seu <strong>concurso público</strong> com o objetivo de preencher <strong>129 vagas</strong> imediatas para <a rel="noreferrer noopener" aria-label="candidatos  (abre em uma nova aba)" href="http://www.editorasolucao.com.br" target="_blank">candidatos </a>de<strong> todos os níveis de escolaridade</strong> com remuneração inicial de até <strong>R$ 5,5 mil</strong>!</p>



<p style="text-align:center"><strong><a href="https://www.editorasolucao.com.br/concurso/prefeitura-de-conceicao-da-feira-ba" target="_blank" rel="noreferrer noopener" aria-label="Estude com a Apostila Prefeitura de Conceição da Feira-BA 2019 e parcele SEM JUROS (abre em uma nova aba)">Estude com a Apostila Prefeitura de Conceição da Feira-BA 2019 e parcele SEM JUROS</a></strong></p>



<div id="ez-toc-container" class="ez-toc-v2_0_69_1 counter-hierarchy ez-toc-counter ez-toc-grey ez-toc-container-direction">
<div class="ez-toc-title-container">
<p class="ez-toc-title " >Menu de navega&ccedil;&atilde;o</p>
<span class="ez-toc-title-toggle"><a href="#" class="ez-toc-pull-right ez-toc-btn ez-toc-btn-xs ez-toc-btn-default ez-toc-toggle" aria-label="Toggle Table of Content"><span class="ez-toc-js-icon-con"><span class=""><span class="eztoc-hide" style="display:none;">Toggle</span><span class="ez-toc-icon-toggle-span"><svg style="fill: #999;color:#999" xmlns="http://www.w3.org/2000/svg" class="list-377408" width="20px" height="20px" viewBox="0 0 24 24" fill="none"><path d="M6 6H4v2h2V6zm14 0H8v2h12V6zM4 11h2v2H4v-2zm16 0H8v2h12v-2zM4 16h2v2H4v-2zm16 0H8v2h12v-2z" fill="currentColor"></path></svg><svg style="fill: #999;color:#999" class="arrow-unsorted-368013" xmlns="http://www.w3.org/2000/svg" width="10px" height="10px" viewBox="0 0 24 24" version="1.2" baseProfile="tiny"><path d="M18.2 9.3l-6.2-6.3-6.2 6.3c-.2.2-.3.4-.3.7s.1.5.3.7c.2.2.4.3.7.3h11c.3 0 .5-.1.7-.3.2-.2.3-.5.3-.7s-.1-.5-.3-.7zM5.8 14.7l6.2 6.3 6.2-6.3c.2-.2.3-.5.3-.7s-.1-.5-.3-.7c-.2-.2-.4-.3-.7-.3h-11c-.3 0-.5.1-.7.3-.2.2-.3.5-.3.7s.1.5.3.7z"/></svg></span></span></span></a></span></div>
<nav><ul class='ez-toc-list ez-toc-list-level-1 ' ><li class='ez-toc-page-1 ez-toc-heading-level-2'><a class="ez-toc-link ez-toc-heading-1" href="https://www.editorasolucao.com.br/blog/concurso/prefeitura-de-conceicao-da-feira-ba/#Como_fazer_a_inscricao_do_concurso_Conceicao_da_Feira" title="Como fazer a inscrição do concurso Conceição&nbsp;da&nbsp;Feira">Como fazer a inscrição do concurso Conceição&nbsp;da&nbsp;Feira</a></li><li class='ez-toc-page-1 ez-toc-heading-level-2'><a class="ez-toc-link ez-toc-heading-2" href="https://www.editorasolucao.com.br/blog/concurso/prefeitura-de-conceicao-da-feira-ba/#Cargos_e_salarios_do_concurso" title="Cargos e salários do concurso">Cargos e salários do concurso</a></li><li class='ez-toc-page-1 ez-toc-heading-level-2'><a class="ez-toc-link ez-toc-heading-3" href="https://www.editorasolucao.com.br/blog/concurso/prefeitura-de-conceicao-da-feira-ba/#Como_serao_as_provas_do_concurso" title="Como serão as provas do concurso?">Como serão as provas do concurso?</a></li></ul></nav></div>
<h2 class="wp-block-heading"><span class="ez-toc-section" id="Como_fazer_a_inscricao_do_concurso_Conceicao_da_Feira"></span><strong>Como fazer a inscrição do concurso Conceição&nbsp;da&nbsp;Feira</strong><span class="ez-toc-section-end"></span></h2>



<p>Para participar, acesse o site da banca organizadora, <a rel="noreferrer noopener" aria-label="Suprema Concursos (abre em uma nova aba)" href="http://concursos.supremaconcursos.com.br/informacoes/43/" target="_blank">Suprema Concursos</a>,<strong>&nbsp;</strong>a partir do dia <strong>02 de setembro até o dia 22 de setembro de 2019</strong>. As taxas variam de <strong>R$ 50,00 a R$ 100,00</strong>.</p>



<p>Confira todos os detalhes sobre o concurso para que você possa iniciar sua preparação.<br></p>



<h2 class="wp-block-heading"><span class="ez-toc-section" id="Cargos_e_salarios_do_concurso"></span><strong>Cargos e salários do concurso </strong><br><span class="ez-toc-section-end"></span></h2>



<p>As<strong>&nbsp;129 oportunidades</strong> estão distribuídas entre os seguintes cargos:</p>



<p>Agente Comunitário de Endemias (1); Agente Comunitário de Saúde (1); Agente de Trânsito (3); Assistente Social (5); Auditor Fiscal (1); Auditor Fiscal Ambiental (1); Auxiliar Administrativo (5); Auxiliar de Biblioteca (1); Auxiliar de Desenvolvimento Infantil (6); <a href="https://www.editorasolucao.com.br/apostila-solucao/impresso/apostila-prefeitura-conceicao-feira-ba-2019-auxiliar-servicos-gerais" target="_blank" rel="noreferrer noopener" aria-label="Auxiliar de Serviços Gerais (abre em uma nova aba)">Auxiliar de Serviços Gerais</a> (10); Bibliotecário; Cozinheira (2); Coveiro (1).</p>



<p>Enfermeiro (4); Engenheiro Agrônomo (1); Engenheiro Civil (1); Engenheiro Sanitarista ou Ambientalista (1); Farmacêutico (1); Fiscal de obras e Serviços (2); Fiscal de Tributos (3); Fonoaudiólogo (1); <a href="https://www.editorasolucao.com.br/apostila-solucao/impresso/apostila-prefeitura-conceicao-feira-ba-2019-guarda-municipal" target="_blank" rel="noreferrer noopener" aria-label=" (abre em uma nova aba)">Guarda Municipal </a>(10); Médico Plantonista (5); Médico Veterinário (1). </p>



<p>Merendeira (2); <a rel="noreferrer noopener" aria-label="Motorista I  (abre em uma nova aba)" href="https://www.editorasolucao.com.br/apostila-solucao/impresso/apostila-prefeitura-conceicao-feira-ba-2019-motorista" target="_blank">Motorista I </a>(5); <a href="https://www.editorasolucao.com.br/apostila-solucao/impresso/apostila-prefeitura-conceicao-feira-ba-2019-motorista" target="_blank" rel="noreferrer noopener" aria-label="Motorista II  (abre em uma nova aba)">Motorista II </a>(16); Nutricionista (2); Operador de Máquinas (1); Pesadas (1); Operador de Motoniveladora (3); Orientador Social (1); Pedagogo Social (1); Professor 20h &#8211; Arte e Educação (1); Professor 20h &#8211; Ciências (1); Professor 20h &#8211; Geografia (1); Professor 20h &#8211; História(1). </p>



<p>Professor 20h &#8211; Inglês (1); Professor 20h &#8211; Matemática (1); Professor 20h &#8211; Pedagogia (2); Psicólogo (3); Psicopeclagoga (1); Recepcionista (4); Técnico Agrícola/ Agropecuário (1); Técnico de Enfermagem (4); Técnico em Abordagem Social (2); Técnico em Informática (1); Técnico em Laboratório (1); Técnico em Radiologia (2); Técnico Sanitário (2) e Técnico de Segurança do Trabalho (1).</p>



<p>A remuneração inicial varia de <strong>R$ 954,00&nbsp;a&nbsp;R$&nbsp;5.500,00</strong>. Com jornada de trabalho de 10 a 40 horas semanais. </p>



<h2 class="wp-block-heading"><span class="ez-toc-section" id="Como_serao_as_provas_do_concurso"></span><strong>Como serão as provas do concurso?</strong><br><span class="ez-toc-section-end"></span></h2>



<p>O processo de avaliação dos candidatos se dará por meio de prova objetiva a ser aplicada no dia <strong>17 de novembro de 2019</strong> em dois turnos, com duração de 3 horas e 30 minutos. </p>



<p>Os locais e horários de prova serão divulgados a partir do dia 18 de outubro. As provas objetivas serão compostas por 40 questões de múltipla escolha.</p>



<p>Haverá ainda <strong>teste de aptidão física</strong> para o cargo de Guarda Municipal e <strong>prova de títulos</strong>.</p>



<p style="text-align:center"><strong><a href="https://www.editorasolucao.com.br/concurso/prefeitura-de-conceicao-da-feira-ba" target="_blank" rel="noreferrer noopener">Estude com a Apostila Prefeitura de Conceição da Feira-BA 2019 e parcele SEM JUROS</a></strong></p>

<p>Olá concurseiros! A Prefeitura&nbsp;de&nbsp;Conceição&nbsp;da&nbsp;Feira, na Bahia lançou edital de seu concurso público com o objetivo de preencher 129 vagas imediatas para candidatos de todos os níveis de escolaridade com remuneração inicial de até R$ 5,5 mil! Estude com a Apostila Prefeitura de Conceição da Feira-BA 2019 e parcele SEM JUROS Como fazer a inscrição do concurso Conceição&nbsp;da&nbsp;Feira Para participar, acesse o site da banca organizadora, Suprema Concursos,&nbsp;a partir do dia 02 de setembro até o dia 22 de setembro de 2019. As taxas variam de R$ 50,00 a R$ 100,00. Confira todos os detalhes sobre o concurso para que você&#8230;</p>
