{"id":6942,"date":"2022-07-20T09:00:00","date_gmt":"2022-07-20T12:00:00","guid":{"rendered":"https:\/\/www.editorasolucao.com.br\/blog\/?post_type=concurso&#038;p=6942"},"modified":"2022-07-20T09:17:39","modified_gmt":"2022-07-20T12:17:39","slug":"camara-de-suzano-sp","status":"publish","type":"concurso","link":"https:\/\/www.editorasolucao.com.br\/blog\/concurso\/camara-de-suzano-sp","title":{"rendered":"Concurso C\u00e2mara de Suzano-SP: Saiu o edital! Fundamental e superior!"},"content":{"rendered":"\n<p>Foi divulgado o edital do Concurso C\u00e2mara de Suzano, no estado de <a href=\"https:\/\/www.editorasolucao.com.br\/blog\/concursos-abertos-sp\">S\u00e3o Paulo<\/a>, que oferece <strong>2 vagas<\/strong> <strong>imediatas<\/strong>, al\u00e9m de cadastro reserva, para candidatos de n\u00edveis <strong>fundamental e superior<\/strong>.<\/p>\n\n\n\n<ul><li><a href=\"#inscri\u00e7oes-baurusp\">Inscri\u00e7\u00f5es<\/a><\/li><li><a href=\"#cargos\">Cargos e vagas<\/a><ul><li><a href=\"#requisitos\">Requisitos<\/a><\/li><\/ul><\/li><li><a href=\"#provas\">Provas<\/a><\/li><\/ul>\n\n\n\n<div id=\"ez-toc-container\" class=\"ez-toc-v2_0_69_1 counter-hierarchy ez-toc-counter ez-toc-grey ez-toc-container-direction\">\n<div class=\"ez-toc-title-container\">\n<p class=\"ez-toc-title \" >Menu de navega&ccedil;&atilde;o<\/p>\n<span class=\"ez-toc-title-toggle\"><a href=\"#\" class=\"ez-toc-pull-right ez-toc-btn ez-toc-btn-xs ez-toc-btn-default ez-toc-toggle\" aria-label=\"Toggle Table of Content\"><span class=\"ez-toc-js-icon-con\"><span class=\"\"><span class=\"eztoc-hide\" style=\"display:none;\">Toggle<\/span><span class=\"ez-toc-icon-toggle-span\"><svg style=\"fill: #999;color:#999\" xmlns=\"http:\/\/www.w3.org\/2000\/svg\" class=\"list-377408\" width=\"20px\" height=\"20px\" viewBox=\"0 0 24 24\" fill=\"none\"><path d=\"M6 6H4v2h2V6zm14 0H8v2h12V6zM4 11h2v2H4v-2zm16 0H8v2h12v-2zM4 16h2v2H4v-2zm16 0H8v2h12v-2z\" fill=\"currentColor\"><\/path><\/svg><svg style=\"fill: #999;color:#999\" class=\"arrow-unsorted-368013\" xmlns=\"http:\/\/www.w3.org\/2000\/svg\" width=\"10px\" height=\"10px\" viewBox=\"0 0 24 24\" version=\"1.2\" baseProfile=\"tiny\"><path d=\"M18.2 9.3l-6.2-6.3-6.2 6.3c-.2.2-.3.4-.3.7s.1.5.3.7c.2.2.4.3.7.3h11c.3 0 .5-.1.7-.3.2-.2.3-.5.3-.7s-.1-.5-.3-.7zM5.8 14.7l6.2 6.3 6.2-6.3c.2-.2.3-.5.3-.7s-.1-.5-.3-.7c-.2-.2-.4-.3-.7-.3h-11c-.3 0-.5.1-.7.3-.2.2-.3.5-.3.7s.1.5.3.7z\"\/><\/svg><\/span><\/span><\/span><\/a><\/span><\/div>\n<nav><ul class='ez-toc-list ez-toc-list-level-1 ' ><li class='ez-toc-page-1 ez-toc-heading-level-2'><a class=\"ez-toc-link ez-toc-heading-1\" href=\"https:\/\/www.editorasolucao.com.br\/blog\/concurso\/camara-de-suzano-sp\/#Inscricoes_do_Concurso_de_Suzano_%E2%80%93_SP\" title=\"Inscri\u00e7\u00f5es do Concurso de Suzano &#8211; SP\">Inscri\u00e7\u00f5es do Concurso de Suzano &#8211; SP<\/a><\/li><li class='ez-toc-page-1 ez-toc-heading-level-2'><a class=\"ez-toc-link ez-toc-heading-2\" href=\"https:\/\/www.editorasolucao.com.br\/blog\/concurso\/camara-de-suzano-sp\/#Cargos_vagas_e_salarios_do_Concurso_Camara_de_Suzano-SP\" title=\"Cargos, vagas e sal\u00e1rios do Concurso C\u00e2mara de Suzano-SP\">Cargos, vagas e sal\u00e1rios do Concurso C\u00e2mara de Suzano-SP<\/a><\/li><li class='ez-toc-page-1 ez-toc-heading-level-2'><a class=\"ez-toc-link ez-toc-heading-3\" href=\"https:\/\/www.editorasolucao.com.br\/blog\/concurso\/camara-de-suzano-sp\/#Como_serao_as_provas_do_Concurso_Camara_de_Suzano-SP\" title=\"Como ser\u00e3o as provas do Concurso C\u00e2mara de Suzano-SP?\">Como ser\u00e3o as provas do Concurso C\u00e2mara de Suzano-SP?<\/a><\/li><\/ul><\/nav><\/div>\n<h2 class=\"wp-block-heading\" id=\"inscri\u00e7oes\"><span class=\"ez-toc-section\" id=\"Inscricoes_do_Concurso_de_Suzano_%E2%80%93_SP\"><\/span>Inscri\u00e7\u00f5es do Concurso de Suzano &#8211; SP<span class=\"ez-toc-section-end\"><\/span><\/h2>\n\n\n\n<p>As inscri\u00e7\u00f5es dever\u00e3o ser realizadas por meio do site da organizadora, <a href=\"https:\/\/www.vunesp.com.br\/CMSZ2201\" target=\"_blank\" rel=\"noreferrer noopener\">Funda\u00e7\u00e3o Vunesp<\/a>, a partir das 10h do dia <strong>20 de julho de 2022 at\u00e9 \u00e0s 23h59 do dia 25 de agosto de 2022<\/strong>. <\/p>\n\n\n\n<p>Ademais, para efetuar a inscri\u00e7\u00e3o \u00e9 necess\u00e1rio pagar uma taxa de participa\u00e7\u00e3o com valores que variam de <strong>R$ 54,90 a R$ 98,80<\/strong>; at\u00e9 o dia 26 de agosto.<\/p>\n\n\n\n<p>Os candidatos que se encaixarem nos requisitos estabelecidos no edital poder\u00e3o solicitar a<strong> isen\u00e7\u00e3o da taxa<\/strong> entre os dias <strong>20 e 22 de julho de 2022<\/strong>.<\/p>\n\n\n\n<h2 class=\"wp-block-heading\" id=\"cargos\"><span class=\"ez-toc-section\" id=\"Cargos_vagas_e_salarios_do_Concurso_Camara_de_Suzano-SP\"><\/span>Cargos, vagas e sal\u00e1rios do Concurso C\u00e2mara de Suzano-SP<span class=\"ez-toc-section-end\"><\/span><\/h2>\n\n\n\n<p>O concurso Suzano, <a href=\"https:\/\/www.editorasolucao.com.br\/blog\/concursos-previstos-sp\">S\u00e3o Paulo<\/a>, est\u00e1 ofertando <strong>02 vagas para candidatos de n\u00edveis fundamental e m\u00e9dio<\/strong> de escolaridade distribu\u00eddas entre os seguintes cargos:<\/p>\n\n\n\n<ul><li><strong>N\u00edvel fundamental:<\/strong><ul><li>Agente Parlamentar (CR);<\/li><li><a href=\"https:\/\/www.editorasolucao.com.br\/apostila-solucao\/camara-suzano-sp-auxiliar-administrativo\">Auxiliar Administrativo<\/a> (01).<\/li><\/ul><\/li><li><strong>N\u00edvel superior:<\/strong><ul><li>Analista de Compras (01).<\/li><\/ul><\/li><\/ul>\n\n\n\n<p>Vale ressaltar que para ingressar no cargo de Analista o candidato dever\u00e1 ser graduado em uma das seguintes \u00e1reas: Administra\u00e7\u00e3o, Contabilidade, Engenharia ou Economia.<\/p>\n\n\n\n<p>A remunera\u00e7\u00e3o inicial varia, dependendo do cargo escolhido, sendo de <strong>R$ 2.012,70 a R$ 6.604,48<\/strong> para jornada de trabalho que compreende 40 horas semanais.<\/p>\n\n\n\n<h3 class=\"wp-block-heading\" id=\"requisitos\">Requisitos b\u00e1sicos para a investidura nos cargos do Concurso C\u00e2mara de Suzano-SP<\/h3>\n\n\n\n<p>Saiba quais s\u00e3o as exig\u00eancias para que o candidato tome posse dos cargos ofertados:<\/p>\n\n\n\n<ul><li>ser brasileiro, nato ou naturalizado, ou gozar das prerrogativas previstas no art. 12 da Constitui\u00e7\u00e3o Federal e demais disposi\u00e7\u00f5es de lei, no caso de estrangeiros;<\/li><li>ter, no m\u00ednimo, 18 anos de idade;<\/li><li>quando do sexo masculino, estar em dia com as obriga\u00e7\u00f5es militares;<\/li><li>ser eleitor e estar quite com a Justi\u00e7a Eleitoral;<\/li><li>estar com o CPF regularizado;<\/li><li>possuir todos os requisitos exigidos e entregar documenta\u00e7\u00e3o comprobat\u00f3ria no ato da convoca\u00e7\u00e3o para o exerc\u00edcio das atribui\u00e7\u00f5es do respectivo cargo determinados neste Edital;<\/li><li>n\u00e3o registrar antecedentes criminais;<\/li><li>ter aptid\u00e3o f\u00edsica e mental para o exerc\u00edcio das atribui\u00e7\u00f5es do cargo, comprovada em exame m\u00e9dico admissional;<\/li><li>n\u00e3o ter sofrido quando do exerc\u00edcio do emprego ou fun\u00e7\u00e3o p\u00fablicos, demiss\u00e3o a bem do servi\u00e7o p\u00fablico por justa causa ou possuir quaisquer penalidades, inclusive por meio de Processo Administrativo ou Disciplinar;<\/li><li>comprovar a condi\u00e7\u00e3o de jurado (por meio de entrega de certid\u00e3o);<\/li><li>estar ciente de que a C\u00e2mara Municipal de Suzano poder\u00e1, se julgar necess\u00e1rio, solicitar a entrega de outros documentos.<\/li><\/ul>\n\n\n\n<h2 class=\"wp-block-heading\" id=\"provas\"><span class=\"ez-toc-section\" id=\"Como_serao_as_provas_do_Concurso_Camara_de_Suzano-SP\"><\/span>Como ser\u00e3o as provas do Concurso C\u00e2mara de Suzano-SP?<span class=\"ez-toc-section-end\"><\/span><\/h2>\n\n\n\n<p>A avalia\u00e7\u00e3o dos candidatos se dar\u00e1 por provas objetivas, de car\u00e1ter eliminat\u00f3rio e classificat\u00f3rio, previstas para ocorrerem no dia <strong>09 de outubro de 2022<\/strong>, com dura\u00e7\u00e3o de 3 horas.<\/p>\n\n\n\n<p>Elas ser\u00e3o compostas por 40 quest\u00f5es para n\u00edvel fundamental e de 50 para superior, de m\u00faltipla escolha.  Ademais, as provas objetivas versar\u00e3o sobre as disciplinas de:<\/p>\n\n\n\n<ul><li><strong>Agente Parlamentar:<\/strong><ul><li>L\u00edngua Portuguesa &#8211; 15 quest\u00f5es<\/li><li>Matem\u00e1tica &#8211; 10 quest\u00f5es<\/li><li>No\u00e7\u00f5es de Inform\u00e1tica &#8211; 05 quest\u00f5es<\/li><li>Legisla\u00e7\u00e3o &#8211; 10 quest\u00f5es<\/li><\/ul><\/li><\/ul>\n\n\n\n<ul><li><strong>Auxiliar Administrativo:<\/strong><ul><li>L\u00edngua Portuguesa &#8211; 15 quest\u00f5es<\/li><li>Matem\u00e1tica &#8211; 10 quest\u00f5es<\/li><li>No\u00e7\u00f5es de Inform\u00e1tica &#8211; 05 quest\u00f5es<\/li><li>Conhecimentos Espec\u00edficos &#8211; 10 quest\u00f5es<\/li><\/ul><\/li><\/ul>\n\n\n\n<ul><li><strong>Analista de Compras:<\/strong><ul><li>L\u00edngua Portuguesa &#8211; 10 quest\u00f5es<\/li><li>Matem\u00e1tica &#8211; 10 quest\u00f5es<\/li><li>Legisla\u00e7\u00e3o &#8211; 05 quest\u00f5es<\/li><li>Conhecimentos Espec\u00edficos &#8211; 25 quest\u00f5es<\/li><\/ul><\/li><\/ul>\n\n\n\n<p><\/p>\n\n\n\n<p>Ademais, ser\u00e1 considerado <strong>habilitado<\/strong>, na prova objetiva, o candidato que obtiver nota igual ou superior a 50 pontos, bem como n\u00e3o zerar em nenhum dos componentes dessa prova.<\/p>\n\n\n\n<p>Por fim, o prazo de validade deste Concurso P\u00fablico ser\u00e1 de 2 anos, a contar da data da publica\u00e7\u00e3o da homologa\u00e7\u00e3o, prorrog\u00e1vel por uma \u00fanica vez e por igual per\u00edodo, a crit\u00e9rio da Administra\u00e7\u00e3o.<\/p>\n","protected":false},"excerpt":{"rendered":"<p>Foi divulgado o edital do Concurso C\u00e2mara de Suzano, no estado de S\u00e3o Paulo, que oferece 2 vagas imediatas, al\u00e9m de cadastro reserva, para candidatos de n\u00edveis fundamental e superior. Inscri\u00e7\u00f5es Cargos e vagas Requisitos Provas Inscri\u00e7\u00f5es do Concurso de Suzano &#8211; SP As inscri\u00e7\u00f5es dever\u00e3o ser realizadas por meio do site da organizadora, Funda\u00e7\u00e3o Vunesp, a partir das 10h do dia 20 de julho de 2022 at\u00e9 \u00e0s 23h59 do dia 25 de agosto de 2022. Ademais, para efetuar a inscri\u00e7\u00e3o \u00e9 necess\u00e1rio pagar uma taxa de participa\u00e7\u00e3o com valores que variam de R$ 54,90 a R$ 98,80; at\u00e9&#8230;<\/p>\n","protected":false},"author":7,"featured_media":27952,"template":"","meta":{"_acf_changed":false,"rank_math_lock_modified_date":false},"categories":[],"tags":[],"acf":[],"_links":{"self":[{"href":"https:\/\/www.editorasolucao.com.br\/blog\/wp-json\/wp\/v2\/concurso\/6942"}],"collection":[{"href":"https:\/\/www.editorasolucao.com.br\/blog\/wp-json\/wp\/v2\/concurso"}],"about":[{"href":"https:\/\/www.editorasolucao.com.br\/blog\/wp-json\/wp\/v2\/types\/concurso"}],"author":[{"embeddable":true,"href":"https:\/\/www.editorasolucao.com.br\/blog\/wp-json\/wp\/v2\/users\/7"}],"wp:featuredmedia":[{"embeddable":true,"href":"https:\/\/www.editorasolucao.com.br\/blog\/wp-json\/wp\/v2\/media\/27952"}],"wp:attachment":[{"href":"https:\/\/www.editorasolucao.com.br\/blog\/wp-json\/wp\/v2\/media?parent=6942"}],"wp:term":[{"taxonomy":"category","embeddable":true,"href":"https:\/\/www.editorasolucao.com.br\/blog\/wp-json\/wp\/v2\/categories?post=6942"},{"taxonomy":"post_tag","embeddable":true,"href":"https:\/\/www.editorasolucao.com.br\/blog\/wp-json\/wp\/v2\/tags?post=6942"}],"curies":[{"name":"wp","href":"https:\/\/api.w.org\/{rel}","templated":true}]}}

Concurso Câmara de Suzano-SP: Saiu o edital! Fundamental e superior!

<p>Foi divulgado o edital do Concurso Câmara de Suzano, no estado de <a href="https://www.editorasolucao.com.br/blog/concursos-abertos-sp">São Paulo</a>, que oferece <strong>2 vagas</strong> <strong>imediatas</strong>, além de cadastro reserva, para candidatos de níveis <strong>fundamental e superior</strong>.</p>



<ul><li><a href="#inscriçoes-baurusp">Inscrições</a></li><li><a href="#cargos">Cargos e vagas</a><ul><li><a href="#requisitos">Requisitos</a></li></ul></li><li><a href="#provas">Provas</a></li></ul>



<div id="ez-toc-container" class="ez-toc-v2_0_69_1 counter-hierarchy ez-toc-counter ez-toc-grey ez-toc-container-direction">
<div class="ez-toc-title-container">
<p class="ez-toc-title " >Menu de navega&ccedil;&atilde;o</p>
<span class="ez-toc-title-toggle"><a href="#" class="ez-toc-pull-right ez-toc-btn ez-toc-btn-xs ez-toc-btn-default ez-toc-toggle" aria-label="Toggle Table of Content"><span class="ez-toc-js-icon-con"><span class=""><span class="eztoc-hide" style="display:none;">Toggle</span><span class="ez-toc-icon-toggle-span"><svg style="fill: #999;color:#999" xmlns="http://www.w3.org/2000/svg" class="list-377408" width="20px" height="20px" viewBox="0 0 24 24" fill="none"><path d="M6 6H4v2h2V6zm14 0H8v2h12V6zM4 11h2v2H4v-2zm16 0H8v2h12v-2zM4 16h2v2H4v-2zm16 0H8v2h12v-2z" fill="currentColor"></path></svg><svg style="fill: #999;color:#999" class="arrow-unsorted-368013" xmlns="http://www.w3.org/2000/svg" width="10px" height="10px" viewBox="0 0 24 24" version="1.2" baseProfile="tiny"><path d="M18.2 9.3l-6.2-6.3-6.2 6.3c-.2.2-.3.4-.3.7s.1.5.3.7c.2.2.4.3.7.3h11c.3 0 .5-.1.7-.3.2-.2.3-.5.3-.7s-.1-.5-.3-.7zM5.8 14.7l6.2 6.3 6.2-6.3c.2-.2.3-.5.3-.7s-.1-.5-.3-.7c-.2-.2-.4-.3-.7-.3h-11c-.3 0-.5.1-.7.3-.2.2-.3.5-.3.7s.1.5.3.7z"/></svg></span></span></span></a></span></div>
<nav><ul class='ez-toc-list ez-toc-list-level-1 ' ><li class='ez-toc-page-1 ez-toc-heading-level-2'><a class="ez-toc-link ez-toc-heading-1" href="https://www.editorasolucao.com.br/blog/concurso/camara-de-suzano-sp/#Inscricoes_do_Concurso_de_Suzano_%E2%80%93_SP" title="Inscrições do Concurso de Suzano &#8211; SP">Inscrições do Concurso de Suzano &#8211; SP</a></li><li class='ez-toc-page-1 ez-toc-heading-level-2'><a class="ez-toc-link ez-toc-heading-2" href="https://www.editorasolucao.com.br/blog/concurso/camara-de-suzano-sp/#Cargos_vagas_e_salarios_do_Concurso_Camara_de_Suzano-SP" title="Cargos, vagas e salários do Concurso Câmara de Suzano-SP">Cargos, vagas e salários do Concurso Câmara de Suzano-SP</a></li><li class='ez-toc-page-1 ez-toc-heading-level-2'><a class="ez-toc-link ez-toc-heading-3" href="https://www.editorasolucao.com.br/blog/concurso/camara-de-suzano-sp/#Como_serao_as_provas_do_Concurso_Camara_de_Suzano-SP" title="Como serão as provas do Concurso Câmara de Suzano-SP?">Como serão as provas do Concurso Câmara de Suzano-SP?</a></li></ul></nav></div>
<h2 class="wp-block-heading" id="inscriçoes"><span class="ez-toc-section" id="Inscricoes_do_Concurso_de_Suzano_%E2%80%93_SP"></span>Inscrições do Concurso de Suzano &#8211; SP<span class="ez-toc-section-end"></span></h2>



<p>As inscrições deverão ser realizadas por meio do site da organizadora, <a href="https://www.vunesp.com.br/CMSZ2201" target="_blank" rel="noreferrer noopener">Fundação Vunesp</a>, a partir das 10h do dia <strong>20 de julho de 2022 até às 23h59 do dia 25 de agosto de 2022</strong>. </p>



<p>Ademais, para efetuar a inscrição é necessário pagar uma taxa de participação com valores que variam de <strong>R$ 54,90 a R$ 98,80</strong>; até o dia 26 de agosto.</p>



<p>Os candidatos que se encaixarem nos requisitos estabelecidos no edital poderão solicitar a<strong> isenção da taxa</strong> entre os dias <strong>20 e 22 de julho de 2022</strong>.</p>



<h2 class="wp-block-heading" id="cargos"><span class="ez-toc-section" id="Cargos_vagas_e_salarios_do_Concurso_Camara_de_Suzano-SP"></span>Cargos, vagas e salários do Concurso Câmara de Suzano-SP<span class="ez-toc-section-end"></span></h2>



<p>O concurso Suzano, <a href="https://www.editorasolucao.com.br/blog/concursos-previstos-sp">São Paulo</a>, está ofertando <strong>02 vagas para candidatos de níveis fundamental e médio</strong> de escolaridade distribuídas entre os seguintes cargos:</p>



<ul><li><strong>Nível fundamental:</strong><ul><li>Agente Parlamentar (CR);</li><li><a href="https://www.editorasolucao.com.br/apostila-solucao/camara-suzano-sp-auxiliar-administrativo">Auxiliar Administrativo</a> (01).</li></ul></li><li><strong>Nível superior:</strong><ul><li>Analista de Compras (01).</li></ul></li></ul>



<p>Vale ressaltar que para ingressar no cargo de Analista o candidato deverá ser graduado em uma das seguintes áreas: Administração, Contabilidade, Engenharia ou Economia.</p>



<p>A remuneração inicial varia, dependendo do cargo escolhido, sendo de <strong>R$ 2.012,70 a R$ 6.604,48</strong> para jornada de trabalho que compreende 40 horas semanais.</p>



<h3 class="wp-block-heading" id="requisitos">Requisitos básicos para a investidura nos cargos do Concurso Câmara de Suzano-SP</h3>



<p>Saiba quais são as exigências para que o candidato tome posse dos cargos ofertados:</p>



<ul><li>ser brasileiro, nato ou naturalizado, ou gozar das prerrogativas previstas no art. 12 da Constituição Federal e demais disposições de lei, no caso de estrangeiros;</li><li>ter, no mínimo, 18 anos de idade;</li><li>quando do sexo masculino, estar em dia com as obrigações militares;</li><li>ser eleitor e estar quite com a Justiça Eleitoral;</li><li>estar com o CPF regularizado;</li><li>possuir todos os requisitos exigidos e entregar documentação comprobatória no ato da convocação para o exercício das atribuições do respectivo cargo determinados neste Edital;</li><li>não registrar antecedentes criminais;</li><li>ter aptidão física e mental para o exercício das atribuições do cargo, comprovada em exame médico admissional;</li><li>não ter sofrido quando do exercício do emprego ou função públicos, demissão a bem do serviço público por justa causa ou possuir quaisquer penalidades, inclusive por meio de Processo Administrativo ou Disciplinar;</li><li>comprovar a condição de jurado (por meio de entrega de certidão);</li><li>estar ciente de que a Câmara Municipal de Suzano poderá, se julgar necessário, solicitar a entrega de outros documentos.</li></ul>



<h2 class="wp-block-heading" id="provas"><span class="ez-toc-section" id="Como_serao_as_provas_do_Concurso_Camara_de_Suzano-SP"></span>Como serão as provas do Concurso Câmara de Suzano-SP?<span class="ez-toc-section-end"></span></h2>



<p>A avaliação dos candidatos se dará por provas objetivas, de caráter eliminatório e classificatório, previstas para ocorrerem no dia <strong>09 de outubro de 2022</strong>, com duração de 3 horas.</p>



<p>Elas serão compostas por 40 questões para nível fundamental e de 50 para superior, de múltipla escolha.  Ademais, as provas objetivas versarão sobre as disciplinas de:</p>



<ul><li><strong>Agente Parlamentar:</strong><ul><li>Língua Portuguesa &#8211; 15 questões</li><li>Matemática &#8211; 10 questões</li><li>Noções de Informática &#8211; 05 questões</li><li>Legislação &#8211; 10 questões</li></ul></li></ul>



<ul><li><strong>Auxiliar Administrativo:</strong><ul><li>Língua Portuguesa &#8211; 15 questões</li><li>Matemática &#8211; 10 questões</li><li>Noções de Informática &#8211; 05 questões</li><li>Conhecimentos Específicos &#8211; 10 questões</li></ul></li></ul>



<ul><li><strong>Analista de Compras:</strong><ul><li>Língua Portuguesa &#8211; 10 questões</li><li>Matemática &#8211; 10 questões</li><li>Legislação &#8211; 05 questões</li><li>Conhecimentos Específicos &#8211; 25 questões</li></ul></li></ul>



<p></p>



<p>Ademais, será considerado <strong>habilitado</strong>, na prova objetiva, o candidato que obtiver nota igual ou superior a 50 pontos, bem como não zerar em nenhum dos componentes dessa prova.</p>



<p>Por fim, o prazo de validade deste Concurso Público será de 2 anos, a contar da data da publicação da homologação, prorrogável por uma única vez e por igual período, a critério da Administração.</p>

<p>Foi divulgado o edital do Concurso Câmara de Suzano, no estado de São Paulo, que oferece 2 vagas imediatas, além de cadastro reserva, para candidatos de níveis fundamental e superior. Inscrições Cargos e vagas Requisitos Provas Inscrições do Concurso de Suzano &#8211; SP As inscrições deverão ser realizadas por meio do site da organizadora, Fundação Vunesp, a partir das 10h do dia 20 de julho de 2022 até às 23h59 do dia 25 de agosto de 2022. Ademais, para efetuar a inscrição é necessário pagar uma taxa de participação com valores que variam de R$ 54,90 a R$ 98,80; até&#8230;</p>
