{"id":1063,"date":"2025-11-06T12:50:31","date_gmt":"2025-11-06T15:50:31","guid":{"rendered":"https:\/\/www.editorasolucao.com.br\/blog\/?page_id=1063"},"modified":"2025-11-06T12:53:55","modified_gmt":"2025-11-06T15:53:55","slug":"concursos-previstos-df","status":"publish","type":"page","link":"https:\/\/www.editorasolucao.com.br\/blog\/concursos-previstos-df","title":{"rendered":"Concursos Previstos Distrito Federal 2026"},"content":{"rendered":"\n<p><strong>Grandes oportunidades est\u00e3o a caminho! <\/strong>Se voc\u00ea busca estabilidade, bons sal\u00e1rios e uma carreira s\u00f3lida no servi\u00e7o p\u00fablico, este \u00e9 o momento ideal para come\u00e7ar a se preparar. O Distrito Federal tem diversos concursos p\u00fablicos previstos para os pr\u00f3ximos meses, com vagas para todos os n\u00edveis de escolaridade.<\/p>\n\n\n\n<p>N\u00e3o espere o edital ser publicado para iniciar os estudos. Quem se antecipa, sai na frente da concorr\u00eancia!<\/p>\n\n\n\n<p>Confira a seguir os Concursos Previstos Distrito Federal 2026!<\/p>\n","protected":false},"excerpt":{"rendered":"<p>Grandes oportunidades est\u00e3o a caminho! Se voc\u00ea busca estabilidade, bons sal\u00e1rios e uma carreira s\u00f3lida no servi\u00e7o p\u00fablico, este \u00e9 o momento ideal para come\u00e7ar a se preparar. O Distrito Federal tem diversos concursos p\u00fablicos previstos para os pr\u00f3ximos meses, com vagas para todos os n\u00edveis de escolaridade. N\u00e3o espere o edital ser publicado para iniciar os estudos. Quem se antecipa, sai na frente da concorr\u00eancia! Confira a seguir os Concursos Previstos Distrito Federal 2026!<\/p>\n","protected":false},"author":26,"featured_media":47194,"parent":0,"menu_order":0,"comment_status":"closed","ping_status":"closed","template":"page-lista-concursos-por-estado.php","meta":{"_acf_changed":false,"rank_math_lock_modified_date":false,"footnotes":""},"acf":[],"_links":{"self":[{"href":"https:\/\/www.editorasolucao.com.br\/blog\/wp-json\/wp\/v2\/pages\/1063"}],"collection":[{"href":"https:\/\/www.editorasolucao.com.br\/blog\/wp-json\/wp\/v2\/pages"}],"about":[{"href":"https:\/\/www.editorasolucao.com.br\/blog\/wp-json\/wp\/v2\/types\/page"}],"author":[{"embeddable":true,"href":"https:\/\/www.editorasolucao.com.br\/blog\/wp-json\/wp\/v2\/users\/26"}],"replies":[{"embeddable":true,"href":"https:\/\/www.editorasolucao.com.br\/blog\/wp-json\/wp\/v2\/comments?post=1063"}],"version-history":[{"count":11,"href":"https:\/\/www.editorasolucao.com.br\/blog\/wp-json\/wp\/v2\/pages\/1063\/revisions"}],"predecessor-version":[{"id":49258,"href":"https:\/\/www.editorasolucao.com.br\/blog\/wp-json\/wp\/v2\/pages\/1063\/revisions\/49258"}],"wp:featuredmedia":[{"embeddable":true,"href":"https:\/\/www.editorasolucao.com.br\/blog\/wp-json\/wp\/v2\/media\/47194"}],"wp:attachment":[{"href":"https:\/\/www.editorasolucao.com.br\/blog\/wp-json\/wp\/v2\/media?parent=1063"}],"curies":[{"name":"wp","href":"https:\/\/api.w.org\/{rel}","templated":true}]}}