{"id":1097,"date":"2025-11-06T12:21:03","date_gmt":"2025-11-06T15:21:03","guid":{"rendered":"https:\/\/www.editorasolucao.com.br\/blog\/?page_id=1097"},"modified":"2025-11-06T12:23:39","modified_gmt":"2025-11-06T15:23:39","slug":"concursos-previstos-ma","status":"publish","type":"page","link":"https:\/\/www.editorasolucao.com.br\/blog\/concursos-previstos-ma","title":{"rendered":"Concursos Previstos Maranh\u00e3o 2026"},"content":{"rendered":"\n<p><span style=\"font-size: inherit; color: initial;\"><strong>Prepare-se para as pr\u00f3ximas oportunidades!<\/strong> <\/span>Diversas sele\u00e7\u00f5es est\u00e3o previstas para os pr\u00f3ximos meses, oferecendo a chance de conquistar a t\u00e3o desejada estabilidade profissional.<\/p>\n\n\n\n<p>Seja qual for o seu n\u00edvel de escolaridade \u2014 fundamental, m\u00e9dio, t\u00e9cnico ou superior \u2014 h\u00e1 oportunidades esperando por voc\u00ea em diferentes \u00e1reas e \u00f3rg\u00e3os.<\/p>\n\n\n\n<p>Confira a seguir os Concursos Previstos Maranh\u00e3o 2026!<\/p>\n","protected":false},"excerpt":{"rendered":"<p>Prepare-se para as pr\u00f3ximas oportunidades! Diversas sele\u00e7\u00f5es est\u00e3o previstas para os pr\u00f3ximos meses, oferecendo a chance de conquistar a t\u00e3o desejada estabilidade profissional. Seja qual for o seu n\u00edvel de escolaridade \u2014 fundamental, m\u00e9dio, t\u00e9cnico ou superior \u2014 h\u00e1 oportunidades esperando por voc\u00ea em diferentes \u00e1reas e \u00f3rg\u00e3os. Confira a seguir os Concursos Previstos Maranh\u00e3o 2026!<\/p>\n","protected":false},"author":26,"featured_media":47194,"parent":0,"menu_order":0,"comment_status":"closed","ping_status":"closed","template":"page-lista-concursos-por-estado.php","meta":{"_acf_changed":false,"rank_math_lock_modified_date":false,"footnotes":""},"acf":[],"_links":{"self":[{"href":"https:\/\/www.editorasolucao.com.br\/blog\/wp-json\/wp\/v2\/pages\/1097"}],"collection":[{"href":"https:\/\/www.editorasolucao.com.br\/blog\/wp-json\/wp\/v2\/pages"}],"about":[{"href":"https:\/\/www.editorasolucao.com.br\/blog\/wp-json\/wp\/v2\/types\/page"}],"author":[{"embeddable":true,"href":"https:\/\/www.editorasolucao.com.br\/blog\/wp-json\/wp\/v2\/users\/26"}],"replies":[{"embeddable":true,"href":"https:\/\/www.editorasolucao.com.br\/blog\/wp-json\/wp\/v2\/comments?post=1097"}],"version-history":[{"count":9,"href":"https:\/\/www.editorasolucao.com.br\/blog\/wp-json\/wp\/v2\/pages\/1097\/revisions"}],"predecessor-version":[{"id":49250,"href":"https:\/\/www.editorasolucao.com.br\/blog\/wp-json\/wp\/v2\/pages\/1097\/revisions\/49250"}],"wp:featuredmedia":[{"embeddable":true,"href":"https:\/\/www.editorasolucao.com.br\/blog\/wp-json\/wp\/v2\/media\/47194"}],"wp:attachment":[{"href":"https:\/\/www.editorasolucao.com.br\/blog\/wp-json\/wp\/v2\/media?parent=1097"}],"curies":[{"name":"wp","href":"https:\/\/api.w.org\/{rel}","templated":true}]}}