{"id":1189,"date":"2026-01-16T12:59:07","date_gmt":"2026-01-16T15:59:07","guid":{"rendered":"https:\/\/www.editorasolucao.com.br\/blog\/?page_id=1189"},"modified":"2026-01-16T12:59:08","modified_gmt":"2026-01-16T15:59:08","slug":"concursos-previstos-nacional","status":"publish","type":"page","link":"https:\/\/www.editorasolucao.com.br\/blog\/concursos-previstos-nacional","title":{"rendered":"Concursos Previstos Nacional 2026"},"content":{"rendered":"\n<p><strong>O ano mal come\u00e7ou e j\u00e1 existem muitos Concursos Previstos Nacional 2026! <\/strong>Ser concurseiro \u00e9 abra\u00e7ar uma jornada que exige disciplina, esfor\u00e7o cont\u00ednuo, persist\u00eancia e muita resili\u00eancia. Essas s\u00e3o qualidades indispens\u00e1veis para quem sonha com altos sal\u00e1rios, estabilidade profissional e seguran\u00e7a financeira.<\/p>\n\n\n\n<p>O grande segredo para a APROVA\u00c7\u00c3O est\u00e1 em se antecipar: acompanhar os concursos previstos e come\u00e7ar a estudar antes mesmo da publica\u00e7\u00e3o do edital. Quanto mais cedo voc\u00ea iniciar sua prepara\u00e7\u00e3o, maior ser\u00e1 sua vantagem sobre a concorr\u00eancia.<\/p>\n\n\n\n<p>A grande novidade \u00e9 que o Or\u00e7amento Federal de 2026 (LOA 2026) trouxe a previs\u00e3o de\u00a0<strong>mais de 163 mil vagas<\/strong>\u00a0em \u00f3rg\u00e3os p\u00fablicos de todo o pa\u00eds. As oportunidades se estendem por todos os poderes, Executivo, Judici\u00e1rio e Legislativo, al\u00e9m de institui\u00e7\u00f5es como o MPU e a DPU.<\/p>\n\n\n\n<h2 class=\"wp-block-heading\">Distribui\u00e7\u00e3o das vagas previstas no Or\u00e7amento 2026<\/h2>\n\n\n\n<p>A LOA 2026 prev\u00ea tanto o provimento de cargos j\u00e1 existentes quanto a cria\u00e7\u00e3o de novos postos, impulsionando a expectativa de novos concursos em todo o pa\u00eds.<\/p>\n\n\n\n<p>Inicialmente, a proposta estimava <strong>89.058 oportunidades<\/strong>, mas o texto aprovado ampliou o n\u00famero para <strong>163.802 vagas<\/strong>, consolidando 2026 como um dos anos mais promissores para quem busca ingresso no servi\u00e7o p\u00fablico.<\/p>\n\n\n\n<p>Confira como as vagas previstas est\u00e3o distribu\u00eddas:<\/p>\n\n\n\n<ul>\n<li>Poder Executivo: 155.381 (79.872 para provimento e 75.509 para cria\u00e7\u00e3o)<\/li>\n\n\n\n<li>Poder Judici\u00e1rio: 6.983 (4.418 para provimento e 2.565 para cria\u00e7\u00e3o)<\/li>\n\n\n\n<li>Poder Legislativo: 271 (todas para provimento)<\/li>\n\n\n\n<li>Defensoria P\u00fablica da Uni\u00e3o (DPU): 810 (210 para provimento e 600 para cria\u00e7\u00e3o)<\/li>\n\n\n\n<li>Minist\u00e9rio P\u00fablico da Uni\u00e3o (MPU): 357 (todas para provimento)<\/li>\n<\/ul>\n\n\n\n<p><\/p>\n\n\n\n<p>Muitas dessas vagas j\u00e1 come\u00e7aram a se transformar em editais, e outras est\u00e3o em fase de autoriza\u00e7\u00e3o ou escolha de banca.<\/p>\n\n\n\n<p>Fique por dentro das oportunidades que est\u00e3o por vir e saia na frente! Confira agora os Concursos Previstos Nacional 2026:<\/p>\n\n\n\n<p><\/p>\n","protected":false},"excerpt":{"rendered":"<p>O ano mal come\u00e7ou e j\u00e1 existem muitos Concursos Previstos Nacional 2026! Ser concurseiro \u00e9 abra\u00e7ar uma jornada que exige disciplina, esfor\u00e7o cont\u00ednuo, persist\u00eancia e muita resili\u00eancia. Essas s\u00e3o qualidades indispens\u00e1veis para quem sonha com altos sal\u00e1rios, estabilidade profissional e seguran\u00e7a financeira. O grande segredo para a APROVA\u00c7\u00c3O est\u00e1 em se antecipar: acompanhar os concursos previstos e come\u00e7ar a estudar antes mesmo da publica\u00e7\u00e3o do edital. Quanto mais cedo voc\u00ea iniciar sua prepara\u00e7\u00e3o, maior ser\u00e1 sua vantagem sobre a concorr\u00eancia. A grande novidade \u00e9 que o Or\u00e7amento Federal de 2026 (LOA 2026) trouxe a previs\u00e3o de\u00a0mais de 163 mil vagas\u00a0em&#8230;<\/p>\n","protected":false},"author":26,"featured_media":47194,"parent":0,"menu_order":0,"comment_status":"closed","ping_status":"closed","template":"page-lista-concursos-por-estado.php","meta":{"_acf_changed":false,"rank_math_lock_modified_date":false,"footnotes":""},"acf":[],"_links":{"self":[{"href":"https:\/\/www.editorasolucao.com.br\/blog\/wp-json\/wp\/v2\/pages\/1189"}],"collection":[{"href":"https:\/\/www.editorasolucao.com.br\/blog\/wp-json\/wp\/v2\/pages"}],"about":[{"href":"https:\/\/www.editorasolucao.com.br\/blog\/wp-json\/wp\/v2\/types\/page"}],"author":[{"embeddable":true,"href":"https:\/\/www.editorasolucao.com.br\/blog\/wp-json\/wp\/v2\/users\/26"}],"replies":[{"embeddable":true,"href":"https:\/\/www.editorasolucao.com.br\/blog\/wp-json\/wp\/v2\/comments?post=1189"}],"version-history":[{"count":8,"href":"https:\/\/www.editorasolucao.com.br\/blog\/wp-json\/wp\/v2\/pages\/1189\/revisions"}],"predecessor-version":[{"id":50736,"href":"https:\/\/www.editorasolucao.com.br\/blog\/wp-json\/wp\/v2\/pages\/1189\/revisions\/50736"}],"wp:featuredmedia":[{"embeddable":true,"href":"https:\/\/www.editorasolucao.com.br\/blog\/wp-json\/wp\/v2\/media\/47194"}],"wp:attachment":[{"href":"https:\/\/www.editorasolucao.com.br\/blog\/wp-json\/wp\/v2\/media?parent=1189"}],"curies":[{"name":"wp","href":"https:\/\/api.w.org\/{rel}","templated":true}]}}