{"id":846,"date":"2024-08-12T08:00:00","date_gmt":"2024-08-12T11:00:00","guid":{"rendered":"https:\/\/www.editorasolucao.com.br\/blogteste\/?page_id=846"},"modified":"2024-08-12T13:44:31","modified_gmt":"2024-08-12T16:44:31","slug":"concursos-abertos-ap","status":"publish","type":"page","link":"https:\/\/www.editorasolucao.com.br\/blog\/concursos-abertos-ap","title":{"rendered":"Concursos Abertos Amap\u00e1 2024"},"content":{"rendered":"\n<p>Oportunidades imperd\u00edveis est\u00e3o esperando por voc\u00ea! Com milhares de vagas abertas para todos os n\u00edveis de escolaridade e sal\u00e1rios atraentes, \u00e9 o momento ideal para garantir uma vida est\u00e1vel. Explore as op\u00e7\u00f5es dispon\u00edveis e d\u00ea o pr\u00f3ximo passo na sua carreira. Confira os concursos abertos Amap\u00e1 2024!<\/p>\n","protected":false},"excerpt":{"rendered":"<p>Oportunidades imperd\u00edveis est\u00e3o esperando por voc\u00ea! Com milhares de vagas abertas para todos os n\u00edveis de escolaridade e sal\u00e1rios atraentes, \u00e9 o momento ideal para garantir uma vida est\u00e1vel. Explore as op\u00e7\u00f5es dispon\u00edveis e d\u00ea o pr\u00f3ximo passo na sua carreira. Confira os concursos abertos Amap\u00e1 2024!<\/p>\n","protected":false},"author":7,"featured_media":43780,"parent":0,"menu_order":0,"comment_status":"closed","ping_status":"closed","template":"page-lista-concursos-por-estado.php","meta":{"_acf_changed":false,"rank_math_lock_modified_date":false,"footnotes":""},"acf":[],"_links":{"self":[{"href":"https:\/\/www.editorasolucao.com.br\/blog\/wp-json\/wp\/v2\/pages\/846"}],"collection":[{"href":"https:\/\/www.editorasolucao.com.br\/blog\/wp-json\/wp\/v2\/pages"}],"about":[{"href":"https:\/\/www.editorasolucao.com.br\/blog\/wp-json\/wp\/v2\/types\/page"}],"author":[{"embeddable":true,"href":"https:\/\/www.editorasolucao.com.br\/blog\/wp-json\/wp\/v2\/users\/7"}],"replies":[{"embeddable":true,"href":"https:\/\/www.editorasolucao.com.br\/blog\/wp-json\/wp\/v2\/comments?post=846"}],"version-history":[{"count":6,"href":"https:\/\/www.editorasolucao.com.br\/blog\/wp-json\/wp\/v2\/pages\/846\/revisions"}],"predecessor-version":[{"id":43786,"href":"https:\/\/www.editorasolucao.com.br\/blog\/wp-json\/wp\/v2\/pages\/846\/revisions\/43786"}],"wp:featuredmedia":[{"embeddable":true,"href":"https:\/\/www.editorasolucao.com.br\/blog\/wp-json\/wp\/v2\/media\/43780"}],"wp:attachment":[{"href":"https:\/\/www.editorasolucao.com.br\/blog\/wp-json\/wp\/v2\/media?parent=846"}],"curies":[{"name":"wp","href":"https:\/\/api.w.org\/{rel}","templated":true}]}}