{"id":874,"date":"2025-11-06T11:39:13","date_gmt":"2025-11-06T14:39:13","guid":{"rendered":"https:\/\/www.editorasolucao.com.br\/blogteste\/?page_id=874"},"modified":"2025-11-06T11:39:52","modified_gmt":"2025-11-06T14:39:52","slug":"concursos-abertos-rn","status":"publish","type":"page","link":"https:\/\/www.editorasolucao.com.br\/blog\/concursos-abertos-rn","title":{"rendered":"Concursos Abertos Rio Grande do Norte 2026"},"content":{"rendered":"\n<p><strong>Oportunidades imperd\u00edveis est\u00e3o esperando por voc\u00ea!<\/strong> Com milhares de vagas abertas para todos os n\u00edveis de escolaridade e sal\u00e1rios atraentes, \u00e9 o momento ideal para garantir uma vida est\u00e1vel. <\/p>\n\n\n\n<p>As oportunidades abrangem diferentes \u00e1reas, como seguran\u00e7a, sa\u00fade, educa\u00e7\u00e3o, administra\u00e7\u00e3o p\u00fablica, al\u00e9m de sele\u00e7\u00f5es em prefeituras e c\u00e2maras municipais, com sal\u00e1rios atrativos e \u00f3timos benef\u00edcios.<\/p>\n\n\n\n<p>N\u00e3o deixe essa oportunidade passar! Explore as vagas dispon\u00edveis e inicie sua jornada rumo \u00e0 aprova\u00e7\u00e3o. Confira agora os Concursos Abertos Rio Grande do Norte 2026!<\/p>\n","protected":false},"excerpt":{"rendered":"<p>Oportunidades imperd\u00edveis est\u00e3o esperando por voc\u00ea! Com milhares de vagas abertas para todos os n\u00edveis de escolaridade e sal\u00e1rios atraentes, \u00e9 o momento ideal para garantir uma vida est\u00e1vel. As oportunidades abrangem diferentes \u00e1reas, como seguran\u00e7a, sa\u00fade, educa\u00e7\u00e3o, administra\u00e7\u00e3o p\u00fablica, al\u00e9m de sele\u00e7\u00f5es em prefeituras e c\u00e2maras municipais, com sal\u00e1rios atrativos e \u00f3timos benef\u00edcios. N\u00e3o deixe essa oportunidade passar! Explore as vagas dispon\u00edveis e inicie sua jornada rumo \u00e0 aprova\u00e7\u00e3o. Confira agora os Concursos Abertos Rio Grande do Norte 2026!<\/p>\n","protected":false},"author":26,"featured_media":47156,"parent":0,"menu_order":0,"comment_status":"closed","ping_status":"closed","template":"page-lista-concursos-por-estado.php","meta":{"_acf_changed":false,"rank_math_lock_modified_date":false,"footnotes":""},"acf":[],"_links":{"self":[{"href":"https:\/\/www.editorasolucao.com.br\/blog\/wp-json\/wp\/v2\/pages\/874"}],"collection":[{"href":"https:\/\/www.editorasolucao.com.br\/blog\/wp-json\/wp\/v2\/pages"}],"about":[{"href":"https:\/\/www.editorasolucao.com.br\/blog\/wp-json\/wp\/v2\/types\/page"}],"author":[{"embeddable":true,"href":"https:\/\/www.editorasolucao.com.br\/blog\/wp-json\/wp\/v2\/users\/26"}],"replies":[{"embeddable":true,"href":"https:\/\/www.editorasolucao.com.br\/blog\/wp-json\/wp\/v2\/comments?post=874"}],"version-history":[{"count":8,"href":"https:\/\/www.editorasolucao.com.br\/blog\/wp-json\/wp\/v2\/pages\/874\/revisions"}],"predecessor-version":[{"id":49209,"href":"https:\/\/www.editorasolucao.com.br\/blog\/wp-json\/wp\/v2\/pages\/874\/revisions\/49209"}],"wp:featuredmedia":[{"embeddable":true,"href":"https:\/\/www.editorasolucao.com.br\/blog\/wp-json\/wp\/v2\/media\/47156"}],"wp:attachment":[{"href":"https:\/\/www.editorasolucao.com.br\/blog\/wp-json\/wp\/v2\/media?parent=874"}],"curies":[{"name":"wp","href":"https:\/\/api.w.org\/{rel}","templated":true}]}}