{"id":880,"date":"2025-11-06T11:57:19","date_gmt":"2025-11-06T14:57:19","guid":{"rendered":"https:\/\/www.editorasolucao.com.br\/blogteste\/?page_id=880"},"modified":"2025-11-06T12:02:52","modified_gmt":"2025-11-06T15:02:52","slug":"concursos-abertos-rr","status":"publish","type":"page","link":"https:\/\/www.editorasolucao.com.br\/blog\/concursos-abertos-rr","title":{"rendered":"Concursos Abertos Roraima 2026"},"content":{"rendered":"\n<p><strong>Oportunidades imperd\u00edveis est\u00e3o esperando por voc\u00ea! <\/strong>Com milhares de vagas abertas para todos os n\u00edveis de escolaridade, o estado oferece oportunidades que est\u00e3o distribu\u00eddas em diversas \u00e1reas, como sa\u00fade, seguran\u00e7a, educa\u00e7\u00e3o, administra\u00e7\u00e3o e \u00f3rg\u00e3os municipais, com remunera\u00e7\u00f5es atrativas e benef\u00edcios que fazem a diferen\u00e7a.<\/p>\n\n\n\n<p>N\u00e3o perca tempo! Explore todas as vagas dispon\u00edveis e comece sua prepara\u00e7\u00e3o. Confira agora os Concursos Abertos Roraima 2026!<\/p>\n","protected":false},"excerpt":{"rendered":"<p>Oportunidades imperd\u00edveis est\u00e3o esperando por voc\u00ea! Com milhares de vagas abertas para todos os n\u00edveis de escolaridade, o estado oferece oportunidades que est\u00e3o distribu\u00eddas em diversas \u00e1reas, como sa\u00fade, seguran\u00e7a, educa\u00e7\u00e3o, administra\u00e7\u00e3o e \u00f3rg\u00e3os municipais, com remunera\u00e7\u00f5es atrativas e benef\u00edcios que fazem a diferen\u00e7a. N\u00e3o perca tempo! Explore todas as vagas dispon\u00edveis e comece sua prepara\u00e7\u00e3o. Confira agora os Concursos Abertos Roraima 2026!<\/p>\n","protected":false},"author":26,"featured_media":47156,"parent":0,"menu_order":0,"comment_status":"closed","ping_status":"closed","template":"page-lista-concursos-por-estado.php","meta":{"_acf_changed":false,"rank_math_lock_modified_date":false,"footnotes":""},"acf":[],"_links":{"self":[{"href":"https:\/\/www.editorasolucao.com.br\/blog\/wp-json\/wp\/v2\/pages\/880"}],"collection":[{"href":"https:\/\/www.editorasolucao.com.br\/blog\/wp-json\/wp\/v2\/pages"}],"about":[{"href":"https:\/\/www.editorasolucao.com.br\/blog\/wp-json\/wp\/v2\/types\/page"}],"author":[{"embeddable":true,"href":"https:\/\/www.editorasolucao.com.br\/blog\/wp-json\/wp\/v2\/users\/26"}],"replies":[{"embeddable":true,"href":"https:\/\/www.editorasolucao.com.br\/blog\/wp-json\/wp\/v2\/comments?post=880"}],"version-history":[{"count":5,"href":"https:\/\/www.editorasolucao.com.br\/blog\/wp-json\/wp\/v2\/pages\/880\/revisions"}],"predecessor-version":[{"id":49230,"href":"https:\/\/www.editorasolucao.com.br\/blog\/wp-json\/wp\/v2\/pages\/880\/revisions\/49230"}],"wp:featuredmedia":[{"embeddable":true,"href":"https:\/\/www.editorasolucao.com.br\/blog\/wp-json\/wp\/v2\/media\/47156"}],"wp:attachment":[{"href":"https:\/\/www.editorasolucao.com.br\/blog\/wp-json\/wp\/v2\/media?parent=880"}],"curies":[{"name":"wp","href":"https:\/\/api.w.org\/{rel}","templated":true}]}}